-- --------------------------------------------------------
-- Server OS:                    Win64
-- HeidiSQL Version:             11.2.0.6213
-- --------------------------------------------------------


-- Dumping structure for table compro-logistic-laravel.abouts
CREATE TABLE IF NOT EXISTS `abouts` (
  `id` bigint(20) unsigned NOT NULL AUTO_INCREMENT,
  `name` varchar(255) COLLATE utf8mb4_unicode_ci NOT NULL,
  `description` longtext COLLATE utf8mb4_unicode_ci,
  `cover` varchar(255) COLLATE utf8mb4_unicode_ci DEFAULT NULL,
  `legalitas` text COLLATE utf8mb4_unicode_ci,
  `created_at` timestamp NULL DEFAULT NULL,
  `updated_at` timestamp NULL DEFAULT NULL,
  PRIMARY KEY (`id`)
) ENGINE=InnoDB AUTO_INCREMENT=2 DEFAULT CHARSET=utf8mb4 COLLATE=utf8mb4_unicode_ci;

-- Dumping data for table compro-logistic-laravel.abouts: ~0 rows (approximately)
INSERT INTO `abouts` (`id`, `name`, `description`, `cover`, `legalitas`, `created_at`, `updated_at`) VALUES
	(1, 'Why Choose Us?', '<p>PT Aji Jaya Logistic is committed to providing reliable, efficient, and secure logistics services tailored to your business needs.</p><ul><li><strong>Reliable Transportation</strong><br> Trusted delivery services with a strong commitment to safety and punctuality.</li><li><strong>Professional Handling</strong><br> Every shipment is handled by experienced and trained logistics personnel.</li><li><strong>On-Time Delivery</strong><br> We ensure your goods arrive safely and on schedule.</li></ul>', 'about/01KEHXRMVNQCGRBHYQMDQV6SCH.png', 'about/01KEHXPKQ39X7H7EGRJVRAZCV0.pdf', '2026-01-09 00:03:57', '2026-01-10 00:45:33');

-- Dumping structure for table compro-logistic-laravel.blogs
CREATE TABLE IF NOT EXISTS `blogs` (
  `id` bigint(20) unsigned NOT NULL AUTO_INCREMENT,
  `category_id` json DEFAULT NULL,
  `name` varchar(255) COLLATE utf8mb4_unicode_ci NOT NULL,
  `slug` varchar(255) COLLATE utf8mb4_unicode_ci NOT NULL,
  `description` longtext COLLATE utf8mb4_unicode_ci,
  `cover` varchar(255) COLLATE utf8mb4_unicode_ci DEFAULT NULL,
  `image` json DEFAULT NULL,
  `created_at` timestamp NULL DEFAULT NULL,
  `updated_at` timestamp NULL DEFAULT NULL,
  PRIMARY KEY (`id`),
  UNIQUE KEY `blogs_slug_unique` (`slug`)
) ENGINE=InnoDB AUTO_INCREMENT=4 DEFAULT CHARSET=utf8mb4 COLLATE=utf8mb4_unicode_ci;

-- Dumping data for table compro-logistic-laravel.blogs: ~3 rows (approximately)
INSERT INTO `blogs` (`id`, `category_id`, `name`, `slug`, `description`, `cover`, `image`, `created_at`, `updated_at`) VALUES
	(1, '[1, 2, "4"]', 'Tips Pengiriman Barang Aman ', 'tips-pengiriman-barang-aman', 'Berikut beberapa tips penting agar pengiriman barang Anda tetap aman sampai tujuan.', 'blog/01KEM7YFCXQQ5WAA538FTSPD9A.jpg', '[{"judul": "Image", "galeri": "blog/01KEM7YFCZ49ZTDP5Y5YXMWV5H.jpg"}]', '2026-01-09 00:03:57', '2026-01-10 22:21:09');
INSERT INTO `blogs` (`id`, `category_id`, `name`, `slug`, `description`, `cover`, `image`, `created_at`, `updated_at`) VALUES
	(2, '["1"]', 'asdasd', 'asdasd', 'asd', 'blog/01KEM8X701YS9RS1QVXMBJXKDS.jpg', '[{"judul": "Image", "galeri": "blog/01KEM8X703VGY8QZNVBZ5BZYTM.jpg"}]', '2026-01-10 22:37:57', '2026-01-10 22:37:57');
INSERT INTO `blogs` (`id`, `category_id`, `name`, `slug`, `description`, `cover`, `image`, `created_at`, `updated_at`) VALUES
	(3, '["4"]', 'asaaaaa', 'asaaaaa', 'aa', 'blog/01KEM8Y1RFGTWDSQW95T63YWFE.jpg', '[{"judul": "Image", "galeri": "blog/01KEM8Y1RHBS00NQPCMD3T5774.jpg"}]', '2026-01-10 22:38:24', '2026-01-10 22:38:24');

-- Dumping structure for table compro-logistic-laravel.brochures
CREATE TABLE IF NOT EXISTS `brochures` (
  `id` bigint(20) unsigned NOT NULL AUTO_INCREMENT,
  `name` varchar(255) COLLATE utf8mb4_unicode_ci NOT NULL,
  `description` text COLLATE utf8mb4_unicode_ci,
  `file` varchar(255) COLLATE utf8mb4_unicode_ci NOT NULL,
  `is_active` tinyint(1) NOT NULL DEFAULT '1',
  `created_at` timestamp NULL DEFAULT NULL,
  `updated_at` timestamp NULL DEFAULT NULL,
  PRIMARY KEY (`id`)
) ENGINE=InnoDB AUTO_INCREMENT=3 DEFAULT CHARSET=utf8mb4 COLLATE=utf8mb4_unicode_ci;

-- Dumping data for table compro-logistic-laravel.brochures: ~0 rows (approximately)
INSERT INTO `brochures` (`id`, `name`, `description`, `file`, `is_active`, `created_at`, `updated_at`) VALUES
	(1, 'Company Profile 2025', 'Brosur resmi perusahaan logistik.', 'brochures/company-profile.pdf', 0, '2026-01-09 00:03:57', '2026-01-09 14:25:15');
INSERT INTO `brochures` (`id`, `name`, `description`, `file`, `is_active`, `created_at`, `updated_at`) VALUES
	(2, 'New brochure', 'asdasdasd', 'brochure/01KEGTABQ3M1VJYYDWJXMSNGFV.pdf', 1, '2026-01-09 14:25:15', '2026-01-09 14:25:15');

-- Dumping structure for table compro-logistic-laravel.category_blogs
CREATE TABLE IF NOT EXISTS `category_blogs` (
  `id` bigint(20) unsigned NOT NULL AUTO_INCREMENT,
  `name` varchar(255) COLLATE utf8mb4_unicode_ci NOT NULL,
  `created_at` timestamp NULL DEFAULT NULL,
  `updated_at` timestamp NULL DEFAULT NULL,
  PRIMARY KEY (`id`)
) ENGINE=InnoDB AUTO_INCREMENT=5 DEFAULT CHARSET=utf8mb4 COLLATE=utf8mb4_unicode_ci;

-- Dumping data for table compro-logistic-laravel.category_blogs: ~4 rows (approximately)
INSERT INTO `category_blogs` (`id`, `name`, `created_at`, `updated_at`) VALUES
	(1, 'Logistik', '2026-01-09 00:03:57', '2026-01-09 00:03:57');
INSERT INTO `category_blogs` (`id`, `name`, `created_at`, `updated_at`) VALUES
	(2, 'Pengiriman', '2026-01-09 00:03:57', '2026-01-09 00:03:57');
INSERT INTO `category_blogs` (`id`, `name`, `created_at`, `updated_at`) VALUES
	(3, 'Tips & Trik', '2026-01-09 00:03:57', '2026-01-09 00:03:57');
INSERT INTO `category_blogs` (`id`, `name`, `created_at`, `updated_at`) VALUES
	(4, 'Berita Perusahaan', '2026-01-09 00:03:57', '2026-01-09 00:03:57');

-- Dumping structure for table compro-logistic-laravel.comments
CREATE TABLE IF NOT EXISTS `comments` (
  `id` bigint(20) unsigned NOT NULL AUTO_INCREMENT,
  `blog_id` bigint(20) unsigned NOT NULL,
  `parent_id` bigint(20) unsigned DEFAULT NULL,
  `name` varchar(255) COLLATE utf8mb4_unicode_ci NOT NULL,
  `email` varchar(255) COLLATE utf8mb4_unicode_ci NOT NULL,
  `comment` text COLLATE utf8mb4_unicode_ci NOT NULL,
  `created_at` timestamp NULL DEFAULT NULL,
  `updated_at` timestamp NULL DEFAULT NULL,
  PRIMARY KEY (`id`),
  KEY `comments_blog_id_foreign` (`blog_id`),
  KEY `comments_parent_id_foreign` (`parent_id`),
  CONSTRAINT `comments_blog_id_foreign` FOREIGN KEY (`blog_id`) REFERENCES `blogs` (`id`) ON DELETE CASCADE,
  CONSTRAINT `comments_parent_id_foreign` FOREIGN KEY (`parent_id`) REFERENCES `comments` (`id`) ON DELETE CASCADE
) ENGINE=InnoDB AUTO_INCREMENT=4 DEFAULT CHARSET=utf8mb4 COLLATE=utf8mb4_unicode_ci;

-- Dumping data for table compro-logistic-laravel.comments: ~3 rows (approximately)
INSERT INTO `comments` (`id`, `blog_id`, `parent_id`, `name`, `email`, `comment`, `created_at`, `updated_at`) VALUES
	(1, 1, NULL, 'Budi', 'budi@example.com', 'Artikelnya sangat membantu, terima kasih!', '2026-01-09 00:03:57', '2026-01-09 00:03:57');
INSERT INTO `comments` (`id`, `blog_id`, `parent_id`, `name`, `email`, `comment`, `created_at`, `updated_at`) VALUES
	(2, 1, NULL, 'Siti', 'siti@example.com', 'Penjelasannya jelas dan mudah dipahami.', '2026-01-09 00:03:57', '2026-01-09 00:03:57');
INSERT INTO `comments` (`id`, `blog_id`, `parent_id`, `name`, `email`, `comment`, `created_at`, `updated_at`) VALUES
	(3, 1, 1, 'Admin - PT Aji Jaya Logistic', 'admin@logistic.test', 'terimakasih kak\n', '2026-01-09 14:08:29', '2026-01-09 14:08:29');

-- Dumping structure for table compro-logistic-laravel.contacts
CREATE TABLE IF NOT EXISTS `contacts` (
  `id` bigint(20) unsigned NOT NULL AUTO_INCREMENT,
  `name_company` varchar(255) COLLATE utf8mb4_unicode_ci NOT NULL,
  `phone` varchar(255) COLLATE utf8mb4_unicode_ci DEFAULT NULL,
  `email` varchar(255) COLLATE utf8mb4_unicode_ci DEFAULT NULL,
  `address` text COLLATE utf8mb4_unicode_ci,
  `maps_embed` text COLLATE utf8mb4_unicode_ci,
  `created_at` timestamp NULL DEFAULT NULL,
  `updated_at` timestamp NULL DEFAULT NULL,
  PRIMARY KEY (`id`)
) ENGINE=InnoDB AUTO_INCREMENT=2 DEFAULT CHARSET=utf8mb4 COLLATE=utf8mb4_unicode_ci;

-- Dumping data for table compro-logistic-laravel.contacts: ~0 rows (approximately)
INSERT INTO `contacts` (`id`, `name_company`, `phone`, `email`, `address`, `maps_embed`, `created_at`, `updated_at`) VALUES
	(1, 'PT Aji Jaya Logistic', '+62 812-3456-7890', 'info@logistic.test', 'Jl. Contoh Alamat No. 123, Jakarta, Indonesia', '<iframe src="https://www.google.com/maps/embed?pb=!1m18!1m12!1m3!1d3988.221865483419!2d103.5963466108476!3d-1.6208912360771728!2m3!1f0!2f0!3f0!3m2!1i1024!2i768!4f13.1!3m3!1m2!1s0x2e2589cdf3857519%3A0x21d88492cde62b90!2sJasa%20Pembuatan%20Website!5e0!3m2!1sid!2sid!4v1767976477168!5m2!1sid!2sid" width="600" height="450" style="border:0;" allowfullscreen="" loading="lazy" referrerpolicy="no-referrer-when-downgrade"></iframe>', '2026-01-09 00:03:57', '2026-01-09 23:34:57');

-- Dumping structure for table compro-logistic-laravel.estimates
CREATE TABLE IF NOT EXISTS `estimates` (
  `id` bigint(20) unsigned NOT NULL AUTO_INCREMENT,
  `name` varchar(255) COLLATE utf8mb4_unicode_ci NOT NULL,
  `email` varchar(255) COLLATE utf8mb4_unicode_ci DEFAULT NULL,
  `phone` varchar(255) COLLATE utf8mb4_unicode_ci NOT NULL,
  `type_product` varchar(255) COLLATE utf8mb4_unicode_ci DEFAULT NULL,
  `size_product` varchar(255) COLLATE utf8mb4_unicode_ci DEFAULT NULL,
  `departure` varchar(255) COLLATE utf8mb4_unicode_ci DEFAULT NULL,
  `deliv_city` varchar(255) COLLATE utf8mb4_unicode_ci DEFAULT NULL,
  `note` text COLLATE utf8mb4_unicode_ci,
  `sumber` varchar(255) COLLATE utf8mb4_unicode_ci DEFAULT NULL,
  `status_followup` enum('new','contacted','closing','canceled') COLLATE utf8mb4_unicode_ci NOT NULL DEFAULT 'new',
  `created_at` timestamp NULL DEFAULT NULL,
  `updated_at` timestamp NULL DEFAULT NULL,
  PRIMARY KEY (`id`)
) ENGINE=InnoDB AUTO_INCREMENT=10 DEFAULT CHARSET=utf8mb4 COLLATE=utf8mb4_unicode_ci;

-- Dumping data for table compro-logistic-laravel.estimates: ~8 rows (approximately)
INSERT INTO `estimates` (`id`, `name`, `email`, `phone`, `type_product`, `size_product`, `departure`, `deliv_city`, `note`, `sumber`, `status_followup`, `created_at`, `updated_at`) VALUES
	(1, 'Budi Santoso', 'budi@example.com', '081234567890', 'Elektronik', '50x40x30 cm', 'Jakarta', 'Surabaya', 'Mohon estimasi harga dan waktu pengiriman', 'Website', 'contacted', '2026-01-09 00:03:57', '2026-01-09 14:40:18');
INSERT INTO `estimates` (`id`, `name`, `email`, `phone`, `type_product`, `size_product`, `departure`, `deliv_city`, `note`, `sumber`, `status_followup`, `created_at`, `updated_at`) VALUES
	(2, 'Siti Rahma', NULL, '0821-8018-1958', 'Furniture', '1 Pallet', 'Bandung', 'Denpasar', 'Barang mudah pecah', 'WhatsApp', 'new', '2026-01-09 00:03:57', '2026-01-09 14:46:59');
INSERT INTO `estimates` (`id`, `name`, `email`, `phone`, `type_product`, `size_product`, `departure`, `deliv_city`, `note`, `sumber`, `status_followup`, `created_at`, `updated_at`) VALUES
	(3, 'muhammad lukman sarip', 'arieflukman557@gmail.com', '082180181958', 'xxx', 'xxx', 'jakarta', 'Jambi', 'xxxxx', 'Website', 'new', '2026-01-09 23:07:35', '2026-01-09 23:07:35');
INSERT INTO `estimates` (`id`, `name`, `email`, `phone`, `type_product`, `size_product`, `departure`, `deliv_city`, `note`, `sumber`, `status_followup`, `created_at`, `updated_at`) VALUES
	(4, 'muhammad lukman sarip', 'admin@admin.com', '082180181958', 'as', 'ad', 'sd', 'Jambi', 'sd', 'Website', 'new', '2026-01-09 23:08:24', '2026-01-09 23:08:24');
INSERT INTO `estimates` (`id`, `name`, `email`, `phone`, `type_product`, `size_product`, `departure`, `deliv_city`, `note`, `sumber`, `status_followup`, `created_at`, `updated_at`) VALUES
	(5, 'muhammad lukman sarip', 'admin@admin.com', '082180181958', 'asd', 'asd', 'asd', 'Jambi', 'asd', 'Website', 'new', '2026-01-09 23:13:48', '2026-01-09 23:13:48');
INSERT INTO `estimates` (`id`, `name`, `email`, `phone`, `type_product`, `size_product`, `departure`, `deliv_city`, `note`, `sumber`, `status_followup`, `created_at`, `updated_at`) VALUES
	(7, 'muhammad lukman sarip', 'admin@admin.com', 'xxx', 'asd', 'asd', 'asd', 'Jambi', 'asd', 'Website', 'new', '2026-01-09 23:18:16', '2026-01-09 23:18:16');
INSERT INTO `estimates` (`id`, `name`, `email`, `phone`, `type_product`, `size_product`, `departure`, `deliv_city`, `note`, `sumber`, `status_followup`, `created_at`, `updated_at`) VALUES
	(8, 'muhammad lukman sarip', 'admin@admin.com', '082180181958', 'asd', 'asd', 'asd', 'Jambi', 'sad', 'Website', 'new', '2026-01-09 23:19:17', '2026-01-09 23:19:17');
INSERT INTO `estimates` (`id`, `name`, `email`, `phone`, `type_product`, `size_product`, `departure`, `deliv_city`, `note`, `sumber`, `status_followup`, `created_at`, `updated_at`) VALUES
	(9, 'muhammad lukman sarip', 'arieflukman557@gmail.com', '082180181958', 'sad', 'asd', 'asd', 'Jambi', 'asd', 'Website', 'contacted', '2026-01-09 23:20:09', '2026-01-11 00:15:19');

-- Dumping structure for table compro-logistic-laravel.failed_jobs
CREATE TABLE IF NOT EXISTS `failed_jobs` (
  `id` bigint(20) unsigned NOT NULL AUTO_INCREMENT,
  `uuid` varchar(255) COLLATE utf8mb4_unicode_ci NOT NULL,
  `connection` text COLLATE utf8mb4_unicode_ci NOT NULL,
  `queue` text COLLATE utf8mb4_unicode_ci NOT NULL,
  `payload` longtext COLLATE utf8mb4_unicode_ci NOT NULL,
  `exception` longtext COLLATE utf8mb4_unicode_ci NOT NULL,
  `failed_at` timestamp NOT NULL DEFAULT CURRENT_TIMESTAMP,
  PRIMARY KEY (`id`),
  UNIQUE KEY `failed_jobs_uuid_unique` (`uuid`)
) ENGINE=InnoDB DEFAULT CHARSET=utf8mb4 COLLATE=utf8mb4_unicode_ci;

-- Dumping data for table compro-logistic-laravel.failed_jobs: ~0 rows (approximately)

-- Dumping structure for table compro-logistic-laravel.faqs
CREATE TABLE IF NOT EXISTS `faqs` (
  `id` bigint(20) unsigned NOT NULL AUTO_INCREMENT,
  `question` varchar(255) COLLATE utf8mb4_unicode_ci NOT NULL,
  `answer` text COLLATE utf8mb4_unicode_ci NOT NULL,
  `created_at` timestamp NULL DEFAULT NULL,
  `updated_at` timestamp NULL DEFAULT NULL,
  PRIMARY KEY (`id`)
) ENGINE=InnoDB AUTO_INCREMENT=4 DEFAULT CHARSET=utf8mb4 COLLATE=utf8mb4_unicode_ci;

-- Dumping data for table compro-logistic-laravel.faqs: ~3 rows (approximately)
INSERT INTO `faqs` (`id`, `question`, `answer`, `created_at`, `updated_at`) VALUES
	(1, 'Apa saja layanan yang tersedia?', 'Kami menyediakan layanan pengiriman darat, laut, dan udara ke seluruh Indonesia.', '2026-01-09 00:03:57', '2026-01-09 00:03:57');
INSERT INTO `faqs` (`id`, `question`, `answer`, `created_at`, `updated_at`) VALUES
	(2, 'Bagaimana cara melakukan pemesanan?', 'Anda dapat menghubungi kami melalui WhatsApp atau form kontak yang tersedia di website.', '2026-01-09 00:03:57', '2026-01-09 00:03:57');
INSERT INTO `faqs` (`id`, `question`, `answer`, `created_at`, `updated_at`) VALUES
	(3, 'Apakah barang saya diasuransikan?', 'Ya, kami menyediakan opsi asuransi untuk menjamin keamanan barang Anda.', '2026-01-09 00:03:57', '2026-01-09 00:03:57');

-- Dumping structure for table compro-logistic-laravel.galeris
CREATE TABLE IF NOT EXISTS `galeris` (
  `id` bigint(20) unsigned NOT NULL AUTO_INCREMENT,
  `name` varchar(255) COLLATE utf8mb4_unicode_ci NOT NULL,
  `image` varchar(255) COLLATE utf8mb4_unicode_ci NOT NULL,
  `created_at` timestamp NULL DEFAULT NULL,
  `updated_at` timestamp NULL DEFAULT NULL,
  PRIMARY KEY (`id`)
) ENGINE=InnoDB AUTO_INCREMENT=4 DEFAULT CHARSET=utf8mb4 COLLATE=utf8mb4_unicode_ci;

-- Dumping data for table compro-logistic-laravel.galeris: ~3 rows (approximately)
INSERT INTO `galeris` (`id`, `name`, `image`, `created_at`, `updated_at`) VALUES
	(1, 'Proses Pengiriman', 'galeri/01KEME1MVGFT6M79W1WDB196HG.png', '2026-01-09 00:03:57', '2026-01-09 00:03:57');
INSERT INTO `galeris` (`id`, `name`, `image`, `created_at`, `updated_at`) VALUES
	(2, 'Armada Truck', 'galeri/01KEME1MVGFT6M79W1WDB196HG.png', '2026-01-09 00:03:57', '2026-01-09 00:03:57');
INSERT INTO `galeris` (`id`, `name`, `image`, `created_at`, `updated_at`) VALUES
	(3, 'Gudang Logistik', 'galeri/01KEME1MVGFT6M79W1WDB196HG.png', '2026-01-09 00:03:57', '2026-01-11 00:07:45');

-- Dumping structure for table compro-logistic-laravel.gols
CREATE TABLE IF NOT EXISTS `gols` (
  `id` bigint(20) unsigned NOT NULL AUTO_INCREMENT,
  `name` varchar(255) COLLATE utf8mb4_unicode_ci NOT NULL,
  `value` varchar(255) COLLATE utf8mb4_unicode_ci NOT NULL,
  `created_at` timestamp NULL DEFAULT NULL,
  `updated_at` timestamp NULL DEFAULT NULL,
  PRIMARY KEY (`id`)
) ENGINE=InnoDB AUTO_INCREMENT=5 DEFAULT CHARSET=utf8mb4 COLLATE=utf8mb4_unicode_ci;

-- Dumping data for table compro-logistic-laravel.gols: ~4 rows (approximately)
INSERT INTO `gols` (`id`, `name`, `value`, `created_at`, `updated_at`) VALUES
	(1, 'Successful Deliveries', '42568', '2026-01-09 00:03:57', '2026-01-10 00:52:59');
INSERT INTO `gols` (`id`, `name`, `value`, `created_at`, `updated_at`) VALUES
	(2, 'Coverage Cities', '25', '2026-01-09 00:03:57', '2026-01-10 00:52:52');
INSERT INTO `gols` (`id`, `name`, `value`, `created_at`, `updated_at`) VALUES
	(3, 'Years Experience', '10', '2026-01-09 00:03:57', '2026-01-10 00:52:45');
INSERT INTO `gols` (`id`, `name`, `value`, `created_at`, `updated_at`) VALUES
	(4, 'Service Routes', '15', '2026-01-09 00:03:57', '2026-01-10 00:52:36');

-- Dumping structure for table compro-logistic-laravel.jobs
CREATE TABLE IF NOT EXISTS `jobs` (
  `id` bigint(20) unsigned NOT NULL AUTO_INCREMENT,
  `queue` varchar(255) COLLATE utf8mb4_unicode_ci NOT NULL,
  `payload` longtext COLLATE utf8mb4_unicode_ci NOT NULL,
  `attempts` tinyint(3) unsigned NOT NULL,
  `reserved_at` int(10) unsigned DEFAULT NULL,
  `available_at` int(10) unsigned NOT NULL,
  `created_at` int(10) unsigned NOT NULL,
  PRIMARY KEY (`id`),
  KEY `jobs_queue_index` (`queue`)
) ENGINE=InnoDB DEFAULT CHARSET=utf8mb4 COLLATE=utf8mb4_unicode_ci;

-- Dumping data for table compro-logistic-laravel.jobs: ~0 rows (approximately)

-- Dumping structure for table compro-logistic-laravel.job_batches
CREATE TABLE IF NOT EXISTS `job_batches` (
  `id` varchar(255) COLLATE utf8mb4_unicode_ci NOT NULL,
  `name` varchar(255) COLLATE utf8mb4_unicode_ci NOT NULL,
  `total_jobs` int(11) NOT NULL,
  `pending_jobs` int(11) NOT NULL,
  `failed_jobs` int(11) NOT NULL,
  `failed_job_ids` longtext COLLATE utf8mb4_unicode_ci NOT NULL,
  `options` mediumtext COLLATE utf8mb4_unicode_ci,
  `cancelled_at` int(11) DEFAULT NULL,
  `created_at` int(11) NOT NULL,
  `finished_at` int(11) DEFAULT NULL,
  PRIMARY KEY (`id`)
) ENGINE=InnoDB DEFAULT CHARSET=utf8mb4 COLLATE=utf8mb4_unicode_ci;

-- Dumping data for table compro-logistic-laravel.job_batches: ~0 rows (approximately)

-- Dumping structure for table compro-logistic-laravel.migrations
CREATE TABLE IF NOT EXISTS `migrations` (
  `id` int(10) unsigned NOT NULL AUTO_INCREMENT,
  `migration` varchar(255) COLLATE utf8mb4_unicode_ci NOT NULL,
  `batch` int(11) NOT NULL,
  PRIMARY KEY (`id`)
) ENGINE=InnoDB AUTO_INCREMENT=25 DEFAULT CHARSET=utf8mb4 COLLATE=utf8mb4_unicode_ci;

-- Dumping data for table compro-logistic-laravel.migrations: ~19 rows (approximately)
INSERT INTO `migrations` (`id`, `migration`, `batch`) VALUES
	(1, '0001_01_01_000000_create_users_table', 1);
INSERT INTO `migrations` (`id`, `migration`, `batch`) VALUES
	(2, '0001_01_01_000001_create_cache_table', 1);
INSERT INTO `migrations` (`id`, `migration`, `batch`) VALUES
	(3, '0001_01_01_000002_create_jobs_table', 1);
INSERT INTO `migrations` (`id`, `migration`, `batch`) VALUES
	(4, '2026_01_08_134036_create_setting_webs_table', 1);
INSERT INTO `migrations` (`id`, `migration`, `batch`) VALUES
	(5, '2026_01_08_134245_create_services_table', 1);
INSERT INTO `migrations` (`id`, `migration`, `batch`) VALUES
	(6, '2026_01_08_134529_create_selogans_table', 1);
INSERT INTO `migrations` (`id`, `migration`, `batch`) VALUES
	(7, '2026_01_08_134702_create_abouts_table', 1);
INSERT INTO `migrations` (`id`, `migration`, `batch`) VALUES
	(8, '2026_01_08_134804_create_gols_table', 1);
INSERT INTO `migrations` (`id`, `migration`, `batch`) VALUES
	(9, '2026_01_08_134902_create_galeris_table', 1);
INSERT INTO `migrations` (`id`, `migration`, `batch`) VALUES
	(10, '2026_01_08_143305_create_faqs_table', 1);
INSERT INTO `migrations` (`id`, `migration`, `batch`) VALUES
	(11, '2026_01_08_145117_create_brochures_table', 1);
INSERT INTO `migrations` (`id`, `migration`, `batch`) VALUES
	(12, '2026_01_08_155442_create_category_blogs_table', 1);
INSERT INTO `migrations` (`id`, `migration`, `batch`) VALUES
	(13, '2026_01_08_155848_create_blogs_table', 1);
INSERT INTO `migrations` (`id`, `migration`, `batch`) VALUES
	(14, '2026_01_08_160123_create_comments_table', 1);
INSERT INTO `migrations` (`id`, `migration`, `batch`) VALUES
	(15, '2026_01_08_160319_create_contacts_table', 1);
INSERT INTO `migrations` (`id`, `migration`, `batch`) VALUES
	(16, '2026_01_08_160520_create_sosial_media_table', 1);
INSERT INTO `migrations` (`id`, `migration`, `batch`) VALUES
	(17, '2026_01_08_160700_create_instagram_feeds_table', 1);
INSERT INTO `migrations` (`id`, `migration`, `batch`) VALUES
	(18, '2026_01_08_161354_create_estimates_table', 1);
INSERT INTO `migrations` (`id`, `migration`, `batch`) VALUES
	(19, '2026_01_09_000207_create_organizations_table', 1);
INSERT INTO `migrations` (`id`, `migration`, `batch`) VALUES
	(20, '2026_01_09_002514_create_permission_tables', 2);
INSERT INTO `migrations` (`id`, `migration`, `batch`) VALUES
	(21, '2026_01_09_002704_create_breezy_tables', 3);
INSERT INTO `migrations` (`id`, `migration`, `batch`) VALUES
	(22, '2026_01_09_140423_add_parent_id_to_comments_table', 4);
INSERT INTO `migrations` (`id`, `migration`, `batch`) VALUES
	(23, '2026_01_09_145711_create_web_visits_table', 5);
INSERT INTO `migrations` (`id`, `migration`, `batch`) VALUES
	(24, '2026_01_10_005549_add_quote_to_organizations_table', 6);

-- Dumping structure for table compro-logistic-laravel.model_has_permissions
CREATE TABLE IF NOT EXISTS `model_has_permissions` (
  `permission_id` bigint(20) unsigned NOT NULL,
  `model_type` varchar(255) COLLATE utf8mb4_unicode_ci NOT NULL,
  `model_id` bigint(20) unsigned NOT NULL,
  PRIMARY KEY (`permission_id`,`model_id`,`model_type`),
  KEY `model_has_permissions_model_id_model_type_index` (`model_id`,`model_type`),
  CONSTRAINT `model_has_permissions_permission_id_foreign` FOREIGN KEY (`permission_id`) REFERENCES `permissions` (`id`) ON DELETE CASCADE
) ENGINE=InnoDB DEFAULT CHARSET=utf8mb4 COLLATE=utf8mb4_unicode_ci;

-- Dumping data for table compro-logistic-laravel.model_has_permissions: ~0 rows (approximately)

-- Dumping structure for table compro-logistic-laravel.model_has_roles
CREATE TABLE IF NOT EXISTS `model_has_roles` (
  `role_id` bigint(20) unsigned NOT NULL,
  `model_type` varchar(255) COLLATE utf8mb4_unicode_ci NOT NULL,
  `model_id` bigint(20) unsigned NOT NULL,
  PRIMARY KEY (`role_id`,`model_id`,`model_type`),
  KEY `model_has_roles_model_id_model_type_index` (`model_id`,`model_type`),
  CONSTRAINT `model_has_roles_role_id_foreign` FOREIGN KEY (`role_id`) REFERENCES `roles` (`id`) ON DELETE CASCADE
) ENGINE=InnoDB DEFAULT CHARSET=utf8mb4 COLLATE=utf8mb4_unicode_ci;

-- Dumping data for table compro-logistic-laravel.model_has_roles: ~0 rows (approximately)
INSERT INTO `model_has_roles` (`role_id`, `model_type`, `model_id`) VALUES
	(1, 'App\\Models\\User', 1);

-- Dumping structure for table compro-logistic-laravel.organizations
CREATE TABLE IF NOT EXISTS `organizations` (
  `id` bigint(20) unsigned NOT NULL AUTO_INCREMENT,
  `name` varchar(255) COLLATE utf8mb4_unicode_ci NOT NULL,
  `department` varchar(255) COLLATE utf8mb4_unicode_ci NOT NULL,
  `quote` text COLLATE utf8mb4_unicode_ci,
  `image` varchar(255) COLLATE utf8mb4_unicode_ci DEFAULT NULL,
  `created_at` timestamp NULL DEFAULT NULL,
  `updated_at` timestamp NULL DEFAULT NULL,
  PRIMARY KEY (`id`)
) ENGINE=InnoDB AUTO_INCREMENT=4 DEFAULT CHARSET=utf8mb4 COLLATE=utf8mb4_unicode_ci;

-- Dumping data for table compro-logistic-laravel.organizations: ~3 rows (approximately)
INSERT INTO `organizations` (`id`, `name`, `department`, `quote`, `image`, `created_at`, `updated_at`) VALUES
	(1, 'Andi Pratama', 'Direktur Utama', '“We build PT Aji Jaya Logistic on trust, professionalism, and a strong commitment to service excellence.”', '01KEGNKWSQT5PAA3YNPNKA4B9B.jpeg', '2026-01-09 00:03:57', '2026-01-10 00:59:00');
INSERT INTO `organizations` (`id`, `name`, `department`, `quote`, `image`, `created_at`, `updated_at`) VALUES
	(2, 'Siti Rahmawati', 'Manager Operasional', '“Efficient and well-managed operations are the foundation of safe and on-time delivery.”', 'organization/01KEGNPEQT858SA6SAFX3R4SN3.jpeg', '2026-01-09 00:03:57', '2026-01-10 00:58:48');
INSERT INTO `organizations` (`id`, `name`, `department`, `quote`, `image`, `created_at`, `updated_at`) VALUES
	(3, 'Budi Santoso', 'Customer Service', '“Customer satisfaction is our top priority, because excellent service builds long-term trust.”', '01KEGNJYNTTZ2X6EPG8PVM90SK.jpg', '2026-01-09 00:03:57', '2026-01-10 00:58:40');

-- Dumping structure for table compro-logistic-laravel.permissions
CREATE TABLE IF NOT EXISTS `permissions` (
  `id` bigint(20) unsigned NOT NULL AUTO_INCREMENT,
  `name` varchar(255) COLLATE utf8mb4_unicode_ci NOT NULL,
  `guard_name` varchar(255) COLLATE utf8mb4_unicode_ci NOT NULL,
  `created_at` timestamp NULL DEFAULT NULL,
  `updated_at` timestamp NULL DEFAULT NULL,
  PRIMARY KEY (`id`),
  UNIQUE KEY `permissions_name_guard_name_unique` (`name`,`guard_name`)
) ENGINE=InnoDB AUTO_INCREMENT=212 DEFAULT CHARSET=utf8mb4 COLLATE=utf8mb4_unicode_ci;

-- Dumping data for table compro-logistic-laravel.permissions: ~211 rows (approximately)
INSERT INTO `permissions` (`id`, `name`, `guard_name`, `created_at`, `updated_at`) VALUES
	(1, 'view_role', 'web', '2026-01-09 00:25:28', '2026-01-09 00:25:28');
INSERT INTO `permissions` (`id`, `name`, `guard_name`, `created_at`, `updated_at`) VALUES
	(2, 'view_any_role', 'web', '2026-01-09 00:25:28', '2026-01-09 00:25:28');
INSERT INTO `permissions` (`id`, `name`, `guard_name`, `created_at`, `updated_at`) VALUES
	(3, 'create_role', 'web', '2026-01-09 00:25:28', '2026-01-09 00:25:28');
INSERT INTO `permissions` (`id`, `name`, `guard_name`, `created_at`, `updated_at`) VALUES
	(4, 'update_role', 'web', '2026-01-09 00:25:28', '2026-01-09 00:25:28');
INSERT INTO `permissions` (`id`, `name`, `guard_name`, `created_at`, `updated_at`) VALUES
	(5, 'delete_role', 'web', '2026-01-09 00:25:28', '2026-01-09 00:25:28');
INSERT INTO `permissions` (`id`, `name`, `guard_name`, `created_at`, `updated_at`) VALUES
	(6, 'delete_any_role', 'web', '2026-01-09 00:25:28', '2026-01-09 00:25:28');
INSERT INTO `permissions` (`id`, `name`, `guard_name`, `created_at`, `updated_at`) VALUES
	(7, 'view_about', 'web', '2026-01-09 00:36:58', '2026-01-09 00:36:58');
INSERT INTO `permissions` (`id`, `name`, `guard_name`, `created_at`, `updated_at`) VALUES
	(8, 'view_any_about', 'web', '2026-01-09 00:36:58', '2026-01-09 00:36:58');
INSERT INTO `permissions` (`id`, `name`, `guard_name`, `created_at`, `updated_at`) VALUES
	(9, 'create_about', 'web', '2026-01-09 00:36:58', '2026-01-09 00:36:58');
INSERT INTO `permissions` (`id`, `name`, `guard_name`, `created_at`, `updated_at`) VALUES
	(10, 'update_about', 'web', '2026-01-09 00:36:58', '2026-01-09 00:36:58');
INSERT INTO `permissions` (`id`, `name`, `guard_name`, `created_at`, `updated_at`) VALUES
	(11, 'restore_about', 'web', '2026-01-09 00:36:58', '2026-01-09 00:36:58');
INSERT INTO `permissions` (`id`, `name`, `guard_name`, `created_at`, `updated_at`) VALUES
	(12, 'restore_any_about', 'web', '2026-01-09 00:36:58', '2026-01-09 00:36:58');
INSERT INTO `permissions` (`id`, `name`, `guard_name`, `created_at`, `updated_at`) VALUES
	(13, 'replicate_about', 'web', '2026-01-09 00:36:58', '2026-01-09 00:36:58');
INSERT INTO `permissions` (`id`, `name`, `guard_name`, `created_at`, `updated_at`) VALUES
	(14, 'reorder_about', 'web', '2026-01-09 00:36:58', '2026-01-09 00:36:58');
INSERT INTO `permissions` (`id`, `name`, `guard_name`, `created_at`, `updated_at`) VALUES
	(15, 'delete_about', 'web', '2026-01-09 00:36:58', '2026-01-09 00:36:58');
INSERT INTO `permissions` (`id`, `name`, `guard_name`, `created_at`, `updated_at`) VALUES
	(16, 'delete_any_about', 'web', '2026-01-09 00:36:58', '2026-01-09 00:36:58');
INSERT INTO `permissions` (`id`, `name`, `guard_name`, `created_at`, `updated_at`) VALUES
	(17, 'force_delete_about', 'web', '2026-01-09 00:36:58', '2026-01-09 00:36:58');
INSERT INTO `permissions` (`id`, `name`, `guard_name`, `created_at`, `updated_at`) VALUES
	(18, 'force_delete_any_about', 'web', '2026-01-09 00:36:58', '2026-01-09 00:36:58');
INSERT INTO `permissions` (`id`, `name`, `guard_name`, `created_at`, `updated_at`) VALUES
	(19, 'view_blog', 'web', '2026-01-09 00:36:58', '2026-01-09 00:36:58');
INSERT INTO `permissions` (`id`, `name`, `guard_name`, `created_at`, `updated_at`) VALUES
	(20, 'view_any_blog', 'web', '2026-01-09 00:36:58', '2026-01-09 00:36:58');
INSERT INTO `permissions` (`id`, `name`, `guard_name`, `created_at`, `updated_at`) VALUES
	(21, 'create_blog', 'web', '2026-01-09 00:36:58', '2026-01-09 00:36:58');
INSERT INTO `permissions` (`id`, `name`, `guard_name`, `created_at`, `updated_at`) VALUES
	(22, 'update_blog', 'web', '2026-01-09 00:36:58', '2026-01-09 00:36:58');
INSERT INTO `permissions` (`id`, `name`, `guard_name`, `created_at`, `updated_at`) VALUES
	(23, 'restore_blog', 'web', '2026-01-09 00:36:58', '2026-01-09 00:36:58');
INSERT INTO `permissions` (`id`, `name`, `guard_name`, `created_at`, `updated_at`) VALUES
	(24, 'restore_any_blog', 'web', '2026-01-09 00:36:58', '2026-01-09 00:36:58');
INSERT INTO `permissions` (`id`, `name`, `guard_name`, `created_at`, `updated_at`) VALUES
	(25, 'replicate_blog', 'web', '2026-01-09 00:36:58', '2026-01-09 00:36:58');
INSERT INTO `permissions` (`id`, `name`, `guard_name`, `created_at`, `updated_at`) VALUES
	(26, 'reorder_blog', 'web', '2026-01-09 00:36:58', '2026-01-09 00:36:58');
INSERT INTO `permissions` (`id`, `name`, `guard_name`, `created_at`, `updated_at`) VALUES
	(27, 'delete_blog', 'web', '2026-01-09 00:36:58', '2026-01-09 00:36:58');
INSERT INTO `permissions` (`id`, `name`, `guard_name`, `created_at`, `updated_at`) VALUES
	(28, 'delete_any_blog', 'web', '2026-01-09 00:36:58', '2026-01-09 00:36:58');
INSERT INTO `permissions` (`id`, `name`, `guard_name`, `created_at`, `updated_at`) VALUES
	(29, 'force_delete_blog', 'web', '2026-01-09 00:36:58', '2026-01-09 00:36:58');
INSERT INTO `permissions` (`id`, `name`, `guard_name`, `created_at`, `updated_at`) VALUES
	(30, 'force_delete_any_blog', 'web', '2026-01-09 00:36:58', '2026-01-09 00:36:58');
INSERT INTO `permissions` (`id`, `name`, `guard_name`, `created_at`, `updated_at`) VALUES
	(31, 'view_brochure', 'web', '2026-01-09 00:36:58', '2026-01-09 00:36:58');
INSERT INTO `permissions` (`id`, `name`, `guard_name`, `created_at`, `updated_at`) VALUES
	(32, 'view_any_brochure', 'web', '2026-01-09 00:36:58', '2026-01-09 00:36:58');
INSERT INTO `permissions` (`id`, `name`, `guard_name`, `created_at`, `updated_at`) VALUES
	(33, 'create_brochure', 'web', '2026-01-09 00:36:58', '2026-01-09 00:36:58');
INSERT INTO `permissions` (`id`, `name`, `guard_name`, `created_at`, `updated_at`) VALUES
	(34, 'update_brochure', 'web', '2026-01-09 00:36:58', '2026-01-09 00:36:58');
INSERT INTO `permissions` (`id`, `name`, `guard_name`, `created_at`, `updated_at`) VALUES
	(35, 'restore_brochure', 'web', '2026-01-09 00:36:58', '2026-01-09 00:36:58');
INSERT INTO `permissions` (`id`, `name`, `guard_name`, `created_at`, `updated_at`) VALUES
	(36, 'restore_any_brochure', 'web', '2026-01-09 00:36:58', '2026-01-09 00:36:58');
INSERT INTO `permissions` (`id`, `name`, `guard_name`, `created_at`, `updated_at`) VALUES
	(37, 'replicate_brochure', 'web', '2026-01-09 00:36:58', '2026-01-09 00:36:58');
INSERT INTO `permissions` (`id`, `name`, `guard_name`, `created_at`, `updated_at`) VALUES
	(38, 'reorder_brochure', 'web', '2026-01-09 00:36:58', '2026-01-09 00:36:58');
INSERT INTO `permissions` (`id`, `name`, `guard_name`, `created_at`, `updated_at`) VALUES
	(39, 'delete_brochure', 'web', '2026-01-09 00:36:58', '2026-01-09 00:36:58');
INSERT INTO `permissions` (`id`, `name`, `guard_name`, `created_at`, `updated_at`) VALUES
	(40, 'delete_any_brochure', 'web', '2026-01-09 00:36:58', '2026-01-09 00:36:58');
INSERT INTO `permissions` (`id`, `name`, `guard_name`, `created_at`, `updated_at`) VALUES
	(41, 'force_delete_brochure', 'web', '2026-01-09 00:36:58', '2026-01-09 00:36:58');
INSERT INTO `permissions` (`id`, `name`, `guard_name`, `created_at`, `updated_at`) VALUES
	(42, 'force_delete_any_brochure', 'web', '2026-01-09 00:36:58', '2026-01-09 00:36:58');
INSERT INTO `permissions` (`id`, `name`, `guard_name`, `created_at`, `updated_at`) VALUES
	(43, 'view_category::blog', 'web', '2026-01-09 00:36:58', '2026-01-09 00:36:58');
INSERT INTO `permissions` (`id`, `name`, `guard_name`, `created_at`, `updated_at`) VALUES
	(44, 'view_any_category::blog', 'web', '2026-01-09 00:36:58', '2026-01-09 00:36:58');
INSERT INTO `permissions` (`id`, `name`, `guard_name`, `created_at`, `updated_at`) VALUES
	(45, 'create_category::blog', 'web', '2026-01-09 00:36:58', '2026-01-09 00:36:58');
INSERT INTO `permissions` (`id`, `name`, `guard_name`, `created_at`, `updated_at`) VALUES
	(46, 'update_category::blog', 'web', '2026-01-09 00:36:58', '2026-01-09 00:36:58');
INSERT INTO `permissions` (`id`, `name`, `guard_name`, `created_at`, `updated_at`) VALUES
	(47, 'restore_category::blog', 'web', '2026-01-09 00:36:58', '2026-01-09 00:36:58');
INSERT INTO `permissions` (`id`, `name`, `guard_name`, `created_at`, `updated_at`) VALUES
	(48, 'restore_any_category::blog', 'web', '2026-01-09 00:36:58', '2026-01-09 00:36:58');
INSERT INTO `permissions` (`id`, `name`, `guard_name`, `created_at`, `updated_at`) VALUES
	(49, 'replicate_category::blog', 'web', '2026-01-09 00:36:58', '2026-01-09 00:36:58');
INSERT INTO `permissions` (`id`, `name`, `guard_name`, `created_at`, `updated_at`) VALUES
	(50, 'reorder_category::blog', 'web', '2026-01-09 00:36:58', '2026-01-09 00:36:58');
INSERT INTO `permissions` (`id`, `name`, `guard_name`, `created_at`, `updated_at`) VALUES
	(51, 'delete_category::blog', 'web', '2026-01-09 00:36:58', '2026-01-09 00:36:58');
INSERT INTO `permissions` (`id`, `name`, `guard_name`, `created_at`, `updated_at`) VALUES
	(52, 'delete_any_category::blog', 'web', '2026-01-09 00:36:58', '2026-01-09 00:36:58');
INSERT INTO `permissions` (`id`, `name`, `guard_name`, `created_at`, `updated_at`) VALUES
	(53, 'force_delete_category::blog', 'web', '2026-01-09 00:36:58', '2026-01-09 00:36:58');
INSERT INTO `permissions` (`id`, `name`, `guard_name`, `created_at`, `updated_at`) VALUES
	(54, 'force_delete_any_category::blog', 'web', '2026-01-09 00:36:58', '2026-01-09 00:36:58');
INSERT INTO `permissions` (`id`, `name`, `guard_name`, `created_at`, `updated_at`) VALUES
	(55, 'view_comment', 'web', '2026-01-09 00:36:58', '2026-01-09 00:36:58');
INSERT INTO `permissions` (`id`, `name`, `guard_name`, `created_at`, `updated_at`) VALUES
	(56, 'view_any_comment', 'web', '2026-01-09 00:36:58', '2026-01-09 00:36:58');
INSERT INTO `permissions` (`id`, `name`, `guard_name`, `created_at`, `updated_at`) VALUES
	(57, 'create_comment', 'web', '2026-01-09 00:36:58', '2026-01-09 00:36:58');
INSERT INTO `permissions` (`id`, `name`, `guard_name`, `created_at`, `updated_at`) VALUES
	(58, 'update_comment', 'web', '2026-01-09 00:36:58', '2026-01-09 00:36:58');
INSERT INTO `permissions` (`id`, `name`, `guard_name`, `created_at`, `updated_at`) VALUES
	(59, 'restore_comment', 'web', '2026-01-09 00:36:58', '2026-01-09 00:36:58');
INSERT INTO `permissions` (`id`, `name`, `guard_name`, `created_at`, `updated_at`) VALUES
	(60, 'restore_any_comment', 'web', '2026-01-09 00:36:58', '2026-01-09 00:36:58');
INSERT INTO `permissions` (`id`, `name`, `guard_name`, `created_at`, `updated_at`) VALUES
	(61, 'replicate_comment', 'web', '2026-01-09 00:36:58', '2026-01-09 00:36:58');
INSERT INTO `permissions` (`id`, `name`, `guard_name`, `created_at`, `updated_at`) VALUES
	(62, 'reorder_comment', 'web', '2026-01-09 00:36:58', '2026-01-09 00:36:58');
INSERT INTO `permissions` (`id`, `name`, `guard_name`, `created_at`, `updated_at`) VALUES
	(63, 'delete_comment', 'web', '2026-01-09 00:36:58', '2026-01-09 00:36:58');
INSERT INTO `permissions` (`id`, `name`, `guard_name`, `created_at`, `updated_at`) VALUES
	(64, 'delete_any_comment', 'web', '2026-01-09 00:36:58', '2026-01-09 00:36:58');
INSERT INTO `permissions` (`id`, `name`, `guard_name`, `created_at`, `updated_at`) VALUES
	(65, 'force_delete_comment', 'web', '2026-01-09 00:36:58', '2026-01-09 00:36:58');
INSERT INTO `permissions` (`id`, `name`, `guard_name`, `created_at`, `updated_at`) VALUES
	(66, 'force_delete_any_comment', 'web', '2026-01-09 00:36:58', '2026-01-09 00:36:58');
INSERT INTO `permissions` (`id`, `name`, `guard_name`, `created_at`, `updated_at`) VALUES
	(67, 'view_contact', 'web', '2026-01-09 00:36:58', '2026-01-09 00:36:58');
INSERT INTO `permissions` (`id`, `name`, `guard_name`, `created_at`, `updated_at`) VALUES
	(68, 'view_any_contact', 'web', '2026-01-09 00:36:58', '2026-01-09 00:36:58');
INSERT INTO `permissions` (`id`, `name`, `guard_name`, `created_at`, `updated_at`) VALUES
	(69, 'create_contact', 'web', '2026-01-09 00:36:58', '2026-01-09 00:36:58');
INSERT INTO `permissions` (`id`, `name`, `guard_name`, `created_at`, `updated_at`) VALUES
	(70, 'update_contact', 'web', '2026-01-09 00:36:58', '2026-01-09 00:36:58');
INSERT INTO `permissions` (`id`, `name`, `guard_name`, `created_at`, `updated_at`) VALUES
	(71, 'restore_contact', 'web', '2026-01-09 00:36:58', '2026-01-09 00:36:58');
INSERT INTO `permissions` (`id`, `name`, `guard_name`, `created_at`, `updated_at`) VALUES
	(72, 'restore_any_contact', 'web', '2026-01-09 00:36:58', '2026-01-09 00:36:58');
INSERT INTO `permissions` (`id`, `name`, `guard_name`, `created_at`, `updated_at`) VALUES
	(73, 'replicate_contact', 'web', '2026-01-09 00:36:58', '2026-01-09 00:36:58');
INSERT INTO `permissions` (`id`, `name`, `guard_name`, `created_at`, `updated_at`) VALUES
	(74, 'reorder_contact', 'web', '2026-01-09 00:36:58', '2026-01-09 00:36:58');
INSERT INTO `permissions` (`id`, `name`, `guard_name`, `created_at`, `updated_at`) VALUES
	(75, 'delete_contact', 'web', '2026-01-09 00:36:58', '2026-01-09 00:36:58');
INSERT INTO `permissions` (`id`, `name`, `guard_name`, `created_at`, `updated_at`) VALUES
	(76, 'delete_any_contact', 'web', '2026-01-09 00:36:58', '2026-01-09 00:36:58');
INSERT INTO `permissions` (`id`, `name`, `guard_name`, `created_at`, `updated_at`) VALUES
	(77, 'force_delete_contact', 'web', '2026-01-09 00:36:58', '2026-01-09 00:36:58');
INSERT INTO `permissions` (`id`, `name`, `guard_name`, `created_at`, `updated_at`) VALUES
	(78, 'force_delete_any_contact', 'web', '2026-01-09 00:36:58', '2026-01-09 00:36:58');
INSERT INTO `permissions` (`id`, `name`, `guard_name`, `created_at`, `updated_at`) VALUES
	(79, 'view_estimate', 'web', '2026-01-09 00:36:58', '2026-01-09 00:36:58');
INSERT INTO `permissions` (`id`, `name`, `guard_name`, `created_at`, `updated_at`) VALUES
	(80, 'view_any_estimate', 'web', '2026-01-09 00:36:58', '2026-01-09 00:36:58');
INSERT INTO `permissions` (`id`, `name`, `guard_name`, `created_at`, `updated_at`) VALUES
	(81, 'create_estimate', 'web', '2026-01-09 00:36:58', '2026-01-09 00:36:58');
INSERT INTO `permissions` (`id`, `name`, `guard_name`, `created_at`, `updated_at`) VALUES
	(82, 'update_estimate', 'web', '2026-01-09 00:36:58', '2026-01-09 00:36:58');
INSERT INTO `permissions` (`id`, `name`, `guard_name`, `created_at`, `updated_at`) VALUES
	(83, 'restore_estimate', 'web', '2026-01-09 00:36:58', '2026-01-09 00:36:58');
INSERT INTO `permissions` (`id`, `name`, `guard_name`, `created_at`, `updated_at`) VALUES
	(84, 'restore_any_estimate', 'web', '2026-01-09 00:36:58', '2026-01-09 00:36:58');
INSERT INTO `permissions` (`id`, `name`, `guard_name`, `created_at`, `updated_at`) VALUES
	(85, 'replicate_estimate', 'web', '2026-01-09 00:36:58', '2026-01-09 00:36:58');
INSERT INTO `permissions` (`id`, `name`, `guard_name`, `created_at`, `updated_at`) VALUES
	(86, 'reorder_estimate', 'web', '2026-01-09 00:36:58', '2026-01-09 00:36:58');
INSERT INTO `permissions` (`id`, `name`, `guard_name`, `created_at`, `updated_at`) VALUES
	(87, 'delete_estimate', 'web', '2026-01-09 00:36:58', '2026-01-09 00:36:58');
INSERT INTO `permissions` (`id`, `name`, `guard_name`, `created_at`, `updated_at`) VALUES
	(88, 'delete_any_estimate', 'web', '2026-01-09 00:36:58', '2026-01-09 00:36:58');
INSERT INTO `permissions` (`id`, `name`, `guard_name`, `created_at`, `updated_at`) VALUES
	(89, 'force_delete_estimate', 'web', '2026-01-09 00:36:58', '2026-01-09 00:36:58');
INSERT INTO `permissions` (`id`, `name`, `guard_name`, `created_at`, `updated_at`) VALUES
	(90, 'force_delete_any_estimate', 'web', '2026-01-09 00:36:58', '2026-01-09 00:36:58');
INSERT INTO `permissions` (`id`, `name`, `guard_name`, `created_at`, `updated_at`) VALUES
	(91, 'view_faq', 'web', '2026-01-09 00:36:58', '2026-01-09 00:36:58');
INSERT INTO `permissions` (`id`, `name`, `guard_name`, `created_at`, `updated_at`) VALUES
	(92, 'view_any_faq', 'web', '2026-01-09 00:36:58', '2026-01-09 00:36:58');
INSERT INTO `permissions` (`id`, `name`, `guard_name`, `created_at`, `updated_at`) VALUES
	(93, 'create_faq', 'web', '2026-01-09 00:36:58', '2026-01-09 00:36:58');
INSERT INTO `permissions` (`id`, `name`, `guard_name`, `created_at`, `updated_at`) VALUES
	(94, 'update_faq', 'web', '2026-01-09 00:36:58', '2026-01-09 00:36:58');
INSERT INTO `permissions` (`id`, `name`, `guard_name`, `created_at`, `updated_at`) VALUES
	(95, 'restore_faq', 'web', '2026-01-09 00:36:58', '2026-01-09 00:36:58');
INSERT INTO `permissions` (`id`, `name`, `guard_name`, `created_at`, `updated_at`) VALUES
	(96, 'restore_any_faq', 'web', '2026-01-09 00:36:58', '2026-01-09 00:36:58');
INSERT INTO `permissions` (`id`, `name`, `guard_name`, `created_at`, `updated_at`) VALUES
	(97, 'replicate_faq', 'web', '2026-01-09 00:36:58', '2026-01-09 00:36:58');
INSERT INTO `permissions` (`id`, `name`, `guard_name`, `created_at`, `updated_at`) VALUES
	(98, 'reorder_faq', 'web', '2026-01-09 00:36:58', '2026-01-09 00:36:58');
INSERT INTO `permissions` (`id`, `name`, `guard_name`, `created_at`, `updated_at`) VALUES
	(99, 'delete_faq', 'web', '2026-01-09 00:36:58', '2026-01-09 00:36:58');
INSERT INTO `permissions` (`id`, `name`, `guard_name`, `created_at`, `updated_at`) VALUES
	(100, 'delete_any_faq', 'web', '2026-01-09 00:36:58', '2026-01-09 00:36:58');
INSERT INTO `permissions` (`id`, `name`, `guard_name`, `created_at`, `updated_at`) VALUES
	(101, 'force_delete_faq', 'web', '2026-01-09 00:36:58', '2026-01-09 00:36:58');
INSERT INTO `permissions` (`id`, `name`, `guard_name`, `created_at`, `updated_at`) VALUES
	(102, 'force_delete_any_faq', 'web', '2026-01-09 00:36:58', '2026-01-09 00:36:58');
INSERT INTO `permissions` (`id`, `name`, `guard_name`, `created_at`, `updated_at`) VALUES
	(103, 'view_galeri', 'web', '2026-01-09 00:36:58', '2026-01-09 00:36:58');
INSERT INTO `permissions` (`id`, `name`, `guard_name`, `created_at`, `updated_at`) VALUES
	(104, 'view_any_galeri', 'web', '2026-01-09 00:36:58', '2026-01-09 00:36:58');
INSERT INTO `permissions` (`id`, `name`, `guard_name`, `created_at`, `updated_at`) VALUES
	(105, 'create_galeri', 'web', '2026-01-09 00:36:58', '2026-01-09 00:36:58');
INSERT INTO `permissions` (`id`, `name`, `guard_name`, `created_at`, `updated_at`) VALUES
	(106, 'update_galeri', 'web', '2026-01-09 00:36:58', '2026-01-09 00:36:58');
INSERT INTO `permissions` (`id`, `name`, `guard_name`, `created_at`, `updated_at`) VALUES
	(107, 'restore_galeri', 'web', '2026-01-09 00:36:58', '2026-01-09 00:36:58');
INSERT INTO `permissions` (`id`, `name`, `guard_name`, `created_at`, `updated_at`) VALUES
	(108, 'restore_any_galeri', 'web', '2026-01-09 00:36:58', '2026-01-09 00:36:58');
INSERT INTO `permissions` (`id`, `name`, `guard_name`, `created_at`, `updated_at`) VALUES
	(109, 'replicate_galeri', 'web', '2026-01-09 00:36:58', '2026-01-09 00:36:58');
INSERT INTO `permissions` (`id`, `name`, `guard_name`, `created_at`, `updated_at`) VALUES
	(110, 'reorder_galeri', 'web', '2026-01-09 00:36:58', '2026-01-09 00:36:58');
INSERT INTO `permissions` (`id`, `name`, `guard_name`, `created_at`, `updated_at`) VALUES
	(111, 'delete_galeri', 'web', '2026-01-09 00:36:58', '2026-01-09 00:36:58');
INSERT INTO `permissions` (`id`, `name`, `guard_name`, `created_at`, `updated_at`) VALUES
	(112, 'delete_any_galeri', 'web', '2026-01-09 00:36:58', '2026-01-09 00:36:58');
INSERT INTO `permissions` (`id`, `name`, `guard_name`, `created_at`, `updated_at`) VALUES
	(113, 'force_delete_galeri', 'web', '2026-01-09 00:36:58', '2026-01-09 00:36:58');
INSERT INTO `permissions` (`id`, `name`, `guard_name`, `created_at`, `updated_at`) VALUES
	(114, 'force_delete_any_galeri', 'web', '2026-01-09 00:36:58', '2026-01-09 00:36:58');
INSERT INTO `permissions` (`id`, `name`, `guard_name`, `created_at`, `updated_at`) VALUES
	(115, 'view_gol', 'web', '2026-01-09 00:36:58', '2026-01-09 00:36:58');
INSERT INTO `permissions` (`id`, `name`, `guard_name`, `created_at`, `updated_at`) VALUES
	(116, 'view_any_gol', 'web', '2026-01-09 00:36:58', '2026-01-09 00:36:58');
INSERT INTO `permissions` (`id`, `name`, `guard_name`, `created_at`, `updated_at`) VALUES
	(117, 'create_gol', 'web', '2026-01-09 00:36:58', '2026-01-09 00:36:58');
INSERT INTO `permissions` (`id`, `name`, `guard_name`, `created_at`, `updated_at`) VALUES
	(118, 'update_gol', 'web', '2026-01-09 00:36:58', '2026-01-09 00:36:58');
INSERT INTO `permissions` (`id`, `name`, `guard_name`, `created_at`, `updated_at`) VALUES
	(119, 'restore_gol', 'web', '2026-01-09 00:36:58', '2026-01-09 00:36:58');
INSERT INTO `permissions` (`id`, `name`, `guard_name`, `created_at`, `updated_at`) VALUES
	(120, 'restore_any_gol', 'web', '2026-01-09 00:36:58', '2026-01-09 00:36:58');
INSERT INTO `permissions` (`id`, `name`, `guard_name`, `created_at`, `updated_at`) VALUES
	(121, 'replicate_gol', 'web', '2026-01-09 00:36:58', '2026-01-09 00:36:58');
INSERT INTO `permissions` (`id`, `name`, `guard_name`, `created_at`, `updated_at`) VALUES
	(122, 'reorder_gol', 'web', '2026-01-09 00:36:58', '2026-01-09 00:36:58');
INSERT INTO `permissions` (`id`, `name`, `guard_name`, `created_at`, `updated_at`) VALUES
	(123, 'delete_gol', 'web', '2026-01-09 00:36:58', '2026-01-09 00:36:58');
INSERT INTO `permissions` (`id`, `name`, `guard_name`, `created_at`, `updated_at`) VALUES
	(124, 'delete_any_gol', 'web', '2026-01-09 00:36:58', '2026-01-09 00:36:58');
INSERT INTO `permissions` (`id`, `name`, `guard_name`, `created_at`, `updated_at`) VALUES
	(125, 'force_delete_gol', 'web', '2026-01-09 00:36:58', '2026-01-09 00:36:58');
INSERT INTO `permissions` (`id`, `name`, `guard_name`, `created_at`, `updated_at`) VALUES
	(126, 'force_delete_any_gol', 'web', '2026-01-09 00:36:58', '2026-01-09 00:36:58');
INSERT INTO `permissions` (`id`, `name`, `guard_name`, `created_at`, `updated_at`) VALUES
	(127, 'view_instagram::feed', 'web', '2026-01-09 00:36:58', '2026-01-09 00:36:58');
INSERT INTO `permissions` (`id`, `name`, `guard_name`, `created_at`, `updated_at`) VALUES
	(128, 'view_any_instagram::feed', 'web', '2026-01-09 00:36:58', '2026-01-09 00:36:58');
INSERT INTO `permissions` (`id`, `name`, `guard_name`, `created_at`, `updated_at`) VALUES
	(129, 'create_instagram::feed', 'web', '2026-01-09 00:36:58', '2026-01-09 00:36:58');
INSERT INTO `permissions` (`id`, `name`, `guard_name`, `created_at`, `updated_at`) VALUES
	(130, 'update_instagram::feed', 'web', '2026-01-09 00:36:58', '2026-01-09 00:36:58');
INSERT INTO `permissions` (`id`, `name`, `guard_name`, `created_at`, `updated_at`) VALUES
	(131, 'restore_instagram::feed', 'web', '2026-01-09 00:36:58', '2026-01-09 00:36:58');
INSERT INTO `permissions` (`id`, `name`, `guard_name`, `created_at`, `updated_at`) VALUES
	(132, 'restore_any_instagram::feed', 'web', '2026-01-09 00:36:58', '2026-01-09 00:36:58');
INSERT INTO `permissions` (`id`, `name`, `guard_name`, `created_at`, `updated_at`) VALUES
	(133, 'replicate_instagram::feed', 'web', '2026-01-09 00:36:58', '2026-01-09 00:36:58');
INSERT INTO `permissions` (`id`, `name`, `guard_name`, `created_at`, `updated_at`) VALUES
	(134, 'reorder_instagram::feed', 'web', '2026-01-09 00:36:58', '2026-01-09 00:36:58');
INSERT INTO `permissions` (`id`, `name`, `guard_name`, `created_at`, `updated_at`) VALUES
	(135, 'delete_instagram::feed', 'web', '2026-01-09 00:36:58', '2026-01-09 00:36:58');
INSERT INTO `permissions` (`id`, `name`, `guard_name`, `created_at`, `updated_at`) VALUES
	(136, 'delete_any_instagram::feed', 'web', '2026-01-09 00:36:58', '2026-01-09 00:36:58');
INSERT INTO `permissions` (`id`, `name`, `guard_name`, `created_at`, `updated_at`) VALUES
	(137, 'force_delete_instagram::feed', 'web', '2026-01-09 00:36:58', '2026-01-09 00:36:58');
INSERT INTO `permissions` (`id`, `name`, `guard_name`, `created_at`, `updated_at`) VALUES
	(138, 'force_delete_any_instagram::feed', 'web', '2026-01-09 00:36:58', '2026-01-09 00:36:58');
INSERT INTO `permissions` (`id`, `name`, `guard_name`, `created_at`, `updated_at`) VALUES
	(139, 'view_organization', 'web', '2026-01-09 00:36:58', '2026-01-09 00:36:58');
INSERT INTO `permissions` (`id`, `name`, `guard_name`, `created_at`, `updated_at`) VALUES
	(140, 'view_any_organization', 'web', '2026-01-09 00:36:58', '2026-01-09 00:36:58');
INSERT INTO `permissions` (`id`, `name`, `guard_name`, `created_at`, `updated_at`) VALUES
	(141, 'create_organization', 'web', '2026-01-09 00:36:58', '2026-01-09 00:36:58');
INSERT INTO `permissions` (`id`, `name`, `guard_name`, `created_at`, `updated_at`) VALUES
	(142, 'update_organization', 'web', '2026-01-09 00:36:58', '2026-01-09 00:36:58');
INSERT INTO `permissions` (`id`, `name`, `guard_name`, `created_at`, `updated_at`) VALUES
	(143, 'restore_organization', 'web', '2026-01-09 00:36:58', '2026-01-09 00:36:58');
INSERT INTO `permissions` (`id`, `name`, `guard_name`, `created_at`, `updated_at`) VALUES
	(144, 'restore_any_organization', 'web', '2026-01-09 00:36:58', '2026-01-09 00:36:58');
INSERT INTO `permissions` (`id`, `name`, `guard_name`, `created_at`, `updated_at`) VALUES
	(145, 'replicate_organization', 'web', '2026-01-09 00:36:58', '2026-01-09 00:36:58');
INSERT INTO `permissions` (`id`, `name`, `guard_name`, `created_at`, `updated_at`) VALUES
	(146, 'reorder_organization', 'web', '2026-01-09 00:36:58', '2026-01-09 00:36:58');
INSERT INTO `permissions` (`id`, `name`, `guard_name`, `created_at`, `updated_at`) VALUES
	(147, 'delete_organization', 'web', '2026-01-09 00:36:58', '2026-01-09 00:36:58');
INSERT INTO `permissions` (`id`, `name`, `guard_name`, `created_at`, `updated_at`) VALUES
	(148, 'delete_any_organization', 'web', '2026-01-09 00:36:58', '2026-01-09 00:36:58');
INSERT INTO `permissions` (`id`, `name`, `guard_name`, `created_at`, `updated_at`) VALUES
	(149, 'force_delete_organization', 'web', '2026-01-09 00:36:58', '2026-01-09 00:36:58');
INSERT INTO `permissions` (`id`, `name`, `guard_name`, `created_at`, `updated_at`) VALUES
	(150, 'force_delete_any_organization', 'web', '2026-01-09 00:36:58', '2026-01-09 00:36:58');
INSERT INTO `permissions` (`id`, `name`, `guard_name`, `created_at`, `updated_at`) VALUES
	(151, 'view_selogan', 'web', '2026-01-09 00:36:58', '2026-01-09 00:36:58');
INSERT INTO `permissions` (`id`, `name`, `guard_name`, `created_at`, `updated_at`) VALUES
	(152, 'view_any_selogan', 'web', '2026-01-09 00:36:58', '2026-01-09 00:36:58');
INSERT INTO `permissions` (`id`, `name`, `guard_name`, `created_at`, `updated_at`) VALUES
	(153, 'create_selogan', 'web', '2026-01-09 00:36:58', '2026-01-09 00:36:58');
INSERT INTO `permissions` (`id`, `name`, `guard_name`, `created_at`, `updated_at`) VALUES
	(154, 'update_selogan', 'web', '2026-01-09 00:36:58', '2026-01-09 00:36:58');
INSERT INTO `permissions` (`id`, `name`, `guard_name`, `created_at`, `updated_at`) VALUES
	(155, 'restore_selogan', 'web', '2026-01-09 00:36:58', '2026-01-09 00:36:58');
INSERT INTO `permissions` (`id`, `name`, `guard_name`, `created_at`, `updated_at`) VALUES
	(156, 'restore_any_selogan', 'web', '2026-01-09 00:36:58', '2026-01-09 00:36:58');
INSERT INTO `permissions` (`id`, `name`, `guard_name`, `created_at`, `updated_at`) VALUES
	(157, 'replicate_selogan', 'web', '2026-01-09 00:36:58', '2026-01-09 00:36:58');
INSERT INTO `permissions` (`id`, `name`, `guard_name`, `created_at`, `updated_at`) VALUES
	(158, 'reorder_selogan', 'web', '2026-01-09 00:36:58', '2026-01-09 00:36:58');
INSERT INTO `permissions` (`id`, `name`, `guard_name`, `created_at`, `updated_at`) VALUES
	(159, 'delete_selogan', 'web', '2026-01-09 00:36:58', '2026-01-09 00:36:58');
INSERT INTO `permissions` (`id`, `name`, `guard_name`, `created_at`, `updated_at`) VALUES
	(160, 'delete_any_selogan', 'web', '2026-01-09 00:36:58', '2026-01-09 00:36:58');
INSERT INTO `permissions` (`id`, `name`, `guard_name`, `created_at`, `updated_at`) VALUES
	(161, 'force_delete_selogan', 'web', '2026-01-09 00:36:58', '2026-01-09 00:36:58');
INSERT INTO `permissions` (`id`, `name`, `guard_name`, `created_at`, `updated_at`) VALUES
	(162, 'force_delete_any_selogan', 'web', '2026-01-09 00:36:58', '2026-01-09 00:36:58');
INSERT INTO `permissions` (`id`, `name`, `guard_name`, `created_at`, `updated_at`) VALUES
	(163, 'view_service', 'web', '2026-01-09 00:36:58', '2026-01-09 00:36:58');
INSERT INTO `permissions` (`id`, `name`, `guard_name`, `created_at`, `updated_at`) VALUES
	(164, 'view_any_service', 'web', '2026-01-09 00:36:58', '2026-01-09 00:36:58');
INSERT INTO `permissions` (`id`, `name`, `guard_name`, `created_at`, `updated_at`) VALUES
	(165, 'create_service', 'web', '2026-01-09 00:36:58', '2026-01-09 00:36:58');
INSERT INTO `permissions` (`id`, `name`, `guard_name`, `created_at`, `updated_at`) VALUES
	(166, 'update_service', 'web', '2026-01-09 00:36:58', '2026-01-09 00:36:58');
INSERT INTO `permissions` (`id`, `name`, `guard_name`, `created_at`, `updated_at`) VALUES
	(167, 'restore_service', 'web', '2026-01-09 00:36:58', '2026-01-09 00:36:58');
INSERT INTO `permissions` (`id`, `name`, `guard_name`, `created_at`, `updated_at`) VALUES
	(168, 'restore_any_service', 'web', '2026-01-09 00:36:58', '2026-01-09 00:36:58');
INSERT INTO `permissions` (`id`, `name`, `guard_name`, `created_at`, `updated_at`) VALUES
	(169, 'replicate_service', 'web', '2026-01-09 00:36:58', '2026-01-09 00:36:58');
INSERT INTO `permissions` (`id`, `name`, `guard_name`, `created_at`, `updated_at`) VALUES
	(170, 'reorder_service', 'web', '2026-01-09 00:36:58', '2026-01-09 00:36:58');
INSERT INTO `permissions` (`id`, `name`, `guard_name`, `created_at`, `updated_at`) VALUES
	(171, 'delete_service', 'web', '2026-01-09 00:36:58', '2026-01-09 00:36:58');
INSERT INTO `permissions` (`id`, `name`, `guard_name`, `created_at`, `updated_at`) VALUES
	(172, 'delete_any_service', 'web', '2026-01-09 00:36:58', '2026-01-09 00:36:58');
INSERT INTO `permissions` (`id`, `name`, `guard_name`, `created_at`, `updated_at`) VALUES
	(173, 'force_delete_service', 'web', '2026-01-09 00:36:58', '2026-01-09 00:36:58');
INSERT INTO `permissions` (`id`, `name`, `guard_name`, `created_at`, `updated_at`) VALUES
	(174, 'force_delete_any_service', 'web', '2026-01-09 00:36:58', '2026-01-09 00:36:58');
INSERT INTO `permissions` (`id`, `name`, `guard_name`, `created_at`, `updated_at`) VALUES
	(175, 'view_setting::web', 'web', '2026-01-09 00:36:58', '2026-01-09 00:36:58');
INSERT INTO `permissions` (`id`, `name`, `guard_name`, `created_at`, `updated_at`) VALUES
	(176, 'view_any_setting::web', 'web', '2026-01-09 00:36:58', '2026-01-09 00:36:58');
INSERT INTO `permissions` (`id`, `name`, `guard_name`, `created_at`, `updated_at`) VALUES
	(177, 'create_setting::web', 'web', '2026-01-09 00:36:58', '2026-01-09 00:36:58');
INSERT INTO `permissions` (`id`, `name`, `guard_name`, `created_at`, `updated_at`) VALUES
	(178, 'update_setting::web', 'web', '2026-01-09 00:36:58', '2026-01-09 00:36:58');
INSERT INTO `permissions` (`id`, `name`, `guard_name`, `created_at`, `updated_at`) VALUES
	(179, 'restore_setting::web', 'web', '2026-01-09 00:36:58', '2026-01-09 00:36:58');
INSERT INTO `permissions` (`id`, `name`, `guard_name`, `created_at`, `updated_at`) VALUES
	(180, 'restore_any_setting::web', 'web', '2026-01-09 00:36:58', '2026-01-09 00:36:58');
INSERT INTO `permissions` (`id`, `name`, `guard_name`, `created_at`, `updated_at`) VALUES
	(181, 'replicate_setting::web', 'web', '2026-01-09 00:36:58', '2026-01-09 00:36:58');
INSERT INTO `permissions` (`id`, `name`, `guard_name`, `created_at`, `updated_at`) VALUES
	(182, 'reorder_setting::web', 'web', '2026-01-09 00:36:58', '2026-01-09 00:36:58');
INSERT INTO `permissions` (`id`, `name`, `guard_name`, `created_at`, `updated_at`) VALUES
	(183, 'delete_setting::web', 'web', '2026-01-09 00:36:58', '2026-01-09 00:36:58');
INSERT INTO `permissions` (`id`, `name`, `guard_name`, `created_at`, `updated_at`) VALUES
	(184, 'delete_any_setting::web', 'web', '2026-01-09 00:36:58', '2026-01-09 00:36:58');
INSERT INTO `permissions` (`id`, `name`, `guard_name`, `created_at`, `updated_at`) VALUES
	(185, 'force_delete_setting::web', 'web', '2026-01-09 00:36:58', '2026-01-09 00:36:58');
INSERT INTO `permissions` (`id`, `name`, `guard_name`, `created_at`, `updated_at`) VALUES
	(186, 'force_delete_any_setting::web', 'web', '2026-01-09 00:36:58', '2026-01-09 00:36:58');
INSERT INTO `permissions` (`id`, `name`, `guard_name`, `created_at`, `updated_at`) VALUES
	(187, 'view_sosial::media', 'web', '2026-01-09 00:36:58', '2026-01-09 00:36:58');
INSERT INTO `permissions` (`id`, `name`, `guard_name`, `created_at`, `updated_at`) VALUES
	(188, 'view_any_sosial::media', 'web', '2026-01-09 00:36:58', '2026-01-09 00:36:58');
INSERT INTO `permissions` (`id`, `name`, `guard_name`, `created_at`, `updated_at`) VALUES
	(189, 'create_sosial::media', 'web', '2026-01-09 00:36:58', '2026-01-09 00:36:58');
INSERT INTO `permissions` (`id`, `name`, `guard_name`, `created_at`, `updated_at`) VALUES
	(190, 'update_sosial::media', 'web', '2026-01-09 00:36:58', '2026-01-09 00:36:58');
INSERT INTO `permissions` (`id`, `name`, `guard_name`, `created_at`, `updated_at`) VALUES
	(191, 'restore_sosial::media', 'web', '2026-01-09 00:36:58', '2026-01-09 00:36:58');
INSERT INTO `permissions` (`id`, `name`, `guard_name`, `created_at`, `updated_at`) VALUES
	(192, 'restore_any_sosial::media', 'web', '2026-01-09 00:36:58', '2026-01-09 00:36:58');
INSERT INTO `permissions` (`id`, `name`, `guard_name`, `created_at`, `updated_at`) VALUES
	(193, 'replicate_sosial::media', 'web', '2026-01-09 00:36:58', '2026-01-09 00:36:58');
INSERT INTO `permissions` (`id`, `name`, `guard_name`, `created_at`, `updated_at`) VALUES
	(194, 'reorder_sosial::media', 'web', '2026-01-09 00:36:58', '2026-01-09 00:36:58');
INSERT INTO `permissions` (`id`, `name`, `guard_name`, `created_at`, `updated_at`) VALUES
	(195, 'delete_sosial::media', 'web', '2026-01-09 00:36:58', '2026-01-09 00:36:58');
INSERT INTO `permissions` (`id`, `name`, `guard_name`, `created_at`, `updated_at`) VALUES
	(196, 'delete_any_sosial::media', 'web', '2026-01-09 00:36:58', '2026-01-09 00:36:58');
INSERT INTO `permissions` (`id`, `name`, `guard_name`, `created_at`, `updated_at`) VALUES
	(197, 'force_delete_sosial::media', 'web', '2026-01-09 00:36:58', '2026-01-09 00:36:58');
INSERT INTO `permissions` (`id`, `name`, `guard_name`, `created_at`, `updated_at`) VALUES
	(198, 'force_delete_any_sosial::media', 'web', '2026-01-09 00:36:58', '2026-01-09 00:36:58');
INSERT INTO `permissions` (`id`, `name`, `guard_name`, `created_at`, `updated_at`) VALUES
	(199, 'view_user', 'web', '2026-01-09 00:36:58', '2026-01-09 00:36:58');
INSERT INTO `permissions` (`id`, `name`, `guard_name`, `created_at`, `updated_at`) VALUES
	(200, 'view_any_user', 'web', '2026-01-09 00:36:58', '2026-01-09 00:36:58');
INSERT INTO `permissions` (`id`, `name`, `guard_name`, `created_at`, `updated_at`) VALUES
	(201, 'create_user', 'web', '2026-01-09 00:36:58', '2026-01-09 00:36:58');
INSERT INTO `permissions` (`id`, `name`, `guard_name`, `created_at`, `updated_at`) VALUES
	(202, 'update_user', 'web', '2026-01-09 00:36:58', '2026-01-09 00:36:58');
INSERT INTO `permissions` (`id`, `name`, `guard_name`, `created_at`, `updated_at`) VALUES
	(203, 'restore_user', 'web', '2026-01-09 00:36:58', '2026-01-09 00:36:58');
INSERT INTO `permissions` (`id`, `name`, `guard_name`, `created_at`, `updated_at`) VALUES
	(204, 'restore_any_user', 'web', '2026-01-09 00:36:58', '2026-01-09 00:36:58');
INSERT INTO `permissions` (`id`, `name`, `guard_name`, `created_at`, `updated_at`) VALUES
	(205, 'replicate_user', 'web', '2026-01-09 00:36:58', '2026-01-09 00:36:58');
INSERT INTO `permissions` (`id`, `name`, `guard_name`, `created_at`, `updated_at`) VALUES
	(206, 'reorder_user', 'web', '2026-01-09 00:36:58', '2026-01-09 00:36:58');
INSERT INTO `permissions` (`id`, `name`, `guard_name`, `created_at`, `updated_at`) VALUES
	(207, 'delete_user', 'web', '2026-01-09 00:36:58', '2026-01-09 00:36:58');
INSERT INTO `permissions` (`id`, `name`, `guard_name`, `created_at`, `updated_at`) VALUES
	(208, 'delete_any_user', 'web', '2026-01-09 00:36:58', '2026-01-09 00:36:58');
INSERT INTO `permissions` (`id`, `name`, `guard_name`, `created_at`, `updated_at`) VALUES
	(209, 'force_delete_user', 'web', '2026-01-09 00:36:58', '2026-01-09 00:36:58');
INSERT INTO `permissions` (`id`, `name`, `guard_name`, `created_at`, `updated_at`) VALUES
	(210, 'force_delete_any_user', 'web', '2026-01-09 00:36:58', '2026-01-09 00:36:58');
INSERT INTO `permissions` (`id`, `name`, `guard_name`, `created_at`, `updated_at`) VALUES
	(211, 'page_MyProfilePage', 'web', '2026-01-09 00:36:58', '2026-01-09 00:36:58');

-- Dumping structure for table compro-logistic-laravel.roles
CREATE TABLE IF NOT EXISTS `roles` (
  `id` bigint(20) unsigned NOT NULL AUTO_INCREMENT,
  `name` varchar(255) COLLATE utf8mb4_unicode_ci NOT NULL,
  `guard_name` varchar(255) COLLATE utf8mb4_unicode_ci NOT NULL,
  `created_at` timestamp NULL DEFAULT NULL,
  `updated_at` timestamp NULL DEFAULT NULL,
  PRIMARY KEY (`id`),
  UNIQUE KEY `roles_name_guard_name_unique` (`name`,`guard_name`)
) ENGINE=InnoDB AUTO_INCREMENT=2 DEFAULT CHARSET=utf8mb4 COLLATE=utf8mb4_unicode_ci;

-- Dumping data for table compro-logistic-laravel.roles: ~0 rows (approximately)
INSERT INTO `roles` (`id`, `name`, `guard_name`, `created_at`, `updated_at`) VALUES
	(1, 'super_admin', 'web', '2026-01-09 00:25:28', '2026-01-09 00:25:28');

-- Dumping structure for table compro-logistic-laravel.role_has_permissions
CREATE TABLE IF NOT EXISTS `role_has_permissions` (
  `permission_id` bigint(20) unsigned NOT NULL,
  `role_id` bigint(20) unsigned NOT NULL,
  PRIMARY KEY (`permission_id`,`role_id`),
  KEY `role_has_permissions_role_id_foreign` (`role_id`),
  CONSTRAINT `role_has_permissions_permission_id_foreign` FOREIGN KEY (`permission_id`) REFERENCES `permissions` (`id`) ON DELETE CASCADE,
  CONSTRAINT `role_has_permissions_role_id_foreign` FOREIGN KEY (`role_id`) REFERENCES `roles` (`id`) ON DELETE CASCADE
) ENGINE=InnoDB DEFAULT CHARSET=utf8mb4 COLLATE=utf8mb4_unicode_ci;

-- Dumping data for table compro-logistic-laravel.role_has_permissions: ~211 rows (approximately)
INSERT INTO `role_has_permissions` (`permission_id`, `role_id`) VALUES
	(1, 1);
INSERT INTO `role_has_permissions` (`permission_id`, `role_id`) VALUES
	(2, 1);
INSERT INTO `role_has_permissions` (`permission_id`, `role_id`) VALUES
	(3, 1);
INSERT INTO `role_has_permissions` (`permission_id`, `role_id`) VALUES
	(4, 1);
INSERT INTO `role_has_permissions` (`permission_id`, `role_id`) VALUES
	(5, 1);
INSERT INTO `role_has_permissions` (`permission_id`, `role_id`) VALUES
	(6, 1);
INSERT INTO `role_has_permissions` (`permission_id`, `role_id`) VALUES
	(7, 1);
INSERT INTO `role_has_permissions` (`permission_id`, `role_id`) VALUES
	(8, 1);
INSERT INTO `role_has_permissions` (`permission_id`, `role_id`) VALUES
	(9, 1);
INSERT INTO `role_has_permissions` (`permission_id`, `role_id`) VALUES
	(10, 1);
INSERT INTO `role_has_permissions` (`permission_id`, `role_id`) VALUES
	(11, 1);
INSERT INTO `role_has_permissions` (`permission_id`, `role_id`) VALUES
	(12, 1);
INSERT INTO `role_has_permissions` (`permission_id`, `role_id`) VALUES
	(13, 1);
INSERT INTO `role_has_permissions` (`permission_id`, `role_id`) VALUES
	(14, 1);
INSERT INTO `role_has_permissions` (`permission_id`, `role_id`) VALUES
	(15, 1);
INSERT INTO `role_has_permissions` (`permission_id`, `role_id`) VALUES
	(16, 1);
INSERT INTO `role_has_permissions` (`permission_id`, `role_id`) VALUES
	(17, 1);
INSERT INTO `role_has_permissions` (`permission_id`, `role_id`) VALUES
	(18, 1);
INSERT INTO `role_has_permissions` (`permission_id`, `role_id`) VALUES
	(19, 1);
INSERT INTO `role_has_permissions` (`permission_id`, `role_id`) VALUES
	(20, 1);
INSERT INTO `role_has_permissions` (`permission_id`, `role_id`) VALUES
	(21, 1);
INSERT INTO `role_has_permissions` (`permission_id`, `role_id`) VALUES
	(22, 1);
INSERT INTO `role_has_permissions` (`permission_id`, `role_id`) VALUES
	(23, 1);
INSERT INTO `role_has_permissions` (`permission_id`, `role_id`) VALUES
	(24, 1);
INSERT INTO `role_has_permissions` (`permission_id`, `role_id`) VALUES
	(25, 1);
INSERT INTO `role_has_permissions` (`permission_id`, `role_id`) VALUES
	(26, 1);
INSERT INTO `role_has_permissions` (`permission_id`, `role_id`) VALUES
	(27, 1);
INSERT INTO `role_has_permissions` (`permission_id`, `role_id`) VALUES
	(28, 1);
INSERT INTO `role_has_permissions` (`permission_id`, `role_id`) VALUES
	(29, 1);
INSERT INTO `role_has_permissions` (`permission_id`, `role_id`) VALUES
	(30, 1);
INSERT INTO `role_has_permissions` (`permission_id`, `role_id`) VALUES
	(31, 1);
INSERT INTO `role_has_permissions` (`permission_id`, `role_id`) VALUES
	(32, 1);
INSERT INTO `role_has_permissions` (`permission_id`, `role_id`) VALUES
	(33, 1);
INSERT INTO `role_has_permissions` (`permission_id`, `role_id`) VALUES
	(34, 1);
INSERT INTO `role_has_permissions` (`permission_id`, `role_id`) VALUES
	(35, 1);
INSERT INTO `role_has_permissions` (`permission_id`, `role_id`) VALUES
	(36, 1);
INSERT INTO `role_has_permissions` (`permission_id`, `role_id`) VALUES
	(37, 1);
INSERT INTO `role_has_permissions` (`permission_id`, `role_id`) VALUES
	(38, 1);
INSERT INTO `role_has_permissions` (`permission_id`, `role_id`) VALUES
	(39, 1);
INSERT INTO `role_has_permissions` (`permission_id`, `role_id`) VALUES
	(40, 1);
INSERT INTO `role_has_permissions` (`permission_id`, `role_id`) VALUES
	(41, 1);
INSERT INTO `role_has_permissions` (`permission_id`, `role_id`) VALUES
	(42, 1);
INSERT INTO `role_has_permissions` (`permission_id`, `role_id`) VALUES
	(43, 1);
INSERT INTO `role_has_permissions` (`permission_id`, `role_id`) VALUES
	(44, 1);
INSERT INTO `role_has_permissions` (`permission_id`, `role_id`) VALUES
	(45, 1);
INSERT INTO `role_has_permissions` (`permission_id`, `role_id`) VALUES
	(46, 1);
INSERT INTO `role_has_permissions` (`permission_id`, `role_id`) VALUES
	(47, 1);
INSERT INTO `role_has_permissions` (`permission_id`, `role_id`) VALUES
	(48, 1);
INSERT INTO `role_has_permissions` (`permission_id`, `role_id`) VALUES
	(49, 1);
INSERT INTO `role_has_permissions` (`permission_id`, `role_id`) VALUES
	(50, 1);
INSERT INTO `role_has_permissions` (`permission_id`, `role_id`) VALUES
	(51, 1);
INSERT INTO `role_has_permissions` (`permission_id`, `role_id`) VALUES
	(52, 1);
INSERT INTO `role_has_permissions` (`permission_id`, `role_id`) VALUES
	(53, 1);
INSERT INTO `role_has_permissions` (`permission_id`, `role_id`) VALUES
	(54, 1);
INSERT INTO `role_has_permissions` (`permission_id`, `role_id`) VALUES
	(55, 1);
INSERT INTO `role_has_permissions` (`permission_id`, `role_id`) VALUES
	(56, 1);
INSERT INTO `role_has_permissions` (`permission_id`, `role_id`) VALUES
	(57, 1);
INSERT INTO `role_has_permissions` (`permission_id`, `role_id`) VALUES
	(58, 1);
INSERT INTO `role_has_permissions` (`permission_id`, `role_id`) VALUES
	(59, 1);
INSERT INTO `role_has_permissions` (`permission_id`, `role_id`) VALUES
	(60, 1);
INSERT INTO `role_has_permissions` (`permission_id`, `role_id`) VALUES
	(61, 1);
INSERT INTO `role_has_permissions` (`permission_id`, `role_id`) VALUES
	(62, 1);
INSERT INTO `role_has_permissions` (`permission_id`, `role_id`) VALUES
	(63, 1);
INSERT INTO `role_has_permissions` (`permission_id`, `role_id`) VALUES
	(64, 1);
INSERT INTO `role_has_permissions` (`permission_id`, `role_id`) VALUES
	(65, 1);
INSERT INTO `role_has_permissions` (`permission_id`, `role_id`) VALUES
	(66, 1);
INSERT INTO `role_has_permissions` (`permission_id`, `role_id`) VALUES
	(67, 1);
INSERT INTO `role_has_permissions` (`permission_id`, `role_id`) VALUES
	(68, 1);
INSERT INTO `role_has_permissions` (`permission_id`, `role_id`) VALUES
	(69, 1);
INSERT INTO `role_has_permissions` (`permission_id`, `role_id`) VALUES
	(70, 1);
INSERT INTO `role_has_permissions` (`permission_id`, `role_id`) VALUES
	(71, 1);
INSERT INTO `role_has_permissions` (`permission_id`, `role_id`) VALUES
	(72, 1);
INSERT INTO `role_has_permissions` (`permission_id`, `role_id`) VALUES
	(73, 1);
INSERT INTO `role_has_permissions` (`permission_id`, `role_id`) VALUES
	(74, 1);
INSERT INTO `role_has_permissions` (`permission_id`, `role_id`) VALUES
	(75, 1);
INSERT INTO `role_has_permissions` (`permission_id`, `role_id`) VALUES
	(76, 1);
INSERT INTO `role_has_permissions` (`permission_id`, `role_id`) VALUES
	(77, 1);
INSERT INTO `role_has_permissions` (`permission_id`, `role_id`) VALUES
	(78, 1);
INSERT INTO `role_has_permissions` (`permission_id`, `role_id`) VALUES
	(79, 1);
INSERT INTO `role_has_permissions` (`permission_id`, `role_id`) VALUES
	(80, 1);
INSERT INTO `role_has_permissions` (`permission_id`, `role_id`) VALUES
	(81, 1);
INSERT INTO `role_has_permissions` (`permission_id`, `role_id`) VALUES
	(82, 1);
INSERT INTO `role_has_permissions` (`permission_id`, `role_id`) VALUES
	(83, 1);
INSERT INTO `role_has_permissions` (`permission_id`, `role_id`) VALUES
	(84, 1);
INSERT INTO `role_has_permissions` (`permission_id`, `role_id`) VALUES
	(85, 1);
INSERT INTO `role_has_permissions` (`permission_id`, `role_id`) VALUES
	(86, 1);
INSERT INTO `role_has_permissions` (`permission_id`, `role_id`) VALUES
	(87, 1);
INSERT INTO `role_has_permissions` (`permission_id`, `role_id`) VALUES
	(88, 1);
INSERT INTO `role_has_permissions` (`permission_id`, `role_id`) VALUES
	(89, 1);
INSERT INTO `role_has_permissions` (`permission_id`, `role_id`) VALUES
	(90, 1);
INSERT INTO `role_has_permissions` (`permission_id`, `role_id`) VALUES
	(91, 1);
INSERT INTO `role_has_permissions` (`permission_id`, `role_id`) VALUES
	(92, 1);
INSERT INTO `role_has_permissions` (`permission_id`, `role_id`) VALUES
	(93, 1);
INSERT INTO `role_has_permissions` (`permission_id`, `role_id`) VALUES
	(94, 1);
INSERT INTO `role_has_permissions` (`permission_id`, `role_id`) VALUES
	(95, 1);
INSERT INTO `role_has_permissions` (`permission_id`, `role_id`) VALUES
	(96, 1);
INSERT INTO `role_has_permissions` (`permission_id`, `role_id`) VALUES
	(97, 1);
INSERT INTO `role_has_permissions` (`permission_id`, `role_id`) VALUES
	(98, 1);
INSERT INTO `role_has_permissions` (`permission_id`, `role_id`) VALUES
	(99, 1);
INSERT INTO `role_has_permissions` (`permission_id`, `role_id`) VALUES
	(100, 1);
INSERT INTO `role_has_permissions` (`permission_id`, `role_id`) VALUES
	(101, 1);
INSERT INTO `role_has_permissions` (`permission_id`, `role_id`) VALUES
	(102, 1);
INSERT INTO `role_has_permissions` (`permission_id`, `role_id`) VALUES
	(103, 1);
INSERT INTO `role_has_permissions` (`permission_id`, `role_id`) VALUES
	(104, 1);
INSERT INTO `role_has_permissions` (`permission_id`, `role_id`) VALUES
	(105, 1);
INSERT INTO `role_has_permissions` (`permission_id`, `role_id`) VALUES
	(106, 1);
INSERT INTO `role_has_permissions` (`permission_id`, `role_id`) VALUES
	(107, 1);
INSERT INTO `role_has_permissions` (`permission_id`, `role_id`) VALUES
	(108, 1);
INSERT INTO `role_has_permissions` (`permission_id`, `role_id`) VALUES
	(109, 1);
INSERT INTO `role_has_permissions` (`permission_id`, `role_id`) VALUES
	(110, 1);
INSERT INTO `role_has_permissions` (`permission_id`, `role_id`) VALUES
	(111, 1);
INSERT INTO `role_has_permissions` (`permission_id`, `role_id`) VALUES
	(112, 1);
INSERT INTO `role_has_permissions` (`permission_id`, `role_id`) VALUES
	(113, 1);
INSERT INTO `role_has_permissions` (`permission_id`, `role_id`) VALUES
	(114, 1);
INSERT INTO `role_has_permissions` (`permission_id`, `role_id`) VALUES
	(115, 1);
INSERT INTO `role_has_permissions` (`permission_id`, `role_id`) VALUES
	(116, 1);
INSERT INTO `role_has_permissions` (`permission_id`, `role_id`) VALUES
	(117, 1);
INSERT INTO `role_has_permissions` (`permission_id`, `role_id`) VALUES
	(118, 1);
INSERT INTO `role_has_permissions` (`permission_id`, `role_id`) VALUES
	(119, 1);
INSERT INTO `role_has_permissions` (`permission_id`, `role_id`) VALUES
	(120, 1);
INSERT INTO `role_has_permissions` (`permission_id`, `role_id`) VALUES
	(121, 1);
INSERT INTO `role_has_permissions` (`permission_id`, `role_id`) VALUES
	(122, 1);
INSERT INTO `role_has_permissions` (`permission_id`, `role_id`) VALUES
	(123, 1);
INSERT INTO `role_has_permissions` (`permission_id`, `role_id`) VALUES
	(124, 1);
INSERT INTO `role_has_permissions` (`permission_id`, `role_id`) VALUES
	(125, 1);
INSERT INTO `role_has_permissions` (`permission_id`, `role_id`) VALUES
	(126, 1);
INSERT INTO `role_has_permissions` (`permission_id`, `role_id`) VALUES
	(127, 1);
INSERT INTO `role_has_permissions` (`permission_id`, `role_id`) VALUES
	(128, 1);
INSERT INTO `role_has_permissions` (`permission_id`, `role_id`) VALUES
	(129, 1);
INSERT INTO `role_has_permissions` (`permission_id`, `role_id`) VALUES
	(130, 1);
INSERT INTO `role_has_permissions` (`permission_id`, `role_id`) VALUES
	(131, 1);
INSERT INTO `role_has_permissions` (`permission_id`, `role_id`) VALUES
	(132, 1);
INSERT INTO `role_has_permissions` (`permission_id`, `role_id`) VALUES
	(133, 1);
INSERT INTO `role_has_permissions` (`permission_id`, `role_id`) VALUES
	(134, 1);
INSERT INTO `role_has_permissions` (`permission_id`, `role_id`) VALUES
	(135, 1);
INSERT INTO `role_has_permissions` (`permission_id`, `role_id`) VALUES
	(136, 1);
INSERT INTO `role_has_permissions` (`permission_id`, `role_id`) VALUES
	(137, 1);
INSERT INTO `role_has_permissions` (`permission_id`, `role_id`) VALUES
	(138, 1);
INSERT INTO `role_has_permissions` (`permission_id`, `role_id`) VALUES
	(139, 1);
INSERT INTO `role_has_permissions` (`permission_id`, `role_id`) VALUES
	(140, 1);
INSERT INTO `role_has_permissions` (`permission_id`, `role_id`) VALUES
	(141, 1);
INSERT INTO `role_has_permissions` (`permission_id`, `role_id`) VALUES
	(142, 1);
INSERT INTO `role_has_permissions` (`permission_id`, `role_id`) VALUES
	(143, 1);
INSERT INTO `role_has_permissions` (`permission_id`, `role_id`) VALUES
	(144, 1);
INSERT INTO `role_has_permissions` (`permission_id`, `role_id`) VALUES
	(145, 1);
INSERT INTO `role_has_permissions` (`permission_id`, `role_id`) VALUES
	(146, 1);
INSERT INTO `role_has_permissions` (`permission_id`, `role_id`) VALUES
	(147, 1);
INSERT INTO `role_has_permissions` (`permission_id`, `role_id`) VALUES
	(148, 1);
INSERT INTO `role_has_permissions` (`permission_id`, `role_id`) VALUES
	(149, 1);
INSERT INTO `role_has_permissions` (`permission_id`, `role_id`) VALUES
	(150, 1);
INSERT INTO `role_has_permissions` (`permission_id`, `role_id`) VALUES
	(151, 1);
INSERT INTO `role_has_permissions` (`permission_id`, `role_id`) VALUES
	(152, 1);
INSERT INTO `role_has_permissions` (`permission_id`, `role_id`) VALUES
	(153, 1);
INSERT INTO `role_has_permissions` (`permission_id`, `role_id`) VALUES
	(154, 1);
INSERT INTO `role_has_permissions` (`permission_id`, `role_id`) VALUES
	(155, 1);
INSERT INTO `role_has_permissions` (`permission_id`, `role_id`) VALUES
	(156, 1);
INSERT INTO `role_has_permissions` (`permission_id`, `role_id`) VALUES
	(157, 1);
INSERT INTO `role_has_permissions` (`permission_id`, `role_id`) VALUES
	(158, 1);
INSERT INTO `role_has_permissions` (`permission_id`, `role_id`) VALUES
	(159, 1);
INSERT INTO `role_has_permissions` (`permission_id`, `role_id`) VALUES
	(160, 1);
INSERT INTO `role_has_permissions` (`permission_id`, `role_id`) VALUES
	(161, 1);
INSERT INTO `role_has_permissions` (`permission_id`, `role_id`) VALUES
	(162, 1);
INSERT INTO `role_has_permissions` (`permission_id`, `role_id`) VALUES
	(163, 1);
INSERT INTO `role_has_permissions` (`permission_id`, `role_id`) VALUES
	(164, 1);
INSERT INTO `role_has_permissions` (`permission_id`, `role_id`) VALUES
	(165, 1);
INSERT INTO `role_has_permissions` (`permission_id`, `role_id`) VALUES
	(166, 1);
INSERT INTO `role_has_permissions` (`permission_id`, `role_id`) VALUES
	(167, 1);
INSERT INTO `role_has_permissions` (`permission_id`, `role_id`) VALUES
	(168, 1);
INSERT INTO `role_has_permissions` (`permission_id`, `role_id`) VALUES
	(169, 1);
INSERT INTO `role_has_permissions` (`permission_id`, `role_id`) VALUES
	(170, 1);
INSERT INTO `role_has_permissions` (`permission_id`, `role_id`) VALUES
	(171, 1);
INSERT INTO `role_has_permissions` (`permission_id`, `role_id`) VALUES
	(172, 1);
INSERT INTO `role_has_permissions` (`permission_id`, `role_id`) VALUES
	(173, 1);
INSERT INTO `role_has_permissions` (`permission_id`, `role_id`) VALUES
	(174, 1);
INSERT INTO `role_has_permissions` (`permission_id`, `role_id`) VALUES
	(175, 1);
INSERT INTO `role_has_permissions` (`permission_id`, `role_id`) VALUES
	(176, 1);
INSERT INTO `role_has_permissions` (`permission_id`, `role_id`) VALUES
	(177, 1);
INSERT INTO `role_has_permissions` (`permission_id`, `role_id`) VALUES
	(178, 1);
INSERT INTO `role_has_permissions` (`permission_id`, `role_id`) VALUES
	(179, 1);
INSERT INTO `role_has_permissions` (`permission_id`, `role_id`) VALUES
	(180, 1);
INSERT INTO `role_has_permissions` (`permission_id`, `role_id`) VALUES
	(181, 1);
INSERT INTO `role_has_permissions` (`permission_id`, `role_id`) VALUES
	(182, 1);
INSERT INTO `role_has_permissions` (`permission_id`, `role_id`) VALUES
	(183, 1);
INSERT INTO `role_has_permissions` (`permission_id`, `role_id`) VALUES
	(184, 1);
INSERT INTO `role_has_permissions` (`permission_id`, `role_id`) VALUES
	(185, 1);
INSERT INTO `role_has_permissions` (`permission_id`, `role_id`) VALUES
	(186, 1);
INSERT INTO `role_has_permissions` (`permission_id`, `role_id`) VALUES
	(187, 1);
INSERT INTO `role_has_permissions` (`permission_id`, `role_id`) VALUES
	(188, 1);
INSERT INTO `role_has_permissions` (`permission_id`, `role_id`) VALUES
	(189, 1);
INSERT INTO `role_has_permissions` (`permission_id`, `role_id`) VALUES
	(190, 1);
INSERT INTO `role_has_permissions` (`permission_id`, `role_id`) VALUES
	(191, 1);
INSERT INTO `role_has_permissions` (`permission_id`, `role_id`) VALUES
	(192, 1);
INSERT INTO `role_has_permissions` (`permission_id`, `role_id`) VALUES
	(193, 1);
INSERT INTO `role_has_permissions` (`permission_id`, `role_id`) VALUES
	(194, 1);
INSERT INTO `role_has_permissions` (`permission_id`, `role_id`) VALUES
	(195, 1);
INSERT INTO `role_has_permissions` (`permission_id`, `role_id`) VALUES
	(196, 1);
INSERT INTO `role_has_permissions` (`permission_id`, `role_id`) VALUES
	(197, 1);
INSERT INTO `role_has_permissions` (`permission_id`, `role_id`) VALUES
	(198, 1);
INSERT INTO `role_has_permissions` (`permission_id`, `role_id`) VALUES
	(199, 1);
INSERT INTO `role_has_permissions` (`permission_id`, `role_id`) VALUES
	(200, 1);
INSERT INTO `role_has_permissions` (`permission_id`, `role_id`) VALUES
	(201, 1);
INSERT INTO `role_has_permissions` (`permission_id`, `role_id`) VALUES
	(202, 1);
INSERT INTO `role_has_permissions` (`permission_id`, `role_id`) VALUES
	(203, 1);
INSERT INTO `role_has_permissions` (`permission_id`, `role_id`) VALUES
	(204, 1);
INSERT INTO `role_has_permissions` (`permission_id`, `role_id`) VALUES
	(205, 1);
INSERT INTO `role_has_permissions` (`permission_id`, `role_id`) VALUES
	(206, 1);
INSERT INTO `role_has_permissions` (`permission_id`, `role_id`) VALUES
	(207, 1);
INSERT INTO `role_has_permissions` (`permission_id`, `role_id`) VALUES
	(208, 1);
INSERT INTO `role_has_permissions` (`permission_id`, `role_id`) VALUES
	(209, 1);
INSERT INTO `role_has_permissions` (`permission_id`, `role_id`) VALUES
	(210, 1);
INSERT INTO `role_has_permissions` (`permission_id`, `role_id`) VALUES
	(211, 1);

-- Dumping structure for table compro-logistic-laravel.selogans
CREATE TABLE IF NOT EXISTS `selogans` (
  `id` bigint(20) unsigned NOT NULL AUTO_INCREMENT,
  `name` varchar(255) COLLATE utf8mb4_unicode_ci NOT NULL,
  `description` text COLLATE utf8mb4_unicode_ci,
  `icon` varchar(255) COLLATE utf8mb4_unicode_ci DEFAULT NULL,
  `created_at` timestamp NULL DEFAULT NULL,
  `updated_at` timestamp NULL DEFAULT NULL,
  PRIMARY KEY (`id`)
) ENGINE=InnoDB AUTO_INCREMENT=4 DEFAULT CHARSET=utf8mb4 COLLATE=utf8mb4_unicode_ci;

-- Dumping data for table compro-logistic-laravel.selogans: ~3 rows (approximately)
INSERT INTO `selogans` (`id`, `name`, `description`, `icon`, `created_at`, `updated_at`) VALUES
	(1, 'Worldwide Service', 'On-time delivery with extensive domestic reach', 'selogan/01KEGTKC9Z94PETPG9GNG08XKH.png', '2026-01-09 00:03:57', '2026-01-10 00:30:03');
INSERT INTO `selogans` (`id`, `name`, `description`, `icon`, `created_at`, `updated_at`) VALUES
	(2, 'Live Monitoring', 'End-to-end shipment monitoring for maximum security', 'selogan/01KEGTJZYV46WFHJB95M1TSW6X.png', '2026-01-09 00:03:57', '2026-01-10 00:29:50');
INSERT INTO `selogans` (`id`, `name`, `description`, `icon`, `created_at`, `updated_at`) VALUES
	(3, 'Transportation', 'Reliable logistics solutions trusted by businesses nationwide', 'selogan/01KEGTJMN6608FSPAQXTQQ4K0P.png', '2026-01-09 00:03:57', '2026-01-10 00:29:08');

-- Dumping structure for table compro-logistic-laravel.services
CREATE TABLE IF NOT EXISTS `services` (
  `id` bigint(20) unsigned NOT NULL AUTO_INCREMENT,
  `name` varchar(255) COLLATE utf8mb4_unicode_ci NOT NULL,
  `slug` varchar(255) COLLATE utf8mb4_unicode_ci NOT NULL,
  `description` text COLLATE utf8mb4_unicode_ci,
  `cover` varchar(255) COLLATE utf8mb4_unicode_ci DEFAULT NULL,
  `image` json DEFAULT NULL,
  `created_at` timestamp NULL DEFAULT NULL,
  `updated_at` timestamp NULL DEFAULT NULL,
  PRIMARY KEY (`id`),
  UNIQUE KEY `services_slug_unique` (`slug`)
) ENGINE=InnoDB AUTO_INCREMENT=4 DEFAULT CHARSET=utf8mb4 COLLATE=utf8mb4_unicode_ci;

-- Dumping data for table compro-logistic-laravel.services: ~3 rows (approximately)
INSERT INTO `services` (`id`, `name`, `slug`, `description`, `cover`, `image`, `created_at`, `updated_at`) VALUES
	(1, 'Ground Shipping', 'ground-shipping', 'Land freight services throughout Indonesia.', 'services/01KEHWJ4FRSXH5MP0GWVSSS1SK.jpg', '[]', '2026-01-09 00:03:57', '2026-01-10 00:23:42');
INSERT INTO `services` (`id`, `name`, `slug`, `description`, `cover`, `image`, `created_at`, `updated_at`) VALUES
	(2, 'Sea Shipping', 'sea-shipping', 'Shipping services via sea with a fleet of ships.', 'services/01KEHWHAMWC950B1AYG7HSQZ0M.jpg', '[]', '2026-01-09 00:03:57', '2026-01-10 00:23:15');
INSERT INTO `services` (`id`, `name`, `slug`, `description`, `cover`, `image`, `created_at`, `updated_at`) VALUES
	(3, 'Air Freight', 'air-freight', 'Fast delivery by air for urgent needs.', 'services/01KEHWDQEVKEMV5ARVGVMBY93C.jpg', '[{"judul": "Contoh 1", "galeri": "service/01KEGP14QEQJEED0D0FDNRYEPZ.jpg"}, {"judul": "Contoh", "galeri": "service/01KEKPW3EVY6EQN7JHF70ASFDW.png"}]', '2026-01-09 00:03:57', '2026-01-10 17:22:46');

-- Dumping structure for table compro-logistic-laravel.sessions
CREATE TABLE IF NOT EXISTS `sessions` (
  `id` varchar(255) COLLATE utf8mb4_unicode_ci NOT NULL,
  `user_id` bigint(20) unsigned DEFAULT NULL,
  `ip_address` varchar(45) COLLATE utf8mb4_unicode_ci DEFAULT NULL,
  `user_agent` text COLLATE utf8mb4_unicode_ci,
  `payload` longtext COLLATE utf8mb4_unicode_ci NOT NULL,
  `last_activity` int(11) NOT NULL,
  PRIMARY KEY (`id`),
  KEY `sessions_user_id_index` (`user_id`),
  KEY `sessions_last_activity_index` (`last_activity`)
) ENGINE=InnoDB DEFAULT CHARSET=utf8mb4 COLLATE=utf8mb4_unicode_ci;

-- Dumping data for table compro-logistic-laravel.sessions: ~2 rows (approximately)
INSERT INTO `sessions` (`id`, `user_id`, `ip_address`, `user_agent`, `payload`, `last_activity`) VALUES
	('LhGew4kHOmfJte7xT3xbvYp0iGs52ARjNcMfu1Vo', NULL, '127.0.0.1', 'Mozilla/5.0 (Windows NT 10.0; Win64; x64) AppleWebKit/537.36 (KHTML, like Gecko) Chrome/143.0.0.0 Safari/537.36', 'YTo0OntzOjY6Il90b2tlbiI7czo0MDoicDFnOTU4c1lHcUJDMjd2TEFEczBpVUdITDM2bHI2YnZqbW1ZaVhGaiI7czozOiJ1cmwiO2E6MTp7czo4OiJpbnRlbmRlZCI7czo0MjoiaHR0cHM6Ly9jb21wcm8tbG9naXN0aWMtbGFyYXZlbC50ZXN0L2FkbWluIjt9czo5OiJfcHJldmlvdXMiO2E6Mjp7czozOiJ1cmwiO3M6MzY6Imh0dHBzOi8vY29tcHJvLWxvZ2lzdGljLWxhcmF2ZWwudGVzdCI7czo1OiJyb3V0ZSI7Tjt9czo2OiJfZmxhc2giO2E6Mjp7czozOiJvbGQiO2E6MDp7fXM6MzoibmV3IjthOjA6e319fQ==', 1768148800);
INSERT INTO `sessions` (`id`, `user_id`, `ip_address`, `user_agent`, `payload`, `last_activity`) VALUES
	('zUpnbkqvWCB45rU8zxlcIFSCadmAeRpHuikFu8xc', 1, '127.0.0.1', 'Mozilla/5.0 (Windows NT 10.0; Win64; x64) AppleWebKit/537.36 (KHTML, like Gecko) Chrome/143.0.0.0 Safari/537.36', 'YTo1OntzOjY6Il90b2tlbiI7czo0MDoiVzd6UnJNMTFTRzdPOFUxNUtSaENMWkpNT1MzZUZhN2dRVkhEem5ZZSI7czo2OiJfZmxhc2giO2E6Mjp7czozOiJvbGQiO2E6MDp7fXM6MzoibmV3IjthOjA6e319czo5OiJfcHJldmlvdXMiO2E6Mjp7czozOiJ1cmwiO3M6MzY6Imh0dHBzOi8vY29tcHJvLWxvZ2lzdGljLWxhcmF2ZWwudGVzdCI7czo1OiJyb3V0ZSI7Tjt9czo1MDoibG9naW5fd2ViXzNkYzdhOTEzZWY1ZmQ0Yjg5MGVjYWJlMzQ4NzA4NTU3M2UxNmNmODIiO2k6MTtzOjE3OiJwYXNzd29yZF9oYXNoX3dlYiI7czo2NDoiMTJmMWU2N2JlYjdlMjliNTIwMzVhNjIyOTFmM2M0YTEyNzQ5NWU4ZWU3ZDQ0NDAyNGIyNmFlNjg5NWQyMmM1YiI7fQ==', 1768070155);

-- Dumping structure for table compro-logistic-laravel.setting_webs
CREATE TABLE IF NOT EXISTS `setting_webs` (
  `id` bigint(20) unsigned NOT NULL AUTO_INCREMENT,
  `logo` varchar(255) COLLATE utf8mb4_unicode_ci DEFAULT NULL,
  `name` varchar(255) COLLATE utf8mb4_unicode_ci NOT NULL,
  `whatsapp` varchar(255) COLLATE utf8mb4_unicode_ci DEFAULT NULL,
  `pixel_fb` varchar(255) COLLATE utf8mb4_unicode_ci DEFAULT NULL,
  `api_wa` varchar(255) COLLATE utf8mb4_unicode_ci DEFAULT NULL,
  `meta_tag` text COLLATE utf8mb4_unicode_ci,
  `created_at` timestamp NULL DEFAULT NULL,
  `updated_at` timestamp NULL DEFAULT NULL,
  PRIMARY KEY (`id`)
) ENGINE=InnoDB AUTO_INCREMENT=2 DEFAULT CHARSET=utf8mb4 COLLATE=utf8mb4_unicode_ci;

-- Dumping data for table compro-logistic-laravel.setting_webs: ~0 rows (approximately)
INSERT INTO `setting_webs` (`id`, `logo`, `name`, `whatsapp`, `pixel_fb`, `api_wa`, `meta_tag`, `created_at`, `updated_at`) VALUES
	(1, 'setting-web/01KEHPZ1E8VEY8KY6MPEZFGD70.png', 'PT Aji Jaya Logistic', '6281234567890', 'FB-PIXEL-ID', 'API-WA-KEY', '<meta name="description" content="PT Aji Jaya Logistic adalah perusahaan jasa logistik terpercaya yang melayani pengiriman darat, laut, dan udara ke seluruh Indonesia dengan layanan cepat, aman, dan profesional." />\n\n<meta name="keywords" content="aji jaya logistic, aj logistic, jasa logistik indonesia, jasa pengiriman barang, ekspedisi darat laut udara, pengiriman barang nasional, perusahaan logistik terpercaya" />\n\n<meta property="og:title" content="PT Aji Jaya Logistic | Jasa Pengiriman & Logistik Terpercaya" />\n\n<meta property="og:description" content="Percayakan kebutuhan pengiriman Anda kepada PT Aji Jaya Logistic. Layanan logistik darat, laut, dan udara dengan jangkauan nasional, harga kompetitif, dan pelayanan profesional." />\n\n<meta property="og:url" content="https://www.ajlogistic.co.id" />\n\n<meta property="og:type" content="website" />\n', '2026-01-09 00:03:57', '2026-01-09 22:45:53');

-- Dumping structure for table compro-logistic-laravel.sosial_media
CREATE TABLE IF NOT EXISTS `sosial_media` (
  `id` bigint(20) unsigned NOT NULL AUTO_INCREMENT,
  `name` varchar(255) COLLATE utf8mb4_unicode_ci NOT NULL,
  `url` varchar(255) COLLATE utf8mb4_unicode_ci NOT NULL,
  `icon` varchar(255) COLLATE utf8mb4_unicode_ci DEFAULT NULL,
  `created_at` timestamp NULL DEFAULT NULL,
  `updated_at` timestamp NULL DEFAULT NULL,
  PRIMARY KEY (`id`)
) ENGINE=InnoDB AUTO_INCREMENT=4 DEFAULT CHARSET=utf8mb4 COLLATE=utf8mb4_unicode_ci;

-- Dumping data for table compro-logistic-laravel.sosial_media: ~3 rows (approximately)
INSERT INTO `sosial_media` (`id`, `name`, `url`, `icon`, `created_at`, `updated_at`) VALUES
	(1, 'Instagram', 'https://instagram.com/logistic', 'sosial-media/01KEGPEG6BSZ5S0268DBCYV5CS.png', '2026-01-09 00:03:57', '2026-01-09 13:17:37');
INSERT INTO `sosial_media` (`id`, `name`, `url`, `icon`, `created_at`, `updated_at`) VALUES
	(2, 'Facebook', 'https://facebook.com/logistic', 'sosial-media/01KEGPE7NFFVWZWKXQSGZEH4GS.png', '2026-01-09 00:03:57', '2026-01-09 13:17:28');
INSERT INTO `sosial_media` (`id`, `name`, `url`, `icon`, `created_at`, `updated_at`) VALUES
	(3, 'WhatsApp', 'https://wa.me/6281234567890', 'sosial-media/01KEGPBCB3A79K8X8ADNHMMBJK.png', '2026-01-09 00:03:57', '2026-01-09 13:15:54');

-- Dumping structure for table compro-logistic-laravel.web_visits
CREATE TABLE IF NOT EXISTS `web_visits` (
  `id` bigint(20) unsigned NOT NULL AUTO_INCREMENT,
  `ip_address` varchar(255) COLLATE utf8mb4_unicode_ci DEFAULT NULL,
  `user_agent` varchar(255) COLLATE utf8mb4_unicode_ci DEFAULT NULL,
  `url` varchar(255) COLLATE utf8mb4_unicode_ci DEFAULT NULL,
  `referrer` varchar(255) COLLATE utf8mb4_unicode_ci DEFAULT NULL,
  `created_at` timestamp NULL DEFAULT NULL,
  `updated_at` timestamp NULL DEFAULT NULL,
  PRIMARY KEY (`id`)
) ENGINE=InnoDB AUTO_INCREMENT=81 DEFAULT CHARSET=utf8mb4 COLLATE=utf8mb4_unicode_ci;

-- Dumping data for table compro-logistic-laravel.web_visits: ~55 rows (approximately)
INSERT INTO `web_visits` (`id`, `ip_address`, `user_agent`, `url`, `referrer`, `created_at`, `updated_at`) VALUES
	(21, '127.0.0.1', 'Mozilla/5.0 (Windows NT 10.0; Win64; x64) AppleWebKit/537.36 (KHTML, like Gecko) Chrome/143.0.0.0 Safari/537.36', 'https://compro-logistic-laravel.test/livewire/update', 'https://compro-logistic-laravel.test/admin', '2026-01-09 15:12:23', '2026-01-09 15:12:23');
INSERT INTO `web_visits` (`id`, `ip_address`, `user_agent`, `url`, `referrer`, `created_at`, `updated_at`) VALUES
	(22, '127.0.0.1', 'Mozilla/5.0 (Windows NT 10.0; Win64; x64) AppleWebKit/537.36 (KHTML, like Gecko) Chrome/143.0.0.0 Safari/537.36', 'https://compro-logistic-laravel.test/livewire/update', 'https://compro-logistic-laravel.test/admin', '2026-01-09 15:12:28', '2026-01-09 15:12:28');
INSERT INTO `web_visits` (`id`, `ip_address`, `user_agent`, `url`, `referrer`, `created_at`, `updated_at`) VALUES
	(23, '127.0.0.1', 'Mozilla/5.0 (Windows NT 10.0; Win64; x64) AppleWebKit/537.36 (KHTML, like Gecko) Chrome/143.0.0.0 Safari/537.36', 'https://compro-logistic-laravel.test/livewire/update', 'https://compro-logistic-laravel.test/admin', '2026-01-09 15:12:28', '2026-01-09 15:12:28');
INSERT INTO `web_visits` (`id`, `ip_address`, `user_agent`, `url`, `referrer`, `created_at`, `updated_at`) VALUES
	(24, '127.0.0.1', 'Mozilla/5.0 (Windows NT 10.0; Win64; x64) AppleWebKit/537.36 (KHTML, like Gecko) Chrome/143.0.0.0 Safari/537.36', 'https://compro-logistic-laravel.test/livewire/update', 'https://compro-logistic-laravel.test/admin', '2026-01-09 15:12:28', '2026-01-09 15:12:28');
INSERT INTO `web_visits` (`id`, `ip_address`, `user_agent`, `url`, `referrer`, `created_at`, `updated_at`) VALUES
	(25, '127.0.0.1', 'Mozilla/5.0 (Windows NT 10.0; Win64; x64) AppleWebKit/537.36 (KHTML, like Gecko) Chrome/143.0.0.0 Safari/537.36', 'https://compro-logistic-laravel.test/livewire/update', 'https://compro-logistic-laravel.test/admin', '2026-01-09 15:12:33', '2026-01-09 15:12:33');
INSERT INTO `web_visits` (`id`, `ip_address`, `user_agent`, `url`, `referrer`, `created_at`, `updated_at`) VALUES
	(26, '127.0.0.1', 'Mozilla/5.0 (Windows NT 10.0; Win64; x64) AppleWebKit/537.36 (KHTML, like Gecko) Chrome/143.0.0.0 Safari/537.36', 'https://compro-logistic-laravel.test/livewire/update', 'https://compro-logistic-laravel.test/admin', '2026-01-09 15:12:38', '2026-01-09 15:12:38');
INSERT INTO `web_visits` (`id`, `ip_address`, `user_agent`, `url`, `referrer`, `created_at`, `updated_at`) VALUES
	(27, '127.0.0.1', 'Mozilla/5.0 (Windows NT 10.0; Win64; x64) AppleWebKit/537.36 (KHTML, like Gecko) Chrome/143.0.0.0 Safari/537.36', 'https://compro-logistic-laravel.test/livewire/update', 'https://compro-logistic-laravel.test/admin', '2026-01-09 15:17:09', '2026-01-09 15:17:09');
INSERT INTO `web_visits` (`id`, `ip_address`, `user_agent`, `url`, `referrer`, `created_at`, `updated_at`) VALUES
	(28, '127.0.0.1', 'Mozilla/5.0 (Windows NT 10.0; Win64; x64) AppleWebKit/537.36 (KHTML, like Gecko) Chrome/143.0.0.0 Safari/537.36', 'https://compro-logistic-laravel.test/livewire/update', 'https://compro-logistic-laravel.test/admin', '2026-01-09 15:27:41', '2026-01-09 15:27:41');
INSERT INTO `web_visits` (`id`, `ip_address`, `user_agent`, `url`, `referrer`, `created_at`, `updated_at`) VALUES
	(29, '127.0.0.1', 'Mozilla/5.0 (Windows NT 10.0; Win64; x64) AppleWebKit/537.36 (KHTML, like Gecko) Chrome/143.0.0.0 Safari/537.36', 'https://compro-logistic-laravel.test/livewire/update', 'https://compro-logistic-laravel.test/admin', '2026-01-09 15:39:58', '2026-01-09 15:39:58');
INSERT INTO `web_visits` (`id`, `ip_address`, `user_agent`, `url`, `referrer`, `created_at`, `updated_at`) VALUES
	(30, '127.0.0.1', 'Mozilla/5.0 (Windows NT 10.0; Win64; x64) AppleWebKit/537.36 (KHTML, like Gecko) Chrome/143.0.0.0 Safari/537.36', 'https://compro-logistic-laravel.test/livewire/update', 'https://compro-logistic-laravel.test/admin', '2026-01-09 15:57:16', '2026-01-09 15:57:16');
INSERT INTO `web_visits` (`id`, `ip_address`, `user_agent`, `url`, `referrer`, `created_at`, `updated_at`) VALUES
	(31, '127.0.0.1', 'Mozilla/5.0 (Windows NT 10.0; Win64; x64) AppleWebKit/537.36 (KHTML, like Gecko) Chrome/143.0.0.0 Safari/537.36', 'https://compro-logistic-laravel.test', NULL, '2026-01-09 22:05:46', '2026-01-09 22:05:46');
INSERT INTO `web_visits` (`id`, `ip_address`, `user_agent`, `url`, `referrer`, `created_at`, `updated_at`) VALUES
	(32, '127.0.0.1', 'Mozilla/5.0 (Windows NT 10.0; Win64; x64) AppleWebKit/537.36 (KHTML, like Gecko) Chrome/143.0.0.0 Safari/537.36', 'https://compro-logistic-laravel.test', NULL, '2026-01-09 22:16:26', '2026-01-09 22:16:26');
INSERT INTO `web_visits` (`id`, `ip_address`, `user_agent`, `url`, `referrer`, `created_at`, `updated_at`) VALUES
	(33, '127.0.0.1', 'Mozilla/5.0 (Windows NT 10.0; Win64; x64) AppleWebKit/537.36 (KHTML, like Gecko) Chrome/143.0.0.0 Safari/537.36', 'https://compro-logistic-laravel.test', NULL, '2026-01-09 22:29:36', '2026-01-09 22:29:36');
INSERT INTO `web_visits` (`id`, `ip_address`, `user_agent`, `url`, `referrer`, `created_at`, `updated_at`) VALUES
	(34, '127.0.0.1', 'Mozilla/5.0 (Windows NT 10.0; Win64; x64) AppleWebKit/537.36 (KHTML, like Gecko) Chrome/143.0.0.0 Safari/537.36', 'https://compro-logistic-laravel.test', NULL, '2026-01-09 22:40:52', '2026-01-09 22:40:52');
INSERT INTO `web_visits` (`id`, `ip_address`, `user_agent`, `url`, `referrer`, `created_at`, `updated_at`) VALUES
	(35, '127.0.0.1', 'Mozilla/5.0 (Windows NT 10.0; Win64; x64) AppleWebKit/537.36 (KHTML, like Gecko) Chrome/143.0.0.0 Safari/537.36', 'https://compro-logistic-laravel.test', 'https://compro-logistic-laravel.test/', '2026-01-09 22:51:01', '2026-01-09 22:51:01');
INSERT INTO `web_visits` (`id`, `ip_address`, `user_agent`, `url`, `referrer`, `created_at`, `updated_at`) VALUES
	(36, '127.0.0.1', 'Mozilla/5.0 (Windows NT 10.0; Win64; x64) AppleWebKit/537.36 (KHTML, like Gecko) Chrome/143.0.0.0 Safari/537.36', 'https://compro-logistic-laravel.test/livewire/update', 'https://compro-logistic-laravel.test/admin', '2026-01-09 23:04:14', '2026-01-09 23:04:14');
INSERT INTO `web_visits` (`id`, `ip_address`, `user_agent`, `url`, `referrer`, `created_at`, `updated_at`) VALUES
	(37, '127.0.0.1', 'Mozilla/5.0 (Windows NT 10.0; Win64; x64) AppleWebKit/537.36 (KHTML, like Gecko) Chrome/143.0.0.0 Safari/537.36', 'https://compro-logistic-laravel.test/estimate', 'https://compro-logistic-laravel.test/', '2026-01-09 23:14:51', '2026-01-09 23:14:51');
INSERT INTO `web_visits` (`id`, `ip_address`, `user_agent`, `url`, `referrer`, `created_at`, `updated_at`) VALUES
	(38, '127.0.0.1', 'Mozilla/5.0 (iPhone; CPU iPhone OS 15_0 like Mac OS X) AppleWebKit/603.1.30 (KHTML, like Gecko) Version/17.5 Mobile/15A5370a Safari/602.1', 'https://compro-logistic-laravel.test', 'https://compro-logistic-laravel.test/', '2026-01-09 23:24:51', '2026-01-09 23:24:51');
INSERT INTO `web_visits` (`id`, `ip_address`, `user_agent`, `url`, `referrer`, `created_at`, `updated_at`) VALUES
	(39, '127.0.0.1', 'Mozilla/5.0 (Windows NT 10.0; Win64; x64) AppleWebKit/537.36 (KHTML, like Gecko) Chrome/143.0.0.0 Safari/537.36', 'https://compro-logistic-laravel.test/livewire/update', 'https://compro-logistic-laravel.test/admin/contacts', '2026-01-09 23:34:53', '2026-01-09 23:34:53');
INSERT INTO `web_visits` (`id`, `ip_address`, `user_agent`, `url`, `referrer`, `created_at`, `updated_at`) VALUES
	(40, '127.0.0.1', 'Mozilla/5.0 (Windows NT 10.0; Win64; x64) AppleWebKit/537.36 (KHTML, like Gecko) Chrome/143.0.0.0 Safari/537.36', 'https://compro-logistic-laravel.test', NULL, '2026-01-09 23:45:15', '2026-01-09 23:45:15');
INSERT INTO `web_visits` (`id`, `ip_address`, `user_agent`, `url`, `referrer`, `created_at`, `updated_at`) VALUES
	(41, '127.0.0.1', 'Mozilla/5.0 (Windows NT 10.0; Win64; x64) AppleWebKit/537.36 (KHTML, like Gecko) Chrome/143.0.0.0 Safari/537.36', 'https://compro-logistic-laravel.test/livewire/update', 'https://compro-logistic-laravel.test/admin', '2026-01-09 23:57:14', '2026-01-09 23:57:14');
INSERT INTO `web_visits` (`id`, `ip_address`, `user_agent`, `url`, `referrer`, `created_at`, `updated_at`) VALUES
	(42, '127.0.0.1', 'Mozilla/5.0 (Windows NT 10.0; Win64; x64) AppleWebKit/537.36 (KHTML, like Gecko) Chrome/143.0.0.0 Safari/537.36', 'https://compro-logistic-laravel.test', 'https://compro-logistic-laravel.test/', '2026-01-10 00:07:19', '2026-01-10 00:07:19');
INSERT INTO `web_visits` (`id`, `ip_address`, `user_agent`, `url`, `referrer`, `created_at`, `updated_at`) VALUES
	(43, '127.0.0.1', 'Mozilla/5.0 (Windows NT 10.0; Win64; x64) AppleWebKit/537.36 (KHTML, like Gecko) Chrome/143.0.0.0 Safari/537.36', 'https://compro-logistic-laravel.test', 'https://compro-logistic-laravel.test/', '2026-01-10 00:18:10', '2026-01-10 00:18:10');
INSERT INTO `web_visits` (`id`, `ip_address`, `user_agent`, `url`, `referrer`, `created_at`, `updated_at`) VALUES
	(44, '127.0.0.1', 'Mozilla/5.0 (Windows NT 10.0; Win64; x64) AppleWebKit/537.36 (KHTML, like Gecko) Chrome/143.0.0.0 Safari/537.36', 'https://compro-logistic-laravel.test', 'https://compro-logistic-laravel.test/', '2026-01-10 00:28:22', '2026-01-10 00:28:22');
INSERT INTO `web_visits` (`id`, `ip_address`, `user_agent`, `url`, `referrer`, `created_at`, `updated_at`) VALUES
	(45, '127.0.0.1', 'Mozilla/5.0 (Windows NT 10.0; Win64; x64) AppleWebKit/537.36 (KHTML, like Gecko) Chrome/143.0.0.0 Safari/537.36', 'https://compro-logistic-laravel.test', 'https://compro-logistic-laravel.test/', '2026-01-10 00:38:27', '2026-01-10 00:38:27');
INSERT INTO `web_visits` (`id`, `ip_address`, `user_agent`, `url`, `referrer`, `created_at`, `updated_at`) VALUES
	(46, '127.0.0.1', 'Mozilla/5.0 (Windows NT 10.0; Win64; x64) AppleWebKit/537.36 (KHTML, like Gecko) Chrome/143.0.0.0 Safari/537.36', 'https://compro-logistic-laravel.test/livewire/update', 'https://compro-logistic-laravel.test/admin/gols', '2026-01-10 00:48:27', '2026-01-10 00:48:27');
INSERT INTO `web_visits` (`id`, `ip_address`, `user_agent`, `url`, `referrer`, `created_at`, `updated_at`) VALUES
	(47, '127.0.0.1', 'Mozilla/5.0 (Windows NT 10.0; Win64; x64) AppleWebKit/537.36 (KHTML, like Gecko) Chrome/143.0.0.0 Safari/537.36', 'https://compro-logistic-laravel.test/livewire/update', 'https://compro-logistic-laravel.test/admin/organizations', '2026-01-10 00:58:37', '2026-01-10 00:58:37');
INSERT INTO `web_visits` (`id`, `ip_address`, `user_agent`, `url`, `referrer`, `created_at`, `updated_at`) VALUES
	(48, '127.0.0.1', 'Mozilla/5.0 (Windows NT 10.0; Win64; x64) AppleWebKit/537.36 (KHTML, like Gecko) Chrome/143.0.0.0 Safari/537.36', 'https://compro-logistic-laravel.test', 'https://compro-logistic-laravel.test/', '2026-01-10 01:11:28', '2026-01-10 01:11:28');
INSERT INTO `web_visits` (`id`, `ip_address`, `user_agent`, `url`, `referrer`, `created_at`, `updated_at`) VALUES
	(49, '127.0.0.1', 'Mozilla/5.0 (Windows NT 10.0; Win64; x64) AppleWebKit/537.36 (KHTML, like Gecko) Chrome/143.0.0.0 Safari/537.36', 'https://compro-logistic-laravel.test', 'https://compro-logistic-laravel.test/', '2026-01-10 01:22:14', '2026-01-10 01:22:14');
INSERT INTO `web_visits` (`id`, `ip_address`, `user_agent`, `url`, `referrer`, `created_at`, `updated_at`) VALUES
	(50, '127.0.0.1', 'Mozilla/5.0 (Windows NT 10.0; Win64; x64) AppleWebKit/537.36 (KHTML, like Gecko) Chrome/143.0.0.0 Safari/537.36', 'https://compro-logistic-laravel.test', NULL, '2026-01-10 01:31:01', '2026-01-10 01:31:01');
INSERT INTO `web_visits` (`id`, `ip_address`, `user_agent`, `url`, `referrer`, `created_at`, `updated_at`) VALUES
	(51, '127.0.0.1', 'Mozilla/5.0 (Windows NT 10.0; Win64; x64) AppleWebKit/537.36 (KHTML, like Gecko) Chrome/143.0.0.0 Safari/537.36', 'https://compro-logistic-laravel.test/livewire/update', 'https://compro-logistic-laravel.test/admin/login', '2026-01-10 01:46:31', '2026-01-10 01:46:31');
INSERT INTO `web_visits` (`id`, `ip_address`, `user_agent`, `url`, `referrer`, `created_at`, `updated_at`) VALUES
	(52, '127.0.0.1', 'Mozilla/5.0 (Windows NT 10.0; Win64; x64) AppleWebKit/537.36 (KHTML, like Gecko) Chrome/143.0.0.0 Safari/537.36', 'https://compro-logistic-laravel.test/livewire/update', 'https://compro-logistic-laravel.test/admin', '2026-01-10 01:56:41', '2026-01-10 01:56:41');
INSERT INTO `web_visits` (`id`, `ip_address`, `user_agent`, `url`, `referrer`, `created_at`, `updated_at`) VALUES
	(53, '127.0.0.1', 'Mozilla/5.0 (Windows NT 10.0; Win64; x64) AppleWebKit/537.36 (KHTML, like Gecko) Chrome/143.0.0.0 Safari/537.36', 'https://compro-logistic-laravel.test', 'https://compro-logistic-laravel.test/', '2026-01-10 15:52:14', '2026-01-10 15:52:14');
INSERT INTO `web_visits` (`id`, `ip_address`, `user_agent`, `url`, `referrer`, `created_at`, `updated_at`) VALUES
	(54, '127.0.0.1', 'Mozilla/5.0 (Windows NT 10.0; Win64; x64) AppleWebKit/537.36 (KHTML, like Gecko) Chrome/143.0.0.0 Safari/537.36', 'https://compro-logistic-laravel.test', 'https://compro-logistic-laravel.test/', '2026-01-10 16:02:22', '2026-01-10 16:02:22');
INSERT INTO `web_visits` (`id`, `ip_address`, `user_agent`, `url`, `referrer`, `created_at`, `updated_at`) VALUES
	(55, '127.0.0.1', 'Mozilla/5.0 (Windows NT 10.0; Win64; x64) AppleWebKit/537.36 (KHTML, like Gecko) Chrome/143.0.0.0 Safari/537.36', 'https://compro-logistic-laravel.test', 'https://compro-logistic-laravel.test/', '2026-01-10 16:12:29', '2026-01-10 16:12:29');
INSERT INTO `web_visits` (`id`, `ip_address`, `user_agent`, `url`, `referrer`, `created_at`, `updated_at`) VALUES
	(56, '127.0.0.1', 'Mozilla/5.0 (Windows NT 10.0; Win64; x64) AppleWebKit/537.36 (KHTML, like Gecko) Chrome/143.0.0.0 Safari/537.36', 'https://compro-logistic-laravel.test', 'https://compro-logistic-laravel.test/', '2026-01-10 16:40:42', '2026-01-10 16:40:42');
INSERT INTO `web_visits` (`id`, `ip_address`, `user_agent`, `url`, `referrer`, `created_at`, `updated_at`) VALUES
	(57, '127.0.0.1', 'Mozilla/5.0 (Windows NT 10.0; Win64; x64) AppleWebKit/537.36 (KHTML, like Gecko) Chrome/143.0.0.0 Safari/537.36', 'https://compro-logistic-laravel.test/service/detail/sea-shipping', 'https://compro-logistic-laravel.test/service', '2026-01-10 17:00:03', '2026-01-10 17:00:03');
INSERT INTO `web_visits` (`id`, `ip_address`, `user_agent`, `url`, `referrer`, `created_at`, `updated_at`) VALUES
	(58, '127.0.0.1', 'Mozilla/5.0 (Windows NT 10.0; Win64; x64) AppleWebKit/537.36 (KHTML, like Gecko) Chrome/143.0.0.0 Safari/537.36', 'https://compro-logistic-laravel.test/service/detail/sea-shipping', 'https://compro-logistic-laravel.test/service', '2026-01-10 17:11:33', '2026-01-10 17:11:33');
INSERT INTO `web_visits` (`id`, `ip_address`, `user_agent`, `url`, `referrer`, `created_at`, `updated_at`) VALUES
	(59, '127.0.0.1', 'Mozilla/5.0 (Windows NT 10.0; Win64; x64) AppleWebKit/537.36 (KHTML, like Gecko) Chrome/143.0.0.0 Safari/537.36', 'https://compro-logistic-laravel.test/livewire/update', 'https://compro-logistic-laravel.test/admin/login', '2026-01-10 17:21:36', '2026-01-10 17:21:36');
INSERT INTO `web_visits` (`id`, `ip_address`, `user_agent`, `url`, `referrer`, `created_at`, `updated_at`) VALUES
	(60, '127.0.0.1', 'Mozilla/5.0 (Windows NT 10.0; Win64; x64) AppleWebKit/537.36 (KHTML, like Gecko) Chrome/143.0.0.0 Safari/537.36', 'https://compro-logistic-laravel.test/about', 'https://compro-logistic-laravel.test/', '2026-01-10 17:33:17', '2026-01-10 17:33:17');
INSERT INTO `web_visits` (`id`, `ip_address`, `user_agent`, `url`, `referrer`, `created_at`, `updated_at`) VALUES
	(61, '127.0.0.1', 'Mozilla/5.0 (Windows NT 10.0; Win64; x64) AppleWebKit/537.36 (KHTML, like Gecko) Chrome/143.0.0.0 Safari/537.36', 'https://compro-logistic-laravel.test/contact', 'https://compro-logistic-laravel.test/about', '2026-01-10 17:44:54', '2026-01-10 17:44:54');
INSERT INTO `web_visits` (`id`, `ip_address`, `user_agent`, `url`, `referrer`, `created_at`, `updated_at`) VALUES
	(62, '127.0.0.1', 'Mozilla/5.0 (Windows NT 10.0; Win64; x64) AppleWebKit/537.36 (KHTML, like Gecko) Chrome/143.0.0.0 Safari/537.36', 'https://compro-logistic-laravel.test/about', 'https://compro-logistic-laravel.test/service/detail/air-freight', '2026-01-10 17:55:45', '2026-01-10 17:55:45');
INSERT INTO `web_visits` (`id`, `ip_address`, `user_agent`, `url`, `referrer`, `created_at`, `updated_at`) VALUES
	(63, '127.0.0.1', 'Mozilla/5.0 (Windows NT 10.0; Win64; x64) AppleWebKit/537.36 (KHTML, like Gecko) Chrome/143.0.0.0 Safari/537.36', 'https://compro-logistic-laravel.test/blog', 'https://compro-logistic-laravel.test/', '2026-01-10 22:02:37', '2026-01-10 22:02:37');
INSERT INTO `web_visits` (`id`, `ip_address`, `user_agent`, `url`, `referrer`, `created_at`, `updated_at`) VALUES
	(64, '127.0.0.1', 'Mozilla/5.0 (Windows NT 10.0; Win64; x64) AppleWebKit/537.36 (KHTML, like Gecko) Chrome/143.0.0.0 Safari/537.36', 'https://compro-logistic-laravel.test/blog', 'https://compro-logistic-laravel.test/contact', '2026-01-10 22:16:24', '2026-01-10 22:16:24');
INSERT INTO `web_visits` (`id`, `ip_address`, `user_agent`, `url`, `referrer`, `created_at`, `updated_at`) VALUES
	(65, '127.0.0.1', 'Mozilla/5.0 (Windows NT 10.0; Win64; x64) AppleWebKit/537.36 (KHTML, like Gecko) Chrome/143.0.0.0 Safari/537.36', 'https://compro-logistic-laravel.test/blog', 'https://compro-logistic-laravel.test/contact', '2026-01-10 22:27:29', '2026-01-10 22:27:29');
INSERT INTO `web_visits` (`id`, `ip_address`, `user_agent`, `url`, `referrer`, `created_at`, `updated_at`) VALUES
	(66, '127.0.0.1', 'Mozilla/5.0 (Windows NT 10.0; Win64; x64) AppleWebKit/537.36 (KHTML, like Gecko) Chrome/143.0.0.0 Safari/537.36', 'https://compro-logistic-laravel.test/livewire/update', 'https://compro-logistic-laravel.test/admin/blogs', '2026-01-10 22:37:33', '2026-01-10 22:37:33');
INSERT INTO `web_visits` (`id`, `ip_address`, `user_agent`, `url`, `referrer`, `created_at`, `updated_at`) VALUES
	(67, '127.0.0.1', 'Mozilla/5.0 (Windows NT 10.0; Win64; x64) AppleWebKit/537.36 (KHTML, like Gecko) Chrome/143.0.0.0 Safari/537.36', 'https://compro-logistic-laravel.test/blog/detail/asdasd', 'https://compro-logistic-laravel.test/blog', '2026-01-10 22:56:59', '2026-01-10 22:56:59');
INSERT INTO `web_visits` (`id`, `ip_address`, `user_agent`, `url`, `referrer`, `created_at`, `updated_at`) VALUES
	(68, '127.0.0.1', 'Mozilla/5.0 (Windows NT 10.0; Win64; x64) AppleWebKit/537.36 (KHTML, like Gecko) Chrome/143.0.0.0 Safari/537.36', 'https://compro-logistic-laravel.test/blog/detail/tips-pengiriman-barang-aman', 'https://compro-logistic-laravel.test/blog', '2026-01-10 23:08:40', '2026-01-10 23:08:40');
INSERT INTO `web_visits` (`id`, `ip_address`, `user_agent`, `url`, `referrer`, `created_at`, `updated_at`) VALUES
	(69, '127.0.0.1', 'Mozilla/5.0 (Windows NT 10.0; Win64; x64) AppleWebKit/537.36 (KHTML, like Gecko) Chrome/143.0.0.0 Safari/537.36', 'https://compro-logistic-laravel.test/blog/detail/tips-pengiriman-barang-aman', 'https://compro-logistic-laravel.test/blog/detail/asdasd', '2026-01-10 23:18:41', '2026-01-10 23:18:41');
INSERT INTO `web_visits` (`id`, `ip_address`, `user_agent`, `url`, `referrer`, `created_at`, `updated_at`) VALUES
	(70, '127.0.0.1', 'Mozilla/5.0 (iPhone; CPU iPhone OS 15_0 like Mac OS X) AppleWebKit/603.1.30 (KHTML, like Gecko) Version/17.5 Mobile/15A5370a Safari/602.1', 'https://compro-logistic-laravel.test/blog/detail/tips-pengiriman-barang-aman', 'https://compro-logistic-laravel.test/blog/detail/tips-pengiriman-barang-aman', '2026-01-10 23:33:43', '2026-01-10 23:33:43');
INSERT INTO `web_visits` (`id`, `ip_address`, `user_agent`, `url`, `referrer`, `created_at`, `updated_at`) VALUES
	(71, '127.0.0.1', 'Mozilla/5.0 (Windows NT 10.0; Win64; x64) AppleWebKit/537.36 (KHTML, like Gecko) Chrome/143.0.0.0 Safari/537.36', 'https://compro-logistic-laravel.test/galery', 'https://compro-logistic-laravel.test/blog?q=barang', '2026-01-10 23:43:51', '2026-01-10 23:43:51');
INSERT INTO `web_visits` (`id`, `ip_address`, `user_agent`, `url`, `referrer`, `created_at`, `updated_at`) VALUES
	(72, '127.0.0.1', 'Mozilla/5.0 (Windows NT 10.0; Win64; x64) AppleWebKit/537.36 (KHTML, like Gecko) Chrome/143.0.0.0 Safari/537.36', 'https://compro-logistic-laravel.test/galery', 'https://compro-logistic-laravel.test/blog?q=barang', '2026-01-11 00:01:23', '2026-01-11 00:01:23');
INSERT INTO `web_visits` (`id`, `ip_address`, `user_agent`, `url`, `referrer`, `created_at`, `updated_at`) VALUES
	(73, '127.0.0.1', 'Mozilla/5.0 (Windows NT 10.0; Win64; x64) AppleWebKit/537.36 (KHTML, like Gecko) Chrome/143.0.0.0 Safari/537.36', 'https://compro-logistic-laravel.test/service', 'https://compro-logistic-laravel.test/about', '2026-01-11 00:11:28', '2026-01-11 00:11:28');
INSERT INTO `web_visits` (`id`, `ip_address`, `user_agent`, `url`, `referrer`, `created_at`, `updated_at`) VALUES
	(74, '127.0.0.1', 'Mozilla/5.0 (Windows NT 10.0; Win64; x64) AppleWebKit/537.36 (KHTML, like Gecko) Chrome/143.0.0.0 Safari/537.36', 'https://compro-logistic-laravel.test/livewire/update', 'https://compro-logistic-laravel.test/admin', '2026-01-11 00:34:13', '2026-01-11 00:34:13');
INSERT INTO `web_visits` (`id`, `ip_address`, `user_agent`, `url`, `referrer`, `created_at`, `updated_at`) VALUES
	(75, '127.0.0.1', 'Mozilla/5.0 (Windows NT 10.0; Win64; x64) AppleWebKit/537.36 (KHTML, like Gecko) Chrome/143.0.0.0 Safari/537.36', 'https://compro-logistic-laravel.test/livewire/update', 'https://compro-logistic-laravel.test/admin', '2026-01-11 00:47:13', '2026-01-11 00:47:13');
INSERT INTO `web_visits` (`id`, `ip_address`, `user_agent`, `url`, `referrer`, `created_at`, `updated_at`) VALUES
	(76, '127.0.0.1', 'Mozilla/5.0 (Windows NT 10.0; Win64; x64) AppleWebKit/537.36 (KHTML, like Gecko) Chrome/143.0.0.0 Safari/537.36', 'https://compro-logistic-laravel.test/livewire/update', 'https://compro-logistic-laravel.test/admin', '2026-01-11 00:57:13', '2026-01-11 00:57:13');
INSERT INTO `web_visits` (`id`, `ip_address`, `user_agent`, `url`, `referrer`, `created_at`, `updated_at`) VALUES
	(77, '127.0.0.1', 'Mozilla/5.0 (Windows NT 10.0; Win64; x64) AppleWebKit/537.36 (KHTML, like Gecko) Chrome/143.0.0.0 Safari/537.36', 'https://compro-logistic-laravel.test/livewire/update', 'https://compro-logistic-laravel.test/admin', '2026-01-11 01:07:13', '2026-01-11 01:07:13');
INSERT INTO `web_visits` (`id`, `ip_address`, `user_agent`, `url`, `referrer`, `created_at`, `updated_at`) VALUES
	(78, '127.0.0.1', 'Mozilla/5.0 (Windows NT 10.0; Win64; x64) AppleWebKit/537.36 (KHTML, like Gecko) Chrome/143.0.0.0 Safari/537.36', 'https://compro-logistic-laravel.test/livewire/update', 'https://compro-logistic-laravel.test/admin', '2026-01-11 01:18:13', '2026-01-11 01:18:13');
INSERT INTO `web_visits` (`id`, `ip_address`, `user_agent`, `url`, `referrer`, `created_at`, `updated_at`) VALUES
	(79, '127.0.0.1', 'Mozilla/5.0 (Windows NT 10.0; Win64; x64) AppleWebKit/537.36 (KHTML, like Gecko) Chrome/143.0.0.0 Safari/537.36', 'https://compro-logistic-laravel.test/livewire/update', 'https://compro-logistic-laravel.test/admin', '2026-01-11 01:30:13', '2026-01-11 01:30:13');
INSERT INTO `web_visits` (`id`, `ip_address`, `user_agent`, `url`, `referrer`, `created_at`, `updated_at`) VALUES
	(80, '127.0.0.1', 'Mozilla/5.0 (Windows NT 10.0; Win64; x64) AppleWebKit/537.36 (KHTML, like Gecko) Chrome/143.0.0.0 Safari/537.36', 'https://compro-logistic-laravel.test', 'https://compro-logistic-laravel.test/', '2026-01-11 23:26:39', '2026-01-11 23:26:39');

