-- --------------------------------------------------------
-- Server OS:                    Win64
-- HeidiSQL Version:             11.2.0.6213
-- --------------------------------------------------------


-- Dumping structure for table compro-logistic-laravel.abouts
CREATE TABLE IF NOT EXISTS `abouts` (
  `id` bigint(20) unsigned NOT NULL AUTO_INCREMENT,
  `name` varchar(255) COLLATE utf8mb4_unicode_ci NOT NULL,
  `description` longtext COLLATE utf8mb4_unicode_ci,
  `cover` varchar(255) COLLATE utf8mb4_unicode_ci DEFAULT NULL,
  `legalitas` text COLLATE utf8mb4_unicode_ci,
  `created_at` timestamp NULL DEFAULT NULL,
  `updated_at` timestamp NULL DEFAULT NULL,
  PRIMARY KEY (`id`)
) ENGINE=InnoDB AUTO_INCREMENT=2 DEFAULT CHARSET=utf8mb4 COLLATE=utf8mb4_unicode_ci;

-- Dumping data for table compro-logistic-laravel.abouts: ~0 rows (approximately)
INSERT INTO `abouts` (`id`, `name`, `description`, `cover`, `legalitas`, `created_at`, `updated_at`) VALUES
	(1, 'Why Choose Us?', '<p>PT Aji Jaya Logistic is committed to providing reliable, efficient, and secure logistics services tailored to your business needs.</p><ul><li><strong>Reliable Transportation</strong><br> Trusted delivery services with a strong commitment to safety and punctuality.</li><li><strong>Professional Handling</strong><br> Every shipment is handled by experienced and trained logistics personnel.</li><li><strong>On-Time Delivery</strong><br> We ensure your goods arrive safely and on schedule.</li></ul>', 'about/01KEHXRMVNQCGRBHYQMDQV6SCH.png', 'about/01KEHXPKQ39X7H7EGRJVRAZCV0.pdf', '2026-01-09 00:03:57', '2026-01-10 00:45:33');

-- Dumping structure for table compro-logistic-laravel.blogs
CREATE TABLE IF NOT EXISTS `blogs` (
  `id` bigint(20) unsigned NOT NULL AUTO_INCREMENT,
  `category_id` json DEFAULT NULL,
  `name` varchar(255) COLLATE utf8mb4_unicode_ci NOT NULL,
  `slug` varchar(255) COLLATE utf8mb4_unicode_ci NOT NULL,
  `description` longtext COLLATE utf8mb4_unicode_ci,
  `cover` varchar(255) COLLATE utf8mb4_unicode_ci DEFAULT NULL,
  `image` json DEFAULT NULL,
  `created_at` timestamp NULL DEFAULT NULL,
  `updated_at` timestamp NULL DEFAULT NULL,
  PRIMARY KEY (`id`),
  UNIQUE KEY `blogs_slug_unique` (`slug`)
) ENGINE=InnoDB AUTO_INCREMENT=4 DEFAULT CHARSET=utf8mb4 COLLATE=utf8mb4_unicode_ci;

-- Dumping data for table compro-logistic-laravel.blogs: ~3 rows (approximately)
INSERT INTO `blogs` (`id`, `category_id`, `name`, `slug`, `description`, `cover`, `image`, `created_at`, `updated_at`) VALUES
	(1, '[1, 2, "4"]', 'Tips Pengiriman Barang Aman ', 'tips-pengiriman-barang-aman', 'Berikut beberapa tips penting agar pengiriman barang Anda tetap aman sampai tujuan.', 'blog/01KEM7YFCXQQ5WAA538FTSPD9A.jpg', '[{"judul": "Image", "galeri": "blog/01KEM7YFCZ49ZTDP5Y5YXMWV5H.jpg"}]', '2026-01-09 00:03:57', '2026-01-10 22:21:09');
INSERT INTO `blogs` (`id`, `category_id`, `name`, `slug`, `description`, `cover`, `image`, `created_at`, `updated_at`) VALUES
	(2, '["1"]', 'asdasd', 'asdasd', 'asd', 'blog/01KEM8X701YS9RS1QVXMBJXKDS.jpg', '[{"judul": "Image", "galeri": "blog/01KEM8X703VGY8QZNVBZ5BZYTM.jpg"}]', '2026-01-10 22:37:57', '2026-01-10 22:37:57');
INSERT INTO `blogs` (`id`, `category_id`, `name`, `slug`, `description`, `cover`, `image`, `created_at`, `updated_at`) VALUES
	(3, '["4"]', 'asaaaaa', 'asaaaaa', 'aa', 'blog/01KEM8Y1RFGTWDSQW95T63YWFE.jpg', '[{"judul": "Image", "galeri": "blog/01KEM8Y1RHBS00NQPCMD3T5774.jpg"}]', '2026-01-10 22:38:24', '2026-01-10 22:38:24');

-- Dumping structure for table compro-logistic-laravel.breezy_sessions
CREATE TABLE IF NOT EXISTS `breezy_sessions` (
  `id` bigint(20) unsigned NOT NULL AUTO_INCREMENT,
  `authenticatable_type` varchar(255) COLLATE utf8mb4_unicode_ci NOT NULL,
  `authenticatable_id` bigint(20) unsigned NOT NULL,
  `panel_id` varchar(255) COLLATE utf8mb4_unicode_ci DEFAULT NULL,
  `guard` varchar(255) COLLATE utf8mb4_unicode_ci DEFAULT NULL,
  `ip_address` varchar(45) COLLATE utf8mb4_unicode_ci DEFAULT NULL,
  `user_agent` text COLLATE utf8mb4_unicode_ci,
  `expires_at` timestamp NULL DEFAULT NULL,
  `two_factor_secret` text COLLATE utf8mb4_unicode_ci,
  `two_factor_recovery_codes` text COLLATE utf8mb4_unicode_ci,
  `two_factor_confirmed_at` timestamp NULL DEFAULT NULL,
  `created_at` timestamp NULL DEFAULT NULL,
  `updated_at` timestamp NULL DEFAULT NULL,
  PRIMARY KEY (`id`)
) ENGINE=InnoDB DEFAULT CHARSET=utf8mb4 COLLATE=utf8mb4_unicode_ci;

-- Dumping data for table compro-logistic-laravel.breezy_sessions: ~0 rows (approximately)

-- Dumping structure for table compro-logistic-laravel.brochures
CREATE TABLE IF NOT EXISTS `brochures` (
  `id` bigint(20) unsigned NOT NULL AUTO_INCREMENT,
  `name` varchar(255) COLLATE utf8mb4_unicode_ci NOT NULL,
  `description` text COLLATE utf8mb4_unicode_ci,
  `file` varchar(255) COLLATE utf8mb4_unicode_ci NOT NULL,
  `is_active` tinyint(1) NOT NULL DEFAULT '1',
  `created_at` timestamp NULL DEFAULT NULL,
  `updated_at` timestamp NULL DEFAULT NULL,
  PRIMARY KEY (`id`)
) ENGINE=InnoDB AUTO_INCREMENT=3 DEFAULT CHARSET=utf8mb4 COLLATE=utf8mb4_unicode_ci;

-- Dumping data for table compro-logistic-laravel.brochures: ~0 rows (approximately)
INSERT INTO `brochures` (`id`, `name`, `description`, `file`, `is_active`, `created_at`, `updated_at`) VALUES
	(1, 'Company Profile 2025', 'Brosur resmi perusahaan logistik.', 'brochures/company-profile.pdf', 0, '2026-01-09 00:03:57', '2026-01-09 14:25:15');
INSERT INTO `brochures` (`id`, `name`, `description`, `file`, `is_active`, `created_at`, `updated_at`) VALUES
	(2, 'New brochure', 'asdasdasd', 'brochure/01KEGTABQ3M1VJYYDWJXMSNGFV.pdf', 1, '2026-01-09 14:25:15', '2026-01-09 14:25:15');

-- Dumping structure for table compro-logistic-laravel.cache
CREATE TABLE IF NOT EXISTS `cache` (
  `key` varchar(255) COLLATE utf8mb4_unicode_ci NOT NULL,
  `value` mediumtext COLLATE utf8mb4_unicode_ci NOT NULL,
  `expiration` int(11) NOT NULL,
  PRIMARY KEY (`key`)
) ENGINE=InnoDB DEFAULT CHARSET=utf8mb4 COLLATE=utf8mb4_unicode_ci;

-- Dumping data for table compro-logistic-laravel.cache: ~4 rows (approximately)
INSERT INTO `cache` (`key`, `value`, `expiration`) VALUES
	('laravel-cache-356a192b7913b04c54574d18c28d46e6395428ab', 'i:1;', 1768064923);
INSERT INTO `cache` (`key`, `value`, `expiration`) VALUES
	('laravel-cache-356a192b7913b04c54574d18c28d46e6395428ab:timer', 'i:1768064923;', 1768064923);
INSERT INTO `cache` (`key`, `value`, `expiration`) VALUES
	('laravel-cache-spatie.permission.cache', 'a:3:{s:5:"alias";a:4:{s:1:"a";s:2:"id";s:1:"b";s:4:"name";s:1:"c";s:10:"guard_name";s:1:"r";s:5:"roles";}s:11:"permissions";a:211:{i:0;a:4:{s:1:"a";i:1;s:1:"b";s:9:"view_role";s:1:"c";s:3:"web";s:1:"r";a:1:{i:0;i:1;}}i:1;a:4:{s:1:"a";i:2;s:1:"b";s:13:"view_any_role";s:1:"c";s:3:"web";s:1:"r";a:1:{i:0;i:1;}}i:2;a:4:{s:1:"a";i:3;s:1:"b";s:11:"create_role";s:1:"c";s:3:"web";s:1:"r";a:1:{i:0;i:1;}}i:3;a:4:{s:1:"a";i:4;s:1:"b";s:11:"update_role";s:1:"c";s:3:"web";s:1:"r";a:1:{i:0;i:1;}}i:4;a:4:{s:1:"a";i:5;s:1:"b";s:11:"delete_role";s:1:"c";s:3:"web";s:1:"r";a:1:{i:0;i:1;}}i:5;a:4:{s:1:"a";i:6;s:1:"b";s:15:"delete_any_role";s:1:"c";s:3:"web";s:1:"r";a:1:{i:0;i:1;}}i:6;a:4:{s:1:"a";i:7;s:1:"b";s:10:"view_about";s:1:"c";s:3:"web";s:1:"r";a:1:{i:0;i:1;}}i:7;a:4:{s:1:"a";i:8;s:1:"b";s:14:"view_any_about";s:1:"c";s:3:"web";s:1:"r";a:1:{i:0;i:1;}}i:8;a:4:{s:1:"a";i:9;s:1:"b";s:12:"create_about";s:1:"c";s:3:"web";s:1:"r";a:1:{i:0;i:1;}}i:9;a:4:{s:1:"a";i:10;s:1:"b";s:12:"update_about";s:1:"c";s:3:"web";s:1:"r";a:1:{i:0;i:1;}}i:10;a:4:{s:1:"a";i:11;s:1:"b";s:13:"restore_about";s:1:"c";s:3:"web";s:1:"r";a:1:{i:0;i:1;}}i:11;a:4:{s:1:"a";i:12;s:1:"b";s:17:"restore_any_about";s:1:"c";s:3:"web";s:1:"r";a:1:{i:0;i:1;}}i:12;a:4:{s:1:"a";i:13;s:1:"b";s:15:"replicate_about";s:1:"c";s:3:"web";s:1:"r";a:1:{i:0;i:1;}}i:13;a:4:{s:1:"a";i:14;s:1:"b";s:13:"reorder_about";s:1:"c";s:3:"web";s:1:"r";a:1:{i:0;i:1;}}i:14;a:4:{s:1:"a";i:15;s:1:"b";s:12:"delete_about";s:1:"c";s:3:"web";s:1:"r";a:1:{i:0;i:1;}}i:15;a:4:{s:1:"a";i:16;s:1:"b";s:16:"delete_any_about";s:1:"c";s:3:"web";s:1:"r";a:1:{i:0;i:1;}}i:16;a:4:{s:1:"a";i:17;s:1:"b";s:18:"force_delete_about";s:1:"c";s:3:"web";s:1:"r";a:1:{i:0;i:1;}}i:17;a:4:{s:1:"a";i:18;s:1:"b";s:22:"force_delete_any_about";s:1:"c";s:3:"web";s:1:"r";a:1:{i:0;i:1;}}i:18;a:4:{s:1:"a";i:19;s:1:"b";s:9:"view_blog";s:1:"c";s:3:"web";s:1:"r";a:1:{i:0;i:1;}}i:19;a:4:{s:1:"a";i:20;s:1:"b";s:13:"view_any_blog";s:1:"c";s:3:"web";s:1:"r";a:1:{i:0;i:1;}}i:20;a:4:{s:1:"a";i:21;s:1:"b";s:11:"create_blog";s:1:"c";s:3:"web";s:1:"r";a:1:{i:0;i:1;}}i:21;a:4:{s:1:"a";i:22;s:1:"b";s:11:"update_blog";s:1:"c";s:3:"web";s:1:"r";a:1:{i:0;i:1;}}i:22;a:4:{s:1:"a";i:23;s:1:"b";s:12:"restore_blog";s:1:"c";s:3:"web";s:1:"r";a:1:{i:0;i:1;}}i:23;a:4:{s:1:"a";i:24;s:1:"b";s:16:"restore_any_blog";s:1:"c";s:3:"web";s:1:"r";a:1:{i:0;i:1;}}i:24;a:4:{s:1:"a";i:25;s:1:"b";s:14:"replicate_blog";s:1:"c";s:3:"web";s:1:"r";a:1:{i:0;i:1;}}i:25;a:4:{s:1:"a";i:26;s:1:"b";s:12:"reorder_blog";s:1:"c";s:3:"web";s:1:"r";a:1:{i:0;i:1;}}i:26;a:4:{s:1:"a";i:27;s:1:"b";s:11:"delete_blog";s:1:"c";s:3:"web";s:1:"r";a:1:{i:0;i:1;}}i:27;a:4:{s:1:"a";i:28;s:1:"b";s:15:"delete_any_blog";s:1:"c";s:3:"web";s:1:"r";a:1:{i:0;i:1;}}i:28;a:4:{s:1:"a";i:29;s:1:"b";s:17:"force_delete_blog";s:1:"c";s:3:"web";s:1:"r";a:1:{i:0;i:1;}}i:29;a:4:{s:1:"a";i:30;s:1:"b";s:21:"force_delete_any_blog";s:1:"c";s:3:"web";s:1:"r";a:1:{i:0;i:1;}}i:30;a:4:{s:1:"a";i:31;s:1:"b";s:13:"view_brochure";s:1:"c";s:3:"web";s:1:"r";a:1:{i:0;i:1;}}i:31;a:4:{s:1:"a";i:32;s:1:"b";s:17:"view_any_brochure";s:1:"c";s:3:"web";s:1:"r";a:1:{i:0;i:1;}}i:32;a:4:{s:1:"a";i:33;s:1:"b";s:15:"create_brochure";s:1:"c";s:3:"web";s:1:"r";a:1:{i:0;i:1;}}i:33;a:4:{s:1:"a";i:34;s:1:"b";s:15:"update_brochure";s:1:"c";s:3:"web";s:1:"r";a:1:{i:0;i:1;}}i:34;a:4:{s:1:"a";i:35;s:1:"b";s:16:"restore_brochure";s:1:"c";s:3:"web";s:1:"r";a:1:{i:0;i:1;}}i:35;a:4:{s:1:"a";i:36;s:1:"b";s:20:"restore_any_brochure";s:1:"c";s:3:"web";s:1:"r";a:1:{i:0;i:1;}}i:36;a:4:{s:1:"a";i:37;s:1:"b";s:18:"replicate_brochure";s:1:"c";s:3:"web";s:1:"r";a:1:{i:0;i:1;}}i:37;a:4:{s:1:"a";i:38;s:1:"b";s:16:"reorder_brochure";s:1:"c";s:3:"web";s:1:"r";a:1:{i:0;i:1;}}i:38;a:4:{s:1:"a";i:39;s:1:"b";s:15:"delete_brochure";s:1:"c";s:3:"web";s:1:"r";a:1:{i:0;i:1;}}i:39;a:4:{s:1:"a";i:40;s:1:"b";s:19:"delete_any_brochure";s:1:"c";s:3:"web";s:1:"r";a:1:{i:0;i:1;}}i:40;a:4:{s:1:"a";i:41;s:1:"b";s:21:"force_delete_brochure";s:1:"c";s:3:"web";s:1:"r";a:1:{i:0;i:1;}}i:41;a:4:{s:1:"a";i:42;s:1:"b";s:25:"force_delete_any_brochure";s:1:"c";s:3:"web";s:1:"r";a:1:{i:0;i:1;}}i:42;a:4:{s:1:"a";i:43;s:1:"b";s:19:"view_category::blog";s:1:"c";s:3:"web";s:1:"r";a:1:{i:0;i:1;}}i:43;a:4:{s:1:"a";i:44;s:1:"b";s:23:"view_any_category::blog";s:1:"c";s:3:"web";s:1:"r";a:1:{i:0;i:1;}}i:44;a:4:{s:1:"a";i:45;s:1:"b";s:21:"create_category::blog";s:1:"c";s:3:"web";s:1:"r";a:1:{i:0;i:1;}}i:45;a:4:{s:1:"a";i:46;s:1:"b";s:21:"update_category::blog";s:1:"c";s:3:"web";s:1:"r";a:1:{i:0;i:1;}}i:46;a:4:{s:1:"a";i:47;s:1:"b";s:22:"restore_category::blog";s:1:"c";s:3:"web";s:1:"r";a:1:{i:0;i:1;}}i:47;a:4:{s:1:"a";i:48;s:1:"b";s:26:"restore_any_category::blog";s:1:"c";s:3:"web";s:1:"r";a:1:{i:0;i:1;}}i:48;a:4:{s:1:"a";i:49;s:1:"b";s:24:"replicate_category::blog";s:1:"c";s:3:"web";s:1:"r";a:1:{i:0;i:1;}}i:49;a:4:{s:1:"a";i:50;s:1:"b";s:22:"reorder_category::blog";s:1:"c";s:3:"web";s:1:"r";a:1:{i:0;i:1;}}i:50;a:4:{s:1:"a";i:51;s:1:"b";s:21:"delete_category::blog";s:1:"c";s:3:"web";s:1:"r";a:1:{i:0;i:1;}}i:51;a:4:{s:1:"a";i:52;s:1:"b";s:25:"delete_any_category::blog";s:1:"c";s:3:"web";s:1:"r";a:1:{i:0;i:1;}}i:52;a:4:{s:1:"a";i:53;s:1:"b";s:27:"force_delete_category::blog";s:1:"c";s:3:"web";s:1:"r";a:1:{i:0;i:1;}}i:53;a:4:{s:1:"a";i:54;s:1:"b";s:31:"force_delete_any_category::blog";s:1:"c";s:3:"web";s:1:"r";a:1:{i:0;i:1;}}i:54;a:4:{s:1:"a";i:55;s:1:"b";s:12:"view_comment";s:1:"c";s:3:"web";s:1:"r";a:1:{i:0;i:1;}}i:55;a:4:{s:1:"a";i:56;s:1:"b";s:16:"view_any_comment";s:1:"c";s:3:"web";s:1:"r";a:1:{i:0;i:1;}}i:56;a:4:{s:1:"a";i:57;s:1:"b";s:14:"create_comment";s:1:"c";s:3:"web";s:1:"r";a:1:{i:0;i:1;}}i:57;a:4:{s:1:"a";i:58;s:1:"b";s:14:"update_comment";s:1:"c";s:3:"web";s:1:"r";a:1:{i:0;i:1;}}i:58;a:4:{s:1:"a";i:59;s:1:"b";s:15:"restore_comment";s:1:"c";s:3:"web";s:1:"r";a:1:{i:0;i:1;}}i:59;a:4:{s:1:"a";i:60;s:1:"b";s:19:"restore_any_comment";s:1:"c";s:3:"web";s:1:"r";a:1:{i:0;i:1;}}i:60;a:4:{s:1:"a";i:61;s:1:"b";s:17:"replicate_comment";s:1:"c";s:3:"web";s:1:"r";a:1:{i:0;i:1;}}i:61;a:4:{s:1:"a";i:62;s:1:"b";s:15:"reorder_comment";s:1:"c";s:3:"web";s:1:"r";a:1:{i:0;i:1;}}i:62;a:4:{s:1:"a";i:63;s:1:"b";s:14:"delete_comment";s:1:"c";s:3:"web";s:1:"r";a:1:{i:0;i:1;}}i:63;a:4:{s:1:"a";i:64;s:1:"b";s:18:"delete_any_comment";s:1:"c";s:3:"web";s:1:"r";a:1:{i:0;i:1;}}i:64;a:4:{s:1:"a";i:65;s:1:"b";s:20:"force_delete_comment";s:1:"c";s:3:"web";s:1:"r";a:1:{i:0;i:1;}}i:65;a:4:{s:1:"a";i:66;s:1:"b";s:24:"force_delete_any_comment";s:1:"c";s:3:"web";s:1:"r";a:1:{i:0;i:1;}}i:66;a:4:{s:1:"a";i:67;s:1:"b";s:12:"view_contact";s:1:"c";s:3:"web";s:1:"r";a:1:{i:0;i:1;}}i:67;a:4:{s:1:"a";i:68;s:1:"b";s:16:"view_any_contact";s:1:"c";s:3:"web";s:1:"r";a:1:{i:0;i:1;}}i:68;a:4:{s:1:"a";i:69;s:1:"b";s:14:"create_contact";s:1:"c";s:3:"web";s:1:"r";a:1:{i:0;i:1;}}i:69;a:4:{s:1:"a";i:70;s:1:"b";s:14:"update_contact";s:1:"c";s:3:"web";s:1:"r";a:1:{i:0;i:1;}}i:70;a:4:{s:1:"a";i:71;s:1:"b";s:15:"restore_contact";s:1:"c";s:3:"web";s:1:"r";a:1:{i:0;i:1;}}i:71;a:4:{s:1:"a";i:72;s:1:"b";s:19:"restore_any_contact";s:1:"c";s:3:"web";s:1:"r";a:1:{i:0;i:1;}}i:72;a:4:{s:1:"a";i:73;s:1:"b";s:17:"replicate_contact";s:1:"c";s:3:"web";s:1:"r";a:1:{i:0;i:1;}}i:73;a:4:{s:1:"a";i:74;s:1:"b";s:15:"reorder_contact";s:1:"c";s:3:"web";s:1:"r";a:1:{i:0;i:1;}}i:74;a:4:{s:1:"a";i:75;s:1:"b";s:14:"delete_contact";s:1:"c";s:3:"web";s:1:"r";a:1:{i:0;i:1;}}i:75;a:4:{s:1:"a";i:76;s:1:"b";s:18:"delete_any_contact";s:1:"c";s:3:"web";s:1:"r";a:1:{i:0;i:1;}}i:76;a:4:{s:1:"a";i:77;s:1:"b";s:20:"force_delete_contact";s:1:"c";s:3:"web";s:1:"r";a:1:{i:0;i:1;}}i:77;a:4:{s:1:"a";i:78;s:1:"b";s:24:"force_delete_any_contact";s:1:"c";s:3:"web";s:1:"r";a:1:{i:0;i:1;}}i:78;a:4:{s:1:"a";i:79;s:1:"b";s:13:"view_estimate";s:1:"c";s:3:"web";s:1:"r";a:1:{i:0;i:1;}}i:79;a:4:{s:1:"a";i:80;s:1:"b";s:17:"view_any_estimate";s:1:"c";s:3:"web";s:1:"r";a:1:{i:0;i:1;}}i:80;a:4:{s:1:"a";i:81;s:1:"b";s:15:"create_estimate";s:1:"c";s:3:"web";s:1:"r";a:1:{i:0;i:1;}}i:81;a:4:{s:1:"a";i:82;s:1:"b";s:15:"update_estimate";s:1:"c";s:3:"web";s:1:"r";a:1:{i:0;i:1;}}i:82;a:4:{s:1:"a";i:83;s:1:"b";s:16:"restore_estimate";s:1:"c";s:3:"web";s:1:"r";a:1:{i:0;i:1;}}i:83;a:4:{s:1:"a";i:84;s:1:"b";s:20:"restore_any_estimate";s:1:"c";s:3:"web";s:1:"r";a:1:{i:0;i:1;}}i:84;a:4:{s:1:"a";i:85;s:1:"b";s:18:"replicate_estimate";s:1:"c";s:3:"web";s:1:"r";a:1:{i:0;i:1;}}i:85;a:4:{s:1:"a";i:86;s:1:"b";s:16:"reorder_estimate";s:1:"c";s:3:"web";s:1:"r";a:1:{i:0;i:1;}}i:86;a:4:{s:1:"a";i:87;s:1:"b";s:15:"delete_estimate";s:1:"c";s:3:"web";s:1:"r";a:1:{i:0;i:1;}}i:87;a:4:{s:1:"a";i:88;s:1:"b";s:19:"delete_any_estimate";s:1:"c";s:3:"web";s:1:"r";a:1:{i:0;i:1;}}i:88;a:4:{s:1:"a";i:89;s:1:"b";s:21:"force_delete_estimate";s:1:"c";s:3:"web";s:1:"r";a:1:{i:0;i:1;}}i:89;a:4:{s:1:"a";i:90;s:1:"b";s:25:"force_delete_any_estimate";s:1:"c";s:3:"web";s:1:"r";a:1:{i:0;i:1;}}i:90;a:4:{s:1:"a";i:91;s:1:"b";s:8:"view_faq";s:1:"c";s:3:"web";s:1:"r";a:1:{i:0;i:1;}}i:91;a:4:{s:1:"a";i:92;s:1:"b";s:12:"view_any_faq";s:1:"c";s:3:"web";s:1:"r";a:1:{i:0;i:1;}}i:92;a:4:{s:1:"a";i:93;s:1:"b";s:10:"create_faq";s:1:"c";s:3:"web";s:1:"r";a:1:{i:0;i:1;}}i:93;a:4:{s:1:"a";i:94;s:1:"b";s:10:"update_faq";s:1:"c";s:3:"web";s:1:"r";a:1:{i:0;i:1;}}i:94;a:4:{s:1:"a";i:95;s:1:"b";s:11:"restore_faq";s:1:"c";s:3:"web";s:1:"r";a:1:{i:0;i:1;}}i:95;a:4:{s:1:"a";i:96;s:1:"b";s:15:"restore_any_faq";s:1:"c";s:3:"web";s:1:"r";a:1:{i:0;i:1;}}i:96;a:4:{s:1:"a";i:97;s:1:"b";s:13:"replicate_faq";s:1:"c";s:3:"web";s:1:"r";a:1:{i:0;i:1;}}i:97;a:4:{s:1:"a";i:98;s:1:"b";s:11:"reorder_faq";s:1:"c";s:3:"web";s:1:"r";a:1:{i:0;i:1;}}i:98;a:4:{s:1:"a";i:99;s:1:"b";s:10:"delete_faq";s:1:"c";s:3:"web";s:1:"r";a:1:{i:0;i:1;}}i:99;a:4:{s:1:"a";i:100;s:1:"b";s:14:"delete_any_faq";s:1:"c";s:3:"web";s:1:"r";a:1:{i:0;i:1;}}i:100;a:4:{s:1:"a";i:101;s:1:"b";s:16:"force_delete_faq";s:1:"c";s:3:"web";s:1:"r";a:1:{i:0;i:1;}}i:101;a:4:{s:1:"a";i:102;s:1:"b";s:20:"force_delete_any_faq";s:1:"c";s:3:"web";s:1:"r";a:1:{i:0;i:1;}}i:102;a:4:{s:1:"a";i:103;s:1:"b";s:11:"view_galeri";s:1:"c";s:3:"web";s:1:"r";a:1:{i:0;i:1;}}i:103;a:4:{s:1:"a";i:104;s:1:"b";s:15:"view_any_galeri";s:1:"c";s:3:"web";s:1:"r";a:1:{i:0;i:1;}}i:104;a:4:{s:1:"a";i:105;s:1:"b";s:13:"create_galeri";s:1:"c";s:3:"web";s:1:"r";a:1:{i:0;i:1;}}i:105;a:4:{s:1:"a";i:106;s:1:"b";s:13:"update_galeri";s:1:"c";s:3:"web";s:1:"r";a:1:{i:0;i:1;}}i:106;a:4:{s:1:"a";i:107;s:1:"b";s:14:"restore_galeri";s:1:"c";s:3:"web";s:1:"r";a:1:{i:0;i:1;}}i:107;a:4:{s:1:"a";i:108;s:1:"b";s:18:"restore_any_galeri";s:1:"c";s:3:"web";s:1:"r";a:1:{i:0;i:1;}}i:108;a:4:{s:1:"a";i:109;s:1:"b";s:16:"replicate_galeri";s:1:"c";s:3:"web";s:1:"r";a:1:{i:0;i:1;}}i:109;a:4:{s:1:"a";i:110;s:1:"b";s:14:"reorder_galeri";s:1:"c";s:3:"web";s:1:"r";a:1:{i:0;i:1;}}i:110;a:4:{s:1:"a";i:111;s:1:"b";s:13:"delete_galeri";s:1:"c";s:3:"web";s:1:"r";a:1:{i:0;i:1;}}i:111;a:4:{s:1:"a";i:112;s:1:"b";s:17:"delete_any_galeri";s:1:"c";s:3:"web";s:1:"r";a:1:{i:0;i:1;}}i:112;a:4:{s:1:"a";i:113;s:1:"b";s:19:"force_delete_galeri";s:1:"c";s:3:"web";s:1:"r";a:1:{i:0;i:1;}}i:113;a:4:{s:1:"a";i:114;s:1:"b";s:23:"force_delete_any_galeri";s:1:"c";s:3:"web";s:1:"r";a:1:{i:0;i:1;}}i:114;a:4:{s:1:"a";i:115;s:1:"b";s:8:"view_gol";s:1:"c";s:3:"web";s:1:"r";a:1:{i:0;i:1;}}i:115;a:4:{s:1:"a";i:116;s:1:"b";s:12:"view_any_gol";s:1:"c";s:3:"web";s:1:"r";a:1:{i:0;i:1;}}i:116;a:4:{s:1:"a";i:117;s:1:"b";s:10:"create_gol";s:1:"c";s:3:"web";s:1:"r";a:1:{i:0;i:1;}}i:117;a:4:{s:1:"a";i:118;s:1:"b";s:10:"update_gol";s:1:"c";s:3:"web";s:1:"r";a:1:{i:0;i:1;}}i:118;a:4:{s:1:"a";i:119;s:1:"b";s:11:"restore_gol";s:1:"c";s:3:"web";s:1:"r";a:1:{i:0;i:1;}}i:119;a:4:{s:1:"a";i:120;s:1:"b";s:15:"restore_any_gol";s:1:"c";s:3:"web";s:1:"r";a:1:{i:0;i:1;}}i:120;a:4:{s:1:"a";i:121;s:1:"b";s:13:"replicate_gol";s:1:"c";s:3:"web";s:1:"r";a:1:{i:0;i:1;}}i:121;a:4:{s:1:"a";i:122;s:1:"b";s:11:"reorder_gol";s:1:"c";s:3:"web";s:1:"r";a:1:{i:0;i:1;}}i:122;a:4:{s:1:"a";i:123;s:1:"b";s:10:"delete_gol";s:1:"c";s:3:"web";s:1:"r";a:1:{i:0;i:1;}}i:123;a:4:{s:1:"a";i:124;s:1:"b";s:14:"delete_any_gol";s:1:"c";s:3:"web";s:1:"r";a:1:{i:0;i:1;}}i:124;a:4:{s:1:"a";i:125;s:1:"b";s:16:"force_delete_gol";s:1:"c";s:3:"web";s:1:"r";a:1:{i:0;i:1;}}i:125;a:4:{s:1:"a";i:126;s:1:"b";s:20:"force_delete_any_gol";s:1:"c";s:3:"web";s:1:"r";a:1:{i:0;i:1;}}i:126;a:4:{s:1:"a";i:127;s:1:"b";s:20:"view_instagram::feed";s:1:"c";s:3:"web";s:1:"r";a:1:{i:0;i:1;}}i:127;a:4:{s:1:"a";i:128;s:1:"b";s:24:"view_any_instagram::feed";s:1:"c";s:3:"web";s:1:"r";a:1:{i:0;i:1;}}i:128;a:4:{s:1:"a";i:129;s:1:"b";s:22:"create_instagram::feed";s:1:"c";s:3:"web";s:1:"r";a:1:{i:0;i:1;}}i:129;a:4:{s:1:"a";i:130;s:1:"b";s:22:"update_instagram::feed";s:1:"c";s:3:"web";s:1:"r";a:1:{i:0;i:1;}}i:130;a:4:{s:1:"a";i:131;s:1:"b";s:23:"restore_instagram::feed";s:1:"c";s:3:"web";s:1:"r";a:1:{i:0;i:1;}}i:131;a:4:{s:1:"a";i:132;s:1:"b";s:27:"restore_any_instagram::feed";s:1:"c";s:3:"web";s:1:"r";a:1:{i:0;i:1;}}i:132;a:4:{s:1:"a";i:133;s:1:"b";s:25:"replicate_instagram::feed";s:1:"c";s:3:"web";s:1:"r";a:1:{i:0;i:1;}}i:133;a:4:{s:1:"a";i:134;s:1:"b";s:23:"reorder_instagram::feed";s:1:"c";s:3:"web";s:1:"r";a:1:{i:0;i:1;}}i:134;a:4:{s:1:"a";i:135;s:1:"b";s:22:"delete_instagram::feed";s:1:"c";s:3:"web";s:1:"r";a:1:{i:0;i:1;}}i:135;a:4:{s:1:"a";i:136;s:1:"b";s:26:"delete_any_instagram::feed";s:1:"c";s:3:"web";s:1:"r";a:1:{i:0;i:1;}}i:136;a:4:{s:1:"a";i:137;s:1:"b";s:28:"force_delete_instagram::feed";s:1:"c";s:3:"web";s:1:"r";a:1:{i:0;i:1;}}i:137;a:4:{s:1:"a";i:138;s:1:"b";s:32:"force_delete_any_instagram::feed";s:1:"c";s:3:"web";s:1:"r";a:1:{i:0;i:1;}}i:138;a:4:{s:1:"a";i:139;s:1:"b";s:17:"view_organization";s:1:"c";s:3:"web";s:1:"r";a:1:{i:0;i:1;}}i:139;a:4:{s:1:"a";i:140;s:1:"b";s:21:"view_any_organization";s:1:"c";s:3:"web";s:1:"r";a:1:{i:0;i:1;}}i:140;a:4:{s:1:"a";i:141;s:1:"b";s:19:"create_organization";s:1:"c";s:3:"web";s:1:"r";a:1:{i:0;i:1;}}i:141;a:4:{s:1:"a";i:142;s:1:"b";s:19:"update_organization";s:1:"c";s:3:"web";s:1:"r";a:1:{i:0;i:1;}}i:142;a:4:{s:1:"a";i:143;s:1:"b";s:20:"restore_organization";s:1:"c";s:3:"web";s:1:"r";a:1:{i:0;i:1;}}i:143;a:4:{s:1:"a";i:144;s:1:"b";s:24:"restore_any_organization";s:1:"c";s:3:"web";s:1:"r";a:1:{i:0;i:1;}}i:144;a:4:{s:1:"a";i:145;s:1:"b";s:22:"replicate_organization";s:1:"c";s:3:"web";s:1:"r";a:1:{i:0;i:1;}}i:145;a:4:{s:1:"a";i:146;s:1:"b";s:20:"reorder_organization";s:1:"c";s:3:"web";s:1:"r";a:1:{i:0;i:1;}}i:146;a:4:{s:1:"a";i:147;s:1:"b";s:19:"delete_organization";s:1:"c";s:3:"web";s:1:"r";a:1:{i:0;i:1;}}i:147;a:4:{s:1:"a";i:148;s:1:"b";s:23:"delete_any_organization";s:1:"c";s:3:"web";s:1:"r";a:1:{i:0;i:1;}}i:148;a:4:{s:1:"a";i:149;s:1:"b";s:25:"force_delete_organization";s:1:"c";s:3:"web";s:1:"r";a:1:{i:0;i:1;}}i:149;a:4:{s:1:"a";i:150;s:1:"b";s:29:"force_delete_any_organization";s:1:"c";s:3:"web";s:1:"r";a:1:{i:0;i:1;}}i:150;a:4:{s:1:"a";i:151;s:1:"b";s:12:"view_selogan";s:1:"c";s:3:"web";s:1:"r";a:1:{i:0;i:1;}}i:151;a:4:{s:1:"a";i:152;s:1:"b";s:16:"view_any_selogan";s:1:"c";s:3:"web";s:1:"r";a:1:{i:0;i:1;}}i:152;a:4:{s:1:"a";i:153;s:1:"b";s:14:"create_selogan";s:1:"c";s:3:"web";s:1:"r";a:1:{i:0;i:1;}}i:153;a:4:{s:1:"a";i:154;s:1:"b";s:14:"update_selogan";s:1:"c";s:3:"web";s:1:"r";a:1:{i:0;i:1;}}i:154;a:4:{s:1:"a";i:155;s:1:"b";s:15:"restore_selogan";s:1:"c";s:3:"web";s:1:"r";a:1:{i:0;i:1;}}i:155;a:4:{s:1:"a";i:156;s:1:"b";s:19:"restore_any_selogan";s:1:"c";s:3:"web";s:1:"r";a:1:{i:0;i:1;}}i:156;a:4:{s:1:"a";i:157;s:1:"b";s:17:"replicate_selogan";s:1:"c";s:3:"web";s:1:"r";a:1:{i:0;i:1;}}i:157;a:4:{s:1:"a";i:158;s:1:"b";s:15:"reorder_selogan";s:1:"c";s:3:"web";s:1:"r";a:1:{i:0;i:1;}}i:158;a:4:{s:1:"a";i:159;s:1:"b";s:14:"delete_selogan";s:1:"c";s:3:"web";s:1:"r";a:1:{i:0;i:1;}}i:159;a:4:{s:1:"a";i:160;s:1:"b";s:18:"delete_any_selogan";s:1:"c";s:3:"web";s:1:"r";a:1:{i:0;i:1;}}i:160;a:4:{s:1:"a";i:161;s:1:"b";s:20:"force_delete_selogan";s:1:"c";s:3:"web";s:1:"r";a:1:{i:0;i:1;}}i:161;a:4:{s:1:"a";i:162;s:1:"b";s:24:"force_delete_any_selogan";s:1:"c";s:3:"web";s:1:"r";a:1:{i:0;i:1;}}i:162;a:4:{s:1:"a";i:163;s:1:"b";s:12:"view_service";s:1:"c";s:3:"web";s:1:"r";a:1:{i:0;i:1;}}i:163;a:4:{s:1:"a";i:164;s:1:"b";s:16:"view_any_service";s:1:"c";s:3:"web";s:1:"r";a:1:{i:0;i:1;}}i:164;a:4:{s:1:"a";i:165;s:1:"b";s:14:"create_service";s:1:"c";s:3:"web";s:1:"r";a:1:{i:0;i:1;}}i:165;a:4:{s:1:"a";i:166;s:1:"b";s:14:"update_service";s:1:"c";s:3:"web";s:1:"r";a:1:{i:0;i:1;}}i:166;a:4:{s:1:"a";i:167;s:1:"b";s:15:"restore_service";s:1:"c";s:3:"web";s:1:"r";a:1:{i:0;i:1;}}i:167;a:4:{s:1:"a";i:168;s:1:"b";s:19:"restore_any_service";s:1:"c";s:3:"web";s:1:"r";a:1:{i:0;i:1;}}i:168;a:4:{s:1:"a";i:169;s:1:"b";s:17:"replicate_service";s:1:"c";s:3:"web";s:1:"r";a:1:{i:0;i:1;}}i:169;a:4:{s:1:"a";i:170;s:1:"b";s:15:"reorder_service";s:1:"c";s:3:"web";s:1:"r";a:1:{i:0;i:1;}}i:170;a:4:{s:1:"a";i:171;s:1:"b";s:14:"delete_service";s:1:"c";s:3:"web";s:1:"r";a:1:{i:0;i:1;}}i:171;a:4:{s:1:"a";i:172;s:1:"b";s:18:"delete_any_service";s:1:"c";s:3:"web";s:1:"r";a:1:{i:0;i:1;}}i:172;a:4:{s:1:"a";i:173;s:1:"b";s:20:"force_delete_service";s:1:"c";s:3:"web";s:1:"r";a:1:{i:0;i:1;}}i:173;a:4:{s:1:"a";i:174;s:1:"b";s:24:"force_delete_any_service";s:1:"c";s:3:"web";s:1:"r";a:1:{i:0;i:1;}}i:174;a:4:{s:1:"a";i:175;s:1:"b";s:17:"view_setting::web";s:1:"c";s:3:"web";s:1:"r";a:1:{i:0;i:1;}}i:175;a:4:{s:1:"a";i:176;s:1:"b";s:21:"view_any_setting::web";s:1:"c";s:3:"web";s:1:"r";a:1:{i:0;i:1;}}i:176;a:4:{s:1:"a";i:177;s:1:"b";s:19:"create_setting::web";s:1:"c";s:3:"web";s:1:"r";a:1:{i:0;i:1;}}i:177;a:4:{s:1:"a";i:178;s:1:"b";s:19:"update_setting::web";s:1:"c";s:3:"web";s:1:"r";a:1:{i:0;i:1;}}i:178;a:4:{s:1:"a";i:179;s:1:"b";s:20:"restore_setting::web";s:1:"c";s:3:"web";s:1:"r";a:1:{i:0;i:1;}}i:179;a:4:{s:1:"a";i:180;s:1:"b";s:24:"restore_any_setting::web";s:1:"c";s:3:"web";s:1:"r";a:1:{i:0;i:1;}}i:180;a:4:{s:1:"a";i:181;s:1:"b";s:22:"replicate_setting::web";s:1:"c";s:3:"web";s:1:"r";a:1:{i:0;i:1;}}i:181;a:4:{s:1:"a";i:182;s:1:"b";s:20:"reorder_setting::web";s:1:"c";s:3:"web";s:1:"r";a:1:{i:0;i:1;}}i:182;a:4:{s:1:"a";i:183;s:1:"b";s:19:"delete_setting::web";s:1:"c";s:3:"web";s:1:"r";a:1:{i:0;i:1;}}i:183;a:4:{s:1:"a";i:184;s:1:"b";s:23:"delete_any_setting::web";s:1:"c";s:3:"web";s:1:"r";a:1:{i:0;i:1;}}i:184;a:4:{s:1:"a";i:185;s:1:"b";s:25:"force_delete_setting::web";s:1:"c";s:3:"web";s:1:"r";a:1:{i:0;i:1;}}i:185;a:4:{s:1:"a";i:186;s:1:"b";s:29:"force_delete_any_setting::web";s:1:"c";s:3:"web";s:1:"r";a:1:{i:0;i:1;}}i:186;a:4:{s:1:"a";i:187;s:1:"b";s:18:"view_sosial::media";s:1:"c";s:3:"web";s:1:"r";a:1:{i:0;i:1;}}i:187;a:4:{s:1:"a";i:188;s:1:"b";s:22:"view_any_sosial::media";s:1:"c";s:3:"web";s:1:"r";a:1:{i:0;i:1;}}i:188;a:4:{s:1:"a";i:189;s:1:"b";s:20:"create_sosial::media";s:1:"c";s:3:"web";s:1:"r";a:1:{i:0;i:1;}}i:189;a:4:{s:1:"a";i:190;s:1:"b";s:20:"update_sosial::media";s:1:"c";s:3:"web";s:1:"r";a:1:{i:0;i:1;}}i:190;a:4:{s:1:"a";i:191;s:1:"b";s:21:"restore_sosial::media";s:1:"c";s:3:"web";s:1:"r";a:1:{i:0;i:1;}}i:191;a:4:{s:1:"a";i:192;s:1:"b";s:25:"restore_any_sosial::media";s:1:"c";s:3:"web";s:1:"r";a:1:{i:0;i:1;}}i:192;a:4:{s:1:"a";i:193;s:1:"b";s:23:"replicate_sosial::media";s:1:"c";s:3:"web";s:1:"r";a:1:{i:0;i:1;}}i:193;a:4:{s:1:"a";i:194;s:1:"b";s:21:"reorder_sosial::media";s:1:"c";s:3:"web";s:1:"r";a:1:{i:0;i:1;}}i:194;a:4:{s:1:"a";i:195;s:1:"b";s:20:"delete_sosial::media";s:1:"c";s:3:"web";s:1:"r";a:1:{i:0;i:1;}}i:195;a:4:{s:1:"a";i:196;s:1:"b";s:24:"delete_any_sosial::media";s:1:"c";s:3:"web";s:1:"r";a:1:{i:0;i:1;}}i:196;a:4:{s:1:"a";i:197;s:1:"b";s:26:"force_delete_sosial::media";s:1:"c";s:3:"web";s:1:"r";a:1:{i:0;i:1;}}i:197;a:4:{s:1:"a";i:198;s:1:"b";s:30:"force_delete_any_sosial::media";s:1:"c";s:3:"web";s:1:"r";a:1:{i:0;i:1;}}i:198;a:4:{s:1:"a";i:199;s:1:"b";s:9:"view_user";s:1:"c";s:3:"web";s:1:"r";a:1:{i:0;i:1;}}i:199;a:4:{s:1:"a";i:200;s:1:"b";s:13:"view_any_user";s:1:"c";s:3:"web";s:1:"r";a:1:{i:0;i:1;}}i:200;a:4:{s:1:"a";i:201;s:1:"b";s:11:"create_user";s:1:"c";s:3:"web";s:1:"r";a:1:{i:0;i:1;}}i:201;a:4:{s:1:"a";i:202;s:1:"b";s:11:"update_user";s:1:"c";s:3:"web";s:1:"r";a:1:{i:0;i:1;}}i:202;a:4:{s:1:"a";i:203;s:1:"b";s:12:"restore_user";s:1:"c";s:3:"web";s:1:"r";a:1:{i:0;i:1;}}i:203;a:4:{s:1:"a";i:204;s:1:"b";s:16:"restore_any_user";s:1:"c";s:3:"web";s:1:"r";a:1:{i:0;i:1;}}i:204;a:4:{s:1:"a";i:205;s:1:"b";s:14:"replicate_user";s:1:"c";s:3:"web";s:1:"r";a:1:{i:0;i:1;}}i:205;a:4:{s:1:"a";i:206;s:1:"b";s:12:"reorder_user";s:1:"c";s:3:"web";s:1:"r";a:1:{i:0;i:1;}}i:206;a:4:{s:1:"a";i:207;s:1:"b";s:11:"delete_user";s:1:"c";s:3:"web";s:1:"r";a:1:{i:0;i:1;}}i:207;a:4:{s:1:"a";i:208;s:1:"b";s:15:"delete_any_user";s:1:"c";s:3:"web";s:1:"r";a:1:{i:0;i:1;}}i:208;a:4:{s:1:"a";i:209;s:1:"b";s:17:"force_delete_user";s:1:"c";s:3:"web";s:1:"r";a:1:{i:0;i:1;}}i:209;a:4:{s:1:"a";i:210;s:1:"b";s:21:"force_delete_any_user";s:1:"c";s:3:"web";s:1:"r";a:1:{i:0;i:1;}}i:210;a:4:{s:1:"a";i:211;s:1:"b";s:18:"page_MyProfilePage";s:1:"c";s:3:"web";s:1:"r";a:1:{i:0;i:1;}}}s:5:"roles";a:1:{i:0;a:3:{s:1:"a";i:1;s:1:"b";s:11:"super_admin";s:1:"c";s:3:"web";}}}', 1768070168);
INSERT INTO `cache` (`key`, `value`, `expiration`) VALUES
	('laravel-cache-visit_127.0.0.1', 'b:1;', 1768149399);

-- Dumping structure for table compro-logistic-laravel.cache_locks
CREATE TABLE IF NOT EXISTS `cache_locks` (
  `key` varchar(255) COLLATE utf8mb4_unicode_ci NOT NULL,
  `owner` varchar(255) COLLATE utf8mb4_unicode_ci NOT NULL,
  `expiration` int(11) NOT NULL,
  PRIMARY KEY (`key`)
) ENGINE=InnoDB DEFAULT CHARSET=utf8mb4 COLLATE=utf8mb4_unicode_ci;

-- Dumping data for table compro-logistic-laravel.cache_locks: ~0 rows (approximately)

-- Dumping structure for table compro-logistic-laravel.category_blogs
CREATE TABLE IF NOT EXISTS `category_blogs` (
  `id` bigint(20) unsigned NOT NULL AUTO_INCREMENT,
  `name` varchar(255) COLLATE utf8mb4_unicode_ci NOT NULL,
  `created_at` timestamp NULL DEFAULT NULL,
  `updated_at` timestamp NULL DEFAULT NULL,
  PRIMARY KEY (`id`)
) ENGINE=InnoDB AUTO_INCREMENT=5 DEFAULT CHARSET=utf8mb4 COLLATE=utf8mb4_unicode_ci;

-- Dumping data for table compro-logistic-laravel.category_blogs: ~4 rows (approximately)
INSERT INTO `category_blogs` (`id`, `name`, `created_at`, `updated_at`) VALUES
	(1, 'Logistik', '2026-01-09 00:03:57', '2026-01-09 00:03:57');
INSERT INTO `category_blogs` (`id`, `name`, `created_at`, `updated_at`) VALUES
	(2, 'Pengiriman', '2026-01-09 00:03:57', '2026-01-09 00:03:57');
INSERT INTO `category_blogs` (`id`, `name`, `created_at`, `updated_at`) VALUES
	(3, 'Tips & Trik', '2026-01-09 00:03:57', '2026-01-09 00:03:57');
INSERT INTO `category_blogs` (`id`, `name`, `created_at`, `updated_at`) VALUES
	(4, 'Berita Perusahaan', '2026-01-09 00:03:57', '2026-01-09 00:03:57');

-- Dumping structure for table compro-logistic-laravel.comments
CREATE TABLE IF NOT EXISTS `comments` (
  `id` bigint(20) unsigned NOT NULL AUTO_INCREMENT,
  `blog_id` bigint(20) unsigned NOT NULL,
  `parent_id` bigint(20) unsigned DEFAULT NULL,
  `name` varchar(255) COLLATE utf8mb4_unicode_ci NOT NULL,
  `email` varchar(255) COLLATE utf8mb4_unicode_ci NOT NULL,
  `comment` text COLLATE utf8mb4_unicode_ci NOT NULL,
  `created_at` timestamp NULL DEFAULT NULL,
  `updated_at` timestamp NULL DEFAULT NULL,
  PRIMARY KEY (`id`),
  KEY `comments_blog_id_foreign` (`blog_id`),
  KEY `comments_parent_id_foreign` (`parent_id`),
  CONSTRAINT `comments_blog_id_foreign` FOREIGN KEY (`blog_id`) REFERENCES `blogs` (`id`) ON DELETE CASCADE,
  CONSTRAINT `comments_parent_id_foreign` FOREIGN KEY (`parent_id`) REFERENCES `comments` (`id`) ON DELETE CASCADE
) ENGINE=InnoDB AUTO_INCREMENT=4 DEFAULT CHARSET=utf8mb4 COLLATE=utf8mb4_unicode_ci;

-- Dumping data for table compro-logistic-laravel.comments: ~3 rows (approximately)
INSERT INTO `comments` (`id`, `blog_id`, `parent_id`, `name`, `email`, `comment`, `created_at`, `updated_at`) VALUES
	(1, 1, NULL, 'Budi', 'budi@example.com', 'Artikelnya sangat membantu, terima kasih!', '2026-01-09 00:03:57', '2026-01-09 00:03:57');
INSERT INTO `comments` (`id`, `blog_id`, `parent_id`, `name`, `email`, `comment`, `created_at`, `updated_at`) VALUES
	(2, 1, NULL, 'Siti', 'siti@example.com', 'Penjelasannya jelas dan mudah dipahami.', '2026-01-09 00:03:57', '2026-01-09 00:03:57');
INSERT INTO `comments` (`id`, `blog_id`, `parent_id`, `name`, `email`, `comment`, `created_at`, `updated_at`) VALUES
	(3, 1, 1, 'Admin - PT Aji Jaya Logistic', 'admin@logistic.test', 'terimakasih kak\n', '2026-01-09 14:08:29', '2026-01-09 14:08:29');

-- Dumping structure for table compro-logistic-laravel.contacts
CREATE TABLE IF NOT EXISTS `contacts` (
  `id` bigint(20) unsigned NOT NULL AUTO_INCREMENT,
  `name_company` varchar(255) COLLATE utf8mb4_unicode_ci NOT NULL,
  `phone` varchar(255) COLLATE utf8mb4_unicode_ci DEFAULT NULL,
  `email` varchar(255) COLLATE utf8mb4_unicode_ci DEFAULT NULL,
  `address` text COLLATE utf8mb4_unicode_ci,
  `maps_embed` text COLLATE utf8mb4_unicode_ci,
  `created_at` timestamp NULL DEFAULT NULL,
  `updated_at` timestamp NULL DEFAULT NULL,
  PRIMARY KEY (`id`)
) ENGINE=InnoDB AUTO_INCREMENT=2 DEFAULT CHARSET=utf8mb4 COLLATE=utf8mb4_unicode_ci;

-- Dumping data for table compro-logistic-laravel.contacts: ~0 rows (approximately)
INSERT INTO `contacts` (`id`, `name_company`, `phone`, `email`, `address`, `maps_embed`, `created_at`, `updated_at`) VALUES
	(1, 'PT Aji Jaya Logistic', '+62 812-3456-7890', 'info@logistic.test', 'Jl. Contoh Alamat No. 123, Jakarta, Indonesia', '<iframe src="https://www.google.com/maps/embed?pb=!1m18!1m12!1m3!1d3988.221865483419!2d103.5963466108476!3d-1.6208912360771728!2m3!1f0!2f0!3f0!3m2!1i1024!2i768!4f13.1!3m3!1m2!1s0x2e2589cdf3857519%3A0x21d88492cde62b90!2sJasa%20Pembuatan%20Website!5e0!3m2!1sid!2sid!4v1767976477168!5m2!1sid!2sid" width="600" height="450" style="border:0;" allowfullscreen="" loading="lazy" referrerpolicy="no-referrer-when-downgrade"></iframe>', '2026-01-09 00:03:57', '2026-01-09 23:34:57');

-- Dumping structure for table compro-logistic-laravel.estimates
CREATE TABLE IF NOT EXISTS `estimates` (
  `id` bigint(20) unsigned NOT NULL AUTO_INCREMENT,
  `name` varchar(255) COLLATE utf8mb4_unicode_ci NOT NULL,
  `email` varchar(255) COLLATE utf8mb4_unicode_ci DEFAULT NULL,
  `phone` varchar(255) COLLATE utf8mb4_unicode_ci NOT NULL,
  `type_product` varchar(255) COLLATE utf8mb4_unicode_ci DEFAULT NULL,
  `size_product` varchar(255) COLLATE utf8mb4_unicode_ci DEFAULT NULL,
  `departure` varchar(255) COLLATE utf8mb4_unicode_ci DEFAULT NULL,
  `deliv_city` varchar(255) COLLATE utf8mb4_unicode_ci DEFAULT NULL,
  `note` text COLLATE utf8mb4_unicode_ci,
  `sumber` varchar(255) COLLATE utf8mb4_unicode_ci DEFAULT NULL,
  `status_followup` enum('new','contacted','closing','canceled') COLLATE utf8mb4_unicode_ci NOT NULL DEFAULT 'new',
  `created_at` timestamp NULL DEFAULT NULL,
  `updated_at` timestamp NULL DEFAULT NULL,
  PRIMARY KEY (`id`)
) ENGINE=InnoDB AUTO_INCREMENT=10 DEFAULT CHARSET=utf8mb4 COLLATE=utf8mb4_unicode_ci;

-- Dumping data for table compro-logistic-laravel.estimates: ~8 rows (approximately)
INSERT INTO `estimates` (`id`, `name`, `email`, `phone`, `type_product`, `size_product`, `departure`, `deliv_city`, `note`, `sumber`, `status_followup`, `created_at`, `updated_at`) VALUES
	(1, 'Budi Santoso', 'budi@example.com', '081234567890', 'Elektronik', '50x40x30 cm', 'Jakarta', 'Surabaya', 'Mohon estimasi harga dan waktu pengiriman', 'Website', 'contacted', '2026-01-09 00:03:57', '2026-01-09 14:40:18');
INSERT INTO `estimates` (`id`, `name`, `email`, `phone`, `type_product`, `size_product`, `departure`, `deliv_city`, `note`, `sumber`, `status_followup`, `created_at`, `updated_at`) VALUES
	(2, 'Siti Rahma', NULL, '0821-8018-1958', 'Furniture', '1 Pallet', 'Bandung', 'Denpasar', 'Barang mudah pecah', 'WhatsApp', 'new', '2026-01-09 00:03:57', '2026-01-09 14:46:59');
INSERT INTO `estimates` (`id`, `name`, `email`, `phone`, `type_product`, `size_product`, `departure`, `deliv_city`, `note`, `sumber`, `status_followup`, `created_at`, `updated_at`) VALUES
	(3, 'muhammad lukman sarip', 'arieflukman557@gmail.com', '082180181958', 'xxx', 'xxx', 'jakarta', 'Jambi', 'xxxxx', 'Website', 'new', '2026-01-09 23:07:35', '2026-01-09 23:07:35');
INSERT INTO `estimates` (`id`, `name`, `email`, `phone`, `type_product`, `size_product`, `departure`, `deliv_city`, `note`, `sumber`, `status_followup`, `created_at`, `updated_at`) VALUES
	(4, 'muhammad lukman sarip', 'admin@admin.com', '082180181958', 'as', 'ad', 'sd', 'Jambi', 'sd', 'Website', 'new', '2026-01-09 23:08:24', '2026-01-09 23:08:24');
INSERT INTO `estimates` (`id`, `name`, `email`, `phone`, `type_product`, `size_product`, `departure`, `deliv_city`, `note`, `sumber`, `status_followup`, `created_at`, `updated_at`) VALUES
	(5, 'muhammad lukman sarip', 'admin@admin.com', '082180181958', 'asd', 'asd', 'asd', 'Jambi', 'asd', 'Website', 'new', '2026-01-09 23:13:48', '2026-01-09 23:13:48');
INSERT INTO `estimates` (`id`, `name`, `email`, `phone`, `type_product`, `size_product`, `departure`, `deliv_city`, `note`, `sumber`, `status_followup`, `created_at`, `updated_at`) VALUES
	(7, 'muhammad lukman sarip', 'admin@admin.com', 'xxx', 'asd', 'asd', 'asd', 'Jambi', 'asd', 'Website', 'new', '2026-01-09 23:18:16', '2026-01-09 23:18:16');
INSERT INTO `estimates` (`id`, `name`, `email`, `phone`, `type_product`, `size_product`, `departure`, `deliv_city`, `note`, `sumber`, `status_followup`, `created_at`, `updated_at`) VALUES
	(8, 'muhammad lukman sarip', 'admin@admin.com', '082180181958', 'asd', 'asd', 'asd', 'Jambi', 'sad', 'Website', 'new', '2026-01-09 23:19:17', '2026-01-09 23:19:17');
INSERT INTO `estimates` (`id`, `name`, `email`, `phone`, `type_product`, `size_product`, `departure`, `deliv_city`, `note`, `sumber`, `status_followup`, `created_at`, `updated_at`) VALUES
	(9, 'muhammad lukman sarip', 'arieflukman557@gmail.com', '082180181958', 'sad', 'asd', 'asd', 'Jambi', 'asd', 'Website', 'contacted', '2026-01-09 23:20:09', '2026-01-11 00:15:19');

-- Dumping structure for table compro-logistic-laravel.failed_jobs
CREATE TABLE IF NOT EXISTS `failed_jobs` (
  `id` bigint(20) unsigned NOT NULL AUTO_INCREMENT,
  `uuid` varchar(255) COLLATE utf8mb4_unicode_ci NOT NULL,
  `connection` text COLLATE utf8mb4_unicode_ci NOT NULL,
  `queue` text COLLATE utf8mb4_unicode_ci NOT NULL,
  `payload` longtext COLLATE utf8mb4_unicode_ci NOT NULL,
  `exception` longtext COLLATE utf8mb4_unicode_ci NOT NULL,
  `failed_at` timestamp NOT NULL DEFAULT CURRENT_TIMESTAMP,
  PRIMARY KEY (`id`),
  UNIQUE KEY `failed_jobs_uuid_unique` (`uuid`)
) ENGINE=InnoDB DEFAULT CHARSET=utf8mb4 COLLATE=utf8mb4_unicode_ci;

-- Dumping data for table compro-logistic-laravel.failed_jobs: ~0 rows (approximately)

-- Dumping structure for table compro-logistic-laravel.faqs
CREATE TABLE IF NOT EXISTS `faqs` (
  `id` bigint(20) unsigned NOT NULL AUTO_INCREMENT,
  `question` varchar(255) COLLATE utf8mb4_unicode_ci NOT NULL,
  `answer` text COLLATE utf8mb4_unicode_ci NOT NULL,
  `created_at` timestamp NULL DEFAULT NULL,
  `updated_at` timestamp NULL DEFAULT NULL,
  PRIMARY KEY (`id`)
) ENGINE=InnoDB AUTO_INCREMENT=4 DEFAULT CHARSET=utf8mb4 COLLATE=utf8mb4_unicode_ci;

-- Dumping data for table compro-logistic-laravel.faqs: ~3 rows (approximately)
INSERT INTO `faqs` (`id`, `question`, `answer`, `created_at`, `updated_at`) VALUES
	(1, 'Apa saja layanan yang tersedia?', 'Kami menyediakan layanan pengiriman darat, laut, dan udara ke seluruh Indonesia.', '2026-01-09 00:03:57', '2026-01-09 00:03:57');
INSERT INTO `faqs` (`id`, `question`, `answer`, `created_at`, `updated_at`) VALUES
	(2, 'Bagaimana cara melakukan pemesanan?', 'Anda dapat menghubungi kami melalui WhatsApp atau form kontak yang tersedia di website.', '2026-01-09 00:03:57', '2026-01-09 00:03:57');
INSERT INTO `faqs` (`id`, `question`, `answer`, `created_at`, `updated_at`) VALUES
	(3, 'Apakah barang saya diasuransikan?', 'Ya, kami menyediakan opsi asuransi untuk menjamin keamanan barang Anda.', '2026-01-09 00:03:57', '2026-01-09 00:03:57');

-- Dumping structure for table compro-logistic-laravel.galeris
CREATE TABLE IF NOT EXISTS `galeris` (
  `id` bigint(20) unsigned NOT NULL AUTO_INCREMENT,
  `name` varchar(255) COLLATE utf8mb4_unicode_ci NOT NULL,
  `image` varchar(255) COLLATE utf8mb4_unicode_ci NOT NULL,
  `created_at` timestamp NULL DEFAULT NULL,
  `updated_at` timestamp NULL DEFAULT NULL,
  PRIMARY KEY (`id`)
) ENGINE=InnoDB AUTO_INCREMENT=4 DEFAULT CHARSET=utf8mb4 COLLATE=utf8mb4_unicode_ci;

-- Dumping data for table compro-logistic-laravel.galeris: ~3 rows (approximately)
INSERT INTO `galeris` (`id`, `name`, `image`, `created_at`, `updated_at`) VALUES
	(1, 'Proses Pengiriman', 'galeri/01KEME1MVGFT6M79W1WDB196HG.png', '2026-01-09 00:03:57', '2026-01-09 00:03:57');
INSERT INTO `galeris` (`id`, `name`, `image`, `created_at`, `updated_at`) VALUES
	(2, 'Armada Truck', 'galeri/01KEME1MVGFT6M79W1WDB196HG.png', '2026-01-09 00:03:57', '2026-01-09 00:03:57');
INSERT INTO `galeris` (`id`, `name`, `image`, `created_at`, `updated_at`) VALUES
	(3, 'Gudang Logistik', 'galeri/01KEME1MVGFT6M79W1WDB196HG.png', '2026-01-09 00:03:57', '2026-01-11 00:07:45');

-- Dumping structure for table compro-logistic-laravel.gols
CREATE TABLE IF NOT EXISTS `gols` (
  `id` bigint(20) unsigned NOT NULL AUTO_INCREMENT,
  `name` varchar(255) COLLATE utf8mb4_unicode_ci NOT NULL,
  `value` varchar(255) COLLATE utf8mb4_unicode_ci NOT NULL,
  `created_at` timestamp NULL DEFAULT NULL,
  `updated_at` timestamp NULL DEFAULT NULL,
  PRIMARY KEY (`id`)
) ENGINE=InnoDB AUTO_INCREMENT=5 DEFAULT CHARSET=utf8mb4 COLLATE=utf8mb4_unicode_ci;

-- Dumping data for table compro-logistic-laravel.gols: ~4 rows (approximately)
INSERT INTO `gols` (`id`, `name`, `value`, `created_at`, `updated_at`) VALUES
	(1, 'Successful Deliveries', '42568', '2026-01-09 00:03:57', '2026-01-10 00:52:59');
INSERT INTO `gols` (`id`, `name`, `value`, `created_at`, `updated_at`) VALUES
	(2, 'Coverage Cities', '25', '2026-01-09 00:03:57', '2026-01-10 00:52:52');
INSERT INTO `gols` (`id`, `name`, `value`, `created_at`, `updated_at`) VALUES
	(3, 'Years Experience', '10', '2026-01-09 00:03:57', '2026-01-10 00:52:45');
INSERT INTO `gols` (`id`, `name`, `value`, `created_at`, `updated_at`) VALUES
	(4, 'Service Routes', '15', '2026-01-09 00:03:57', '2026-01-10 00:52:36');

-- Dumping structure for table compro-logistic-laravel.instagram_feeds
CREATE TABLE IF NOT EXISTS `instagram_feeds` (
  `id` bigint(20) unsigned NOT NULL AUTO_INCREMENT,
  `url` varchar(255) COLLATE utf8mb4_unicode_ci NOT NULL,
  `username` varchar(255) COLLATE utf8mb4_unicode_ci NOT NULL,
  `password` text COLLATE utf8mb4_unicode_ci NOT NULL,
  `created_at` timestamp NULL DEFAULT NULL,
  `updated_at` timestamp NULL DEFAULT NULL,
  PRIMARY KEY (`id`)
) ENGINE=InnoDB AUTO_INCREMENT=2 DEFAULT CHARSET=utf8mb4 COLLATE=utf8mb4_unicode_ci;

-- Dumping data for table compro-logistic-laravel.instagram_feeds: ~0 rows (approximately)
INSERT INTO `instagram_feeds` (`id`, `url`, `username`, `password`, `created_at`, `updated_at`) VALUES
	(1, 'https://www.instagram.com/arieflukman_', 'arieflukman_', 'eyJpdiI6ImgzRGpEMFd1c3llVG50QkVLakl2WXc9PSIsInZhbHVlIjoiUWpOOExFbjluS0srTXV1N0lKMzFoQT09IiwibWFjIjoiYzczZTNkN2M5NWE2ZGNlMjE1ZTA0NmEwZWM5NTBmMmM2ODMxOTg2YjdmOTQ4OTdiYTRlNjIxMDBjYzhhYmE2MSIsInRhZyI6IiJ9', '2026-01-09 00:03:57', '2026-01-10 22:11:23');

-- Dumping structure for table compro-logistic-laravel.jobs
CREATE TABLE IF NOT EXISTS `jobs` (
  `id` bigint(20) unsigned NOT NULL AUTO_INCREMENT,
  `queue` varchar(255) COLLATE utf8mb4_unicode_ci NOT NULL,
  `payload` longtext COLLATE utf8mb4_unicode_ci NOT NULL,
  `attempts` tinyint(3) unsigned NOT NULL,
  `reserved_at` int(10) unsigned DEFAULT NULL,
  `available_at` int(10) unsigned NOT NULL,
  `created_at` int(10) unsigned NOT NULL,
  PRIMARY KEY (`id`),
  KEY `jobs_queue_index` (`queue`)
) ENGINE=InnoDB DEFAULT CHARSET=utf8mb4 COLLATE=utf8mb4_unicode_ci;

-- Dumping data for table compro-logistic-laravel.jobs: ~0 rows (approximately)

-- Dumping structure for table compro-logistic-laravel.job_batches
CREATE TABLE IF NOT EXISTS `job_batches` (
  `id` varchar(255) COLLATE utf8mb4_unicode_ci NOT NULL,
  `name` varchar(255) COLLATE utf8mb4_unicode_ci NOT NULL,
  `total_jobs` int(11) NOT NULL,
  `pending_jobs` int(11) NOT NULL,
  `failed_jobs` int(11) NOT NULL,
  `failed_job_ids` longtext COLLATE utf8mb4_unicode_ci NOT NULL,
  `options` mediumtext COLLATE utf8mb4_unicode_ci,
  `cancelled_at` int(11) DEFAULT NULL,
  `created_at` int(11) NOT NULL,
  `finished_at` int(11) DEFAULT NULL,
  PRIMARY KEY (`id`)
) ENGINE=InnoDB DEFAULT CHARSET=utf8mb4 COLLATE=utf8mb4_unicode_ci;

-- Dumping data for table compro-logistic-laravel.job_batches: ~0 rows (approximately)

-- Dumping structure for table compro-logistic-laravel.migrations
CREATE TABLE IF NOT EXISTS `migrations` (
  `id` int(10) unsigned NOT NULL AUTO_INCREMENT,
  `migration` varchar(255) COLLATE utf8mb4_unicode_ci NOT NULL,
  `batch` int(11) NOT NULL,
  PRIMARY KEY (`id`)
) ENGINE=InnoDB AUTO_INCREMENT=25 DEFAULT CHARSET=utf8mb4 COLLATE=utf8mb4_unicode_ci;

-- Dumping data for table compro-logistic-laravel.migrations: ~19 rows (approximately)
INSERT INTO `migrations` (`id`, `migration`, `batch`) VALUES
	(1, '0001_01_01_000000_create_users_table', 1);
INSERT INTO `migrations` (`id`, `migration`, `batch`) VALUES
	(2, '0001_01_01_000001_create_cache_table', 1);
INSERT INTO `migrations` (`id`, `migration`, `batch`) VALUES
	(3, '0001_01_01_000002_create_jobs_table', 1);
INSERT INTO `migrations` (`id`, `migration`, `batch`) VALUES
	(4, '2026_01_08_134036_create_setting_webs_table', 1);
INSERT INTO `migrations` (`id`, `migration`, `batch`) VALUES
	(5, '2026_01_08_134245_create_services_table', 1);
INSERT INTO `migrations` (`id`, `migration`, `batch`) VALUES
	(6, '2026_01_08_134529_create_selogans_table', 1);
INSERT INTO `migrations` (`id`, `migration`, `batch`) VALUES
	(7, '2026_01_08_134702_create_abouts_table', 1);
INSERT INTO `migrations` (`id`, `migration`, `batch`) VALUES
	(8, '2026_01_08_134804_create_gols_table', 1);
INSERT INTO `migrations` (`id`, `migration`, `batch`) VALUES
	(9, '2026_01_08_134902_create_galeris_table', 1);
INSERT INTO `migrations` (`id`, `migration`, `batch`) VALUES
	(10, '2026_01_08_143305_create_faqs_table', 1);
INSERT INTO `migrations` (`id`, `migration`, `batch`) VALUES
	(11, '2026_01_08_145117_create_brochures_table', 1);
INSERT INTO `migrations` (`id`, `migration`, `batch`) VALUES
	(12, '2026_01_08_155442_create_category_blogs_table', 1);
INSERT INTO `migrations` (`id`, `migration`, `batch`) VALUES
	(13, '2026_01_08_155848_create_blogs_table', 1);
INSERT INTO `migrations` (`id`, `migration`, `batch`) VALUES
	(14, '2026_01_08_160123_create_comments_table', 1);
INSERT INTO `migrations` (`id`, `migration`, `batch`) VALUES
	(15, '2026_01_08_160319_create_contacts_table', 1);
INSERT INTO `migrations` (`id`, `migration`, `batch`) VALUES
	(16, '2026_01_08_160520_create_sosial_media_table', 1);
INSERT INTO `migrations` (`id`, `migration`, `batch`) VALUES
	(17, '2026_01_08_160700_create_instagram_feeds_table', 1);
INSERT INTO `migrations` (`id`, `migration`, `batch`) VALUES
	(18, '2026_01_08_161354_create_estimates_table', 1);
INSERT INTO `migrations` (`id`, `migration`, `batch`) VALUES
	(19, '2026_01_09_000207_create_organizations_table', 1);
INSERT INTO `migrations` (`id`, `migration`, `batch`) VALUES
	(20, '2026_01_09_002514_create_permission_tables', 2);
INSERT INTO `migrations` (`id`, `migration`, `batch`) VALUES
	(21, '2026_01_09_002704_create_breezy_tables', 3);
INSERT INTO `migrations` (`id`, `migration`, `batch`) VALUES
	(22, '2026_01_09_140423_add_parent_id_to_comments_table', 4);
INSERT INTO `migrations` (`id`, `migration`, `batch`) VALUES
	(23, '2026_01_09_145711_create_web_visits_table', 5);
INSERT INTO `migrations` (`id`, `migration`, `batch`) VALUES
	(24, '2026_01_10_005549_add_quote_to_organizations_table', 6);

-- Dumping structure for table compro-logistic-laravel.model_has_permissions
CREATE TABLE IF NOT EXISTS `model_has_permissions` (
  `permission_id` bigint(20) unsigned NOT NULL,
  `model_type` varchar(255) COLLATE utf8mb4_unicode_ci NOT NULL,
  `model_id` bigint(20) unsigned NOT NULL,
  PRIMARY KEY (`permission_id`,`model_id`,`model_type`),
  KEY `model_has_permissions_model_id_model_type_index` (`model_id`,`model_type`),
  CONSTRAINT `model_has_permissions_permission_id_foreign` FOREIGN KEY (`permission_id`) REFERENCES `permissions` (`id`) ON DELETE CASCADE
) ENGINE=InnoDB DEFAULT CHARSET=utf8mb4 COLLATE=utf8mb4_unicode_ci;

-- Dumping data for table compro-logistic-laravel.model_has_permissions: ~0 rows (approximately)

-- Dumping structure for table compro-logistic-laravel.model_has_roles
CREATE TABLE IF NOT EXISTS `model_has_roles` (
  `role_id` bigint(20) unsigned NOT NULL,
  `model_type` varchar(255) COLLATE utf8mb4_unicode_ci NOT NULL,
  `model_id` bigint(20) unsigned NOT NULL,
  PRIMARY KEY (`role_id`,`model_id`,`model_type`),
  KEY `model_has_roles_model_id_model_type_index` (`model_id`,`model_type`),
  CONSTRAINT `model_has_roles_role_id_foreign` FOREIGN KEY (`role_id`) REFERENCES `roles` (`id`) ON DELETE CASCADE
) ENGINE=InnoDB DEFAULT CHARSET=utf8mb4 COLLATE=utf8mb4_unicode_ci;

-- Dumping data for table compro-logistic-laravel.model_has_roles: ~0 rows (approximately)
INSERT INTO `model_has_roles` (`role_id`, `model_type`, `model_id`) VALUES
	(1, 'App\\Models\\User', 1);

-- Dumping structure for table compro-logistic-laravel.organizations
CREATE TABLE IF NOT EXISTS `organizations` (
  `id` bigint(20) unsigned NOT NULL AUTO_INCREMENT,
  `name` varchar(255) COLLATE utf8mb4_unicode_ci NOT NULL,
  `department` varchar(255) COLLATE utf8mb4_unicode_ci NOT NULL,
  `quote` text COLLATE utf8mb4_unicode_ci,
  `image` varchar(255) COLLATE utf8mb4_unicode_ci DEFAULT NULL,
  `created_at` timestamp NULL DEFAULT NULL,
  `updated_at` timestamp NULL DEFAULT NULL,
  PRIMARY KEY (`id`)
) ENGINE=InnoDB AUTO_INCREMENT=4 DEFAULT CHARSET=utf8mb4 COLLATE=utf8mb4_unicode_ci;

-- Dumping data for table compro-logistic-laravel.organizations: ~3 rows (approximately)
INSERT INTO `organizations` (`id`, `name`, `department`, `quote`, `image`, `created_at`, `updated_at`) VALUES
	(1, 'Andi Pratama', 'Direktur Utama', '“We build PT Aji Jaya Logistic on trust, professionalism, and a strong commitment to service excellence.”', '01KEGNKWSQT5PAA3YNPNKA4B9B.jpeg', '2026-01-09 00:03:57', '2026-01-10 00:59:00');
INSERT INTO `organizations` (`id`, `name`, `department`, `quote`, `image`, `created_at`, `updated_at`) VALUES
	(2, 'Siti Rahmawati', 'Manager Operasional', '“Efficient and well-managed operations are the foundation of safe and on-time delivery.”', 'organization/01KEGNPEQT858SA6SAFX3R4SN3.jpeg', '2026-01-09 00:03:57', '2026-01-10 00:58:48');
INSERT INTO `organizations` (`id`, `name`, `department`, `quote`, `image`, `created_at`, `updated_at`) VALUES
	(3, 'Budi Santoso', 'Customer Service', '“Customer satisfaction is our top priority, because excellent service builds long-term trust.”', '01KEGNJYNTTZ2X6EPG8PVM90SK.jpg', '2026-01-09 00:03:57', '2026-01-10 00:58:40');

-- Dumping structure for table compro-logistic-laravel.password_reset_tokens
CREATE TABLE IF NOT EXISTS `password_reset_tokens` (
  `email` varchar(255) COLLATE utf8mb4_unicode_ci NOT NULL,
  `token` varchar(255) COLLATE utf8mb4_unicode_ci NOT NULL,
  `created_at` timestamp NULL DEFAULT NULL,
  PRIMARY KEY (`email`)
) ENGINE=InnoDB DEFAULT CHARSET=utf8mb4 COLLATE=utf8mb4_unicode_ci;

-- Dumping data for table compro-logistic-laravel.password_reset_tokens: ~0 rows (approximately)

-- Dumping structure for table compro-logistic-laravel.permissions
CREATE TABLE IF NOT EXISTS `permissions` (
  `id` bigint(20) unsigned NOT NULL AUTO_INCREMENT,
  `name` varchar(255) COLLATE utf8mb4_unicode_ci NOT NULL,
  `guard_name` varchar(255) COLLATE utf8mb4_unicode_ci NOT NULL,
  `created_at` timestamp NULL DEFAULT NULL,
  `updated_at` timestamp NULL DEFAULT NULL,
  PRIMARY KEY (`id`),
  UNIQUE KEY `permissions_name_guard_name_unique` (`name`,`guard_name`)
) ENGINE=InnoDB AUTO_INCREMENT=212 DEFAULT CHARSET=utf8mb4 COLLATE=utf8mb4_unicode_ci;

-- Dumping data for table compro-logistic-laravel.permissions: ~211 rows (approximately)
INSERT INTO `permissions` (`id`, `name`, `guard_name`, `created_at`, `updated_at`) VALUES
	(1, 'view_role', 'web', '2026-01-09 00:25:28', '2026-01-09 00:25:28');
INSERT INTO `permissions` (`id`, `name`, `guard_name`, `created_at`, `updated_at`) VALUES
	(2, 'view_any_role', 'web', '2026-01-09 00:25:28', '2026-01-09 00:25:28');
INSERT INTO `permissions` (`id`, `name`, `guard_name`, `created_at`, `updated_at`) VALUES
	(3, 'create_role', 'web', '2026-01-09 00:25:28', '2026-01-09 00:25:28');
INSERT INTO `permissions` (`id`, `name`, `guard_name`, `created_at`, `updated_at`) VALUES
	(4, 'update_role', 'web', '2026-01-09 00:25:28', '2026-01-09 00:25:28');
INSERT INTO `permissions` (`id`, `name`, `guard_name`, `created_at`, `updated_at`) VALUES
	(5, 'delete_role', 'web', '2026-01-09 00:25:28', '2026-01-09 00:25:28');
INSERT INTO `permissions` (`id`, `name`, `guard_name`, `created_at`, `updated_at`) VALUES
	(6, 'delete_any_role', 'web', '2026-01-09 00:25:28', '2026-01-09 00:25:28');
INSERT INTO `permissions` (`id`, `name`, `guard_name`, `created_at`, `updated_at`) VALUES
	(7, 'view_about', 'web', '2026-01-09 00:36:58', '2026-01-09 00:36:58');
INSERT INTO `permissions` (`id`, `name`, `guard_name`, `created_at`, `updated_at`) VALUES
	(8, 'view_any_about', 'web', '2026-01-09 00:36:58', '2026-01-09 00:36:58');
INSERT INTO `permissions` (`id`, `name`, `guard_name`, `created_at`, `updated_at`) VALUES
	(9, 'create_about', 'web', '2026-01-09 00:36:58', '2026-01-09 00:36:58');
INSERT INTO `permissions` (`id`, `name`, `guard_name`, `created_at`, `updated_at`) VALUES
	(10, 'update_about', 'web', '2026-01-09 00:36:58', '2026-01-09 00:36:58');
INSERT INTO `permissions` (`id`, `name`, `guard_name`, `created_at`, `updated_at`) VALUES
	(11, 'restore_about', 'web', '2026-01-09 00:36:58', '2026-01-09 00:36:58');
INSERT INTO `permissions` (`id`, `name`, `guard_name`, `created_at`, `updated_at`) VALUES
	(12, 'restore_any_about', 'web', '2026-01-09 00:36:58', '2026-01-09 00:36:58');
INSERT INTO `permissions` (`id`, `name`, `guard_name`, `created_at`, `updated_at`) VALUES
	(13, 'replicate_about', 'web', '2026-01-09 00:36:58', '2026-01-09 00:36:58');
INSERT INTO `permissions` (`id`, `name`, `guard_name`, `created_at`, `updated_at`) VALUES
	(14, 'reorder_about', 'web', '2026-01-09 00:36:58', '2026-01-09 00:36:58');
INSERT INTO `permissions` (`id`, `name`, `guard_name`, `created_at`, `updated_at`) VALUES
	(15, 'delete_about', 'web', '2026-01-09 00:36:58', '2026-01-09 00:36:58');
INSERT INTO `permissions` (`id`, `name`, `guard_name`, `created_at`, `updated_at`) VALUES
	(16, 'delete_any_about', 'web', '2026-01-09 00:36:58', '2026-01-09 00:36:58');
INSERT INTO `permissions` (`id`, `name`, `guard_name`, `created_at`, `updated_at`) VALUES
	(17, 'force_delete_about', 'web', '2026-01-09 00:36:58', '2026-01-09 00:36:58');
INSERT INTO `permissions` (`id`, `name`, `guard_name`, `created_at`, `updated_at`) VALUES
	(18, 'force_delete_any_about', 'web', '2026-01-09 00:36:58', '2026-01-09 00:36:58');
INSERT INTO `permissions` (`id`, `name`, `guard_name`, `created_at`, `updated_at`) VALUES
	(19, 'view_blog', 'web', '2026-01-09 00:36:58', '2026-01-09 00:36:58');
INSERT INTO `permissions` (`id`, `name`, `guard_name`, `created_at`, `updated_at`) VALUES
	(20, 'view_any_blog', 'web', '2026-01-09 00:36:58', '2026-01-09 00:36:58');
INSERT INTO `permissions` (`id`, `name`, `guard_name`, `created_at`, `updated_at`) VALUES
	(21, 'create_blog', 'web', '2026-01-09 00:36:58', '2026-01-09 00:36:58');
INSERT INTO `permissions` (`id`, `name`, `guard_name`, `created_at`, `updated_at`) VALUES
	(22, 'update_blog', 'web', '2026-01-09 00:36:58', '2026-01-09 00:36:58');
INSERT INTO `permissions` (`id`, `name`, `guard_name`, `created_at`, `updated_at`) VALUES
	(23, 'restore_blog', 'web', '2026-01-09 00:36:58', '2026-01-09 00:36:58');
INSERT INTO `permissions` (`id`, `name`, `guard_name`, `created_at`, `updated_at`) VALUES
	(24, 'restore_any_blog', 'web', '2026-01-09 00:36:58', '2026-01-09 00:36:58');
INSERT INTO `permissions` (`id`, `name`, `guard_name`, `created_at`, `updated_at`) VALUES
	(25, 'replicate_blog', 'web', '2026-01-09 00:36:58', '2026-01-09 00:36:58');
INSERT INTO `permissions` (`id`, `name`, `guard_name`, `created_at`, `updated_at`) VALUES
	(26, 'reorder_blog', 'web', '2026-01-09 00:36:58', '2026-01-09 00:36:58');
INSERT INTO `permissions` (`id`, `name`, `guard_name`, `created_at`, `updated_at`) VALUES
	(27, 'delete_blog', 'web', '2026-01-09 00:36:58', '2026-01-09 00:36:58');
INSERT INTO `permissions` (`id`, `name`, `guard_name`, `created_at`, `updated_at`) VALUES
	(28, 'delete_any_blog', 'web', '2026-01-09 00:36:58', '2026-01-09 00:36:58');
INSERT INTO `permissions` (`id`, `name`, `guard_name`, `created_at`, `updated_at`) VALUES
	(29, 'force_delete_blog', 'web', '2026-01-09 00:36:58', '2026-01-09 00:36:58');
INSERT INTO `permissions` (`id`, `name`, `guard_name`, `created_at`, `updated_at`) VALUES
	(30, 'force_delete_any_blog', 'web', '2026-01-09 00:36:58', '2026-01-09 00:36:58');
INSERT INTO `permissions` (`id`, `name`, `guard_name`, `created_at`, `updated_at`) VALUES
	(31, 'view_brochure', 'web', '2026-01-09 00:36:58', '2026-01-09 00:36:58');
INSERT INTO `permissions` (`id`, `name`, `guard_name`, `created_at`, `updated_at`) VALUES
	(32, 'view_any_brochure', 'web', '2026-01-09 00:36:58', '2026-01-09 00:36:58');
INSERT INTO `permissions` (`id`, `name`, `guard_name`, `created_at`, `updated_at`) VALUES
	(33, 'create_brochure', 'web', '2026-01-09 00:36:58', '2026-01-09 00:36:58');
INSERT INTO `permissions` (`id`, `name`, `guard_name`, `created_at`, `updated_at`) VALUES
	(34, 'update_brochure', 'web', '2026-01-09 00:36:58', '2026-01-09 00:36:58');
INSERT INTO `permissions` (`id`, `name`, `guard_name`, `created_at`, `updated_at`) VALUES
	(35, 'restore_brochure', 'web', '2026-01-09 00:36:58', '2026-01-09 00:36:58');
INSERT INTO `permissions` (`id`, `name`, `guard_name`, `created_at`, `updated_at`) VALUES
	(36, 'restore_any_brochure', 'web', '2026-01-09 00:36:58', '2026-01-09 00:36:58');
INSERT INTO `permissions` (`id`, `name`, `guard_name`, `created_at`, `updated_at`) VALUES
	(37, 'replicate_brochure', 'web', '2026-01-09 00:36:58', '2026-01-09 00:36:58');
INSERT INTO `permissions` (`id`, `name`, `guard_name`, `created_at`, `updated_at`) VALUES
	(38, 'reorder_brochure', 'web', '2026-01-09 00:36:58', '2026-01-09 00:36:58');
INSERT INTO `permissions` (`id`, `name`, `guard_name`, `created_at`, `updated_at`) VALUES
	(39, 'delete_brochure', 'web', '2026-01-09 00:36:58', '2026-01-09 00:36:58');
INSERT INTO `permissions` (`id`, `name`, `guard_name`, `created_at`, `updated_at`) VALUES
	(40, 'delete_any_brochure', 'web', '2026-01-09 00:36:58', '2026-01-09 00:36:58');
INSERT INTO `permissions` (`id`, `name`, `guard_name`, `created_at`, `updated_at`) VALUES
	(41, 'force_delete_brochure', 'web', '2026-01-09 00:36:58', '2026-01-09 00:36:58');
INSERT INTO `permissions` (`id`, `name`, `guard_name`, `created_at`, `updated_at`) VALUES
	(42, 'force_delete_any_brochure', 'web', '2026-01-09 00:36:58', '2026-01-09 00:36:58');
INSERT INTO `permissions` (`id`, `name`, `guard_name`, `created_at`, `updated_at`) VALUES
	(43, 'view_category::blog', 'web', '2026-01-09 00:36:58', '2026-01-09 00:36:58');
INSERT INTO `permissions` (`id`, `name`, `guard_name`, `created_at`, `updated_at`) VALUES
	(44, 'view_any_category::blog', 'web', '2026-01-09 00:36:58', '2026-01-09 00:36:58');
INSERT INTO `permissions` (`id`, `name`, `guard_name`, `created_at`, `updated_at`) VALUES
	(45, 'create_category::blog', 'web', '2026-01-09 00:36:58', '2026-01-09 00:36:58');
INSERT INTO `permissions` (`id`, `name`, `guard_name`, `created_at`, `updated_at`) VALUES
	(46, 'update_category::blog', 'web', '2026-01-09 00:36:58', '2026-01-09 00:36:58');
INSERT INTO `permissions` (`id`, `name`, `guard_name`, `created_at`, `updated_at`) VALUES
	(47, 'restore_category::blog', 'web', '2026-01-09 00:36:58', '2026-01-09 00:36:58');
INSERT INTO `permissions` (`id`, `name`, `guard_name`, `created_at`, `updated_at`) VALUES
	(48, 'restore_any_category::blog', 'web', '2026-01-09 00:36:58', '2026-01-09 00:36:58');
INSERT INTO `permissions` (`id`, `name`, `guard_name`, `created_at`, `updated_at`) VALUES
	(49, 'replicate_category::blog', 'web', '2026-01-09 00:36:58', '2026-01-09 00:36:58');
INSERT INTO `permissions` (`id`, `name`, `guard_name`, `created_at`, `updated_at`) VALUES
	(50, 'reorder_category::blog', 'web', '2026-01-09 00:36:58', '2026-01-09 00:36:58');
INSERT INTO `permissions` (`id`, `name`, `guard_name`, `created_at`, `updated_at`) VALUES
	(51, 'delete_category::blog', 'web', '2026-01-09 00:36:58', '2026-01-09 00:36:58');
INSERT INTO `permissions` (`id`, `name`, `guard_name`, `created_at`, `updated_at`) VALUES
	(52, 'delete_any_category::blog', 'web', '2026-01-09 00:36:58', '2026-01-09 00:36:58');
INSERT INTO `permissions` (`id`, `name`, `guard_name`, `created_at`, `updated_at`) VALUES
	(53, 'force_delete_category::blog', 'web', '2026-01-09 00:36:58', '2026-01-09 00:36:58');
INSERT INTO `permissions` (`id`, `name`, `guard_name`, `created_at`, `updated_at`) VALUES
	(54, 'force_delete_any_category::blog', 'web', '2026-01-09 00:36:58', '2026-01-09 00:36:58');
INSERT INTO `permissions` (`id`, `name`, `guard_name`, `created_at`, `updated_at`) VALUES
	(55, 'view_comment', 'web', '2026-01-09 00:36:58', '2026-01-09 00:36:58');
INSERT INTO `permissions` (`id`, `name`, `guard_name`, `created_at`, `updated_at`) VALUES
	(56, 'view_any_comment', 'web', '2026-01-09 00:36:58', '2026-01-09 00:36:58');
INSERT INTO `permissions` (`id`, `name`, `guard_name`, `created_at`, `updated_at`) VALUES
	(57, 'create_comment', 'web', '2026-01-09 00:36:58', '2026-01-09 00:36:58');
INSERT INTO `permissions` (`id`, `name`, `guard_name`, `created_at`, `updated_at`) VALUES
	(58, 'update_comment', 'web', '2026-01-09 00:36:58', '2026-01-09 00:36:58');
INSERT INTO `permissions` (`id`, `name`, `guard_name`, `created_at`, `updated_at`) VALUES
	(59, 'restore_comment', 'web', '2026-01-09 00:36:58', '2026-01-09 00:36:58');
INSERT INTO `permissions` (`id`, `name`, `guard_name`, `created_at`, `updated_at`) VALUES
	(60, 'restore_any_comment', 'web', '2026-01-09 00:36:58', '2026-01-09 00:36:58');
INSERT INTO `permissions` (`id`, `name`, `guard_name`, `created_at`, `updated_at`) VALUES
	(61, 'replicate_comment', 'web', '2026-01-09 00:36:58', '2026-01-09 00:36:58');
INSERT INTO `permissions` (`id`, `name`, `guard_name`, `created_at`, `updated_at`) VALUES
	(62, 'reorder_comment', 'web', '2026-01-09 00:36:58', '2026-01-09 00:36:58');
INSERT INTO `permissions` (`id`, `name`, `guard_name`, `created_at`, `updated_at`) VALUES
	(63, 'delete_comment', 'web', '2026-01-09 00:36:58', '2026-01-09 00:36:58');
INSERT INTO `permissions` (`id`, `name`, `guard_name`, `created_at`, `updated_at`) VALUES
	(64, 'delete_any_comment', 'web', '2026-01-09 00:36:58', '2026-01-09 00:36:58');
INSERT INTO `permissions` (`id`, `name`, `guard_name`, `created_at`, `updated_at`) VALUES
	(65, 'force_delete_comment', 'web', '2026-01-09 00:36:58', '2026-01-09 00:36:58');
INSERT INTO `permissions` (`id`, `name`, `guard_name`, `created_at`, `updated_at`) VALUES
	(66, 'force_delete_any_comment', 'web', '2026-01-09 00:36:58', '2026-01-09 00:36:58');
INSERT INTO `permissions` (`id`, `name`, `guard_name`, `created_at`, `updated_at`) VALUES
	(67, 'view_contact', 'web', '2026-01-09 00:36:58', '2026-01-09 00:36:58');
INSERT INTO `permissions` (`id`, `name`, `guard_name`, `created_at`, `updated_at`) VALUES
	(68, 'view_any_contact', 'web', '2026-01-09 00:36:58', '2026-01-09 00:36:58');
INSERT INTO `permissions` (`id`, `name`, `guard_name`, `created_at`, `updated_at`) VALUES
	(69, 'create_contact', 'web', '2026-01-09 00:36:58', '2026-01-09 00:36:58');
INSERT INTO `permissions` (`id`, `name`, `guard_name`, `created_at`, `updated_at`) VALUES
	(70, 'update_contact', 'web', '2026-01-09 00:36:58', '2026-01-09 00:36:58');
INSERT INTO `permissions` (`id`, `name`, `guard_name`, `created_at`, `updated_at`) VALUES
	(71, 'restore_contact', 'web', '2026-01-09 00:36:58', '2026-01-09 00:36:58');
INSERT INTO `permissions` (`id`, `name`, `guard_name`, `created_at`, `updated_at`) VALUES
	(72, 'restore_any_contact', 'web', '2026-01-09 00:36:58', '2026-01-09 00:36:58');
INSERT INTO `permissions` (`id`, `name`, `guard_name`, `created_at`, `updated_at`) VALUES
	(73, 'replicate_contact', 'web', '2026-01-09 00:36:58', '2026-01-09 00:36:58');
INSERT INTO `permissions` (`id`, `name`, `guard_name`, `created_at`, `updated_at`) VALUES
	(74, 'reorder_contact', 'web', '2026-01-09 00:36:58', '2026-01-09 00:36:58');
INSERT INTO `permissions` (`id`, `name`, `guard_name`, `created_at`, `updated_at`) VALUES
	(75, 'delete_contact', 'web', '2026-01-09 00:36:58', '2026-01-09 00:36:58');
INSERT INTO `permissions` (`id`, `name`, `guard_name`, `created_at`, `updated_at`) VALUES
	(76, 'delete_any_contact', 'web', '2026-01-09 00:36:58', '2026-01-09 00:36:58');
INSERT INTO `permissions` (`id`, `name`, `guard_name`, `created_at`, `updated_at`) VALUES
	(77, 'force_delete_contact', 'web', '2026-01-09 00:36:58', '2026-01-09 00:36:58');
INSERT INTO `permissions` (`id`, `name`, `guard_name`, `created_at`, `updated_at`) VALUES
	(78, 'force_delete_any_contact', 'web', '2026-01-09 00:36:58', '2026-01-09 00:36:58');
INSERT INTO `permissions` (`id`, `name`, `guard_name`, `created_at`, `updated_at`) VALUES
	(79, 'view_estimate', 'web', '2026-01-09 00:36:58', '2026-01-09 00:36:58');
INSERT INTO `permissions` (`id`, `name`, `guard_name`, `created_at`, `updated_at`) VALUES
	(80, 'view_any_estimate', 'web', '2026-01-09 00:36:58', '2026-01-09 00:36:58');
INSERT INTO `permissions` (`id`, `name`, `guard_name`, `created_at`, `updated_at`) VALUES
	(81, 'create_estimate', 'web', '2026-01-09 00:36:58', '2026-01-09 00:36:58');
INSERT INTO `permissions` (`id`, `name`, `guard_name`, `created_at`, `updated_at`) VALUES
	(82, 'update_estimate', 'web', '2026-01-09 00:36:58', '2026-01-09 00:36:58');
INSERT INTO `permissions` (`id`, `name`, `guard_name`, `created_at`, `updated_at`) VALUES
	(83, 'restore_estimate', 'web', '2026-01-09 00:36:58', '2026-01-09 00:36:58');
INSERT INTO `permissions` (`id`, `name`, `guard_name`, `created_at`, `updated_at`) VALUES
	(84, 'restore_any_estimate', 'web', '2026-01-09 00:36:58', '2026-01-09 00:36:58');
INSERT INTO `permissions` (`id`, `name`, `guard_name`, `created_at`, `updated_at`) VALUES
	(85, 'replicate_estimate', 'web', '2026-01-09 00:36:58', '2026-01-09 00:36:58');
INSERT INTO `permissions` (`id`, `name`, `guard_name`, `created_at`, `updated_at`) VALUES
	(86, 'reorder_estimate', 'web', '2026-01-09 00:36:58', '2026-01-09 00:36:58');
INSERT INTO `permissions` (`id`, `name`, `guard_name`, `created_at`, `updated_at`) VALUES
	(87, 'delete_estimate', 'web', '2026-01-09 00:36:58', '2026-01-09 00:36:58');
INSERT INTO `permissions` (`id`, `name`, `guard_name`, `created_at`, `updated_at`) VALUES
	(88, 'delete_any_estimate', 'web', '2026-01-09 00:36:58', '2026-01-09 00:36:58');
INSERT INTO `permissions` (`id`, `name`, `guard_name`, `created_at`, `updated_at`) VALUES
	(89, 'force_delete_estimate', 'web', '2026-01-09 00:36:58', '2026-01-09 00:36:58');
INSERT INTO `permissions` (`id`, `name`, `guard_name`, `created_at`, `updated_at`) VALUES
	(90, 'force_delete_any_estimate', 'web', '2026-01-09 00:36:58', '2026-01-09 00:36:58');
INSERT INTO `permissions` (`id`, `name`, `guard_name`, `created_at`, `updated_at`) VALUES
	(91, 'view_faq', 'web', '2026-01-09 00:36:58', '2026-01-09 00:36:58');
INSERT INTO `permissions` (`id`, `name`, `guard_name`, `created_at`, `updated_at`) VALUES
	(92, 'view_any_faq', 'web', '2026-01-09 00:36:58', '2026-01-09 00:36:58');
INSERT INTO `permissions` (`id`, `name`, `guard_name`, `created_at`, `updated_at`) VALUES
	(93, 'create_faq', 'web', '2026-01-09 00:36:58', '2026-01-09 00:36:58');
INSERT INTO `permissions` (`id`, `name`, `guard_name`, `created_at`, `updated_at`) VALUES
	(94, 'update_faq', 'web', '2026-01-09 00:36:58', '2026-01-09 00:36:58');
INSERT INTO `permissions` (`id`, `name`, `guard_name`, `created_at`, `updated_at`) VALUES
	(95, 'restore_faq', 'web', '2026-01-09 00:36:58', '2026-01-09 00:36:58');
INSERT INTO `permissions` (`id`, `name`, `guard_name`, `created_at`, `updated_at`) VALUES
	(96, 'restore_any_faq', 'web', '2026-01-09 00:36:58', '2026-01-09 00:36:58');
INSERT INTO `permissions` (`id`, `name`, `guard_name`, `created_at`, `updated_at`) VALUES
	(97, 'replicate_faq', 'web', '2026-01-09 00:36:58', '2026-01-09 00:36:58');
INSERT INTO `permissions` (`id`, `name`, `guard_name`, `created_at`, `updated_at`) VALUES
	(98, 'reorder_faq', 'web', '2026-01-09 00:36:58', '2026-01-09 00:36:58');
INSERT INTO `permissions` (`id`, `name`, `guard_name`, `created_at`, `updated_at`) VALUES
	(99, 'delete_faq', 'web', '2026-01-09 00:36:58', '2026-01-09 00:36:58');
INSERT INTO `permissions` (`id`, `name`, `guard_name`, `created_at`, `updated_at`) VALUES
	(100, 'delete_any_faq', 'web', '2026-01-09 00:36:58', '2026-01-09 00:36:58');
INSERT INTO `permissions` (`id`, `name`, `guard_name`, `created_at`, `updated_at`) VALUES
	(101, 'force_delete_faq', 'web', '2026-01-09 00:36:58', '2026-01-09 00:36:58');
INSERT INTO `permissions` (`id`, `name`, `guard_name`, `created_at`, `updated_at`) VALUES
	(102, 'force_delete_any_faq', 'web', '2026-01-09 00:36:58', '2026-01-09 00:36:58');
INSERT INTO `permissions` (`id`, `name`, `guard_name`, `created_at`, `updated_at`) VALUES
	(103, 'view_galeri', 'web', '2026-01-09 00:36:58', '2026-01-09 00:36:58');
INSERT INTO `permissions` (`id`, `name`, `guard_name`, `created_at`, `updated_at`) VALUES
	(104, 'view_any_galeri', 'web', '2026-01-09 00:36:58', '2026-01-09 00:36:58');
INSERT INTO `permissions` (`id`, `name`, `guard_name`, `created_at`, `updated_at`) VALUES
	(105, 'create_galeri', 'web', '2026-01-09 00:36:58', '2026-01-09 00:36:58');
INSERT INTO `permissions` (`id`, `name`, `guard_name`, `created_at`, `updated_at`) VALUES
	(106, 'update_galeri', 'web', '2026-01-09 00:36:58', '2026-01-09 00:36:58');
INSERT INTO `permissions` (`id`, `name`, `guard_name`, `created_at`, `updated_at`) VALUES
	(107, 'restore_galeri', 'web', '2026-01-09 00:36:58', '2026-01-09 00:36:58');
INSERT INTO `permissions` (`id`, `name`, `guard_name`, `created_at`, `updated_at`) VALUES
	(108, 'restore_any_galeri', 'web', '2026-01-09 00:36:58', '2026-01-09 00:36:58');
INSERT INTO `permissions` (`id`, `name`, `guard_name`, `created_at`, `updated_at`) VALUES
	(109, 'replicate_galeri', 'web', '2026-01-09 00:36:58', '2026-01-09 00:36:58');
INSERT INTO `permissions` (`id`, `name`, `guard_name`, `created_at`, `updated_at`) VALUES
	(110, 'reorder_galeri', 'web', '2026-01-09 00:36:58', '2026-01-09 00:36:58');
INSERT INTO `permissions` (`id`, `name`, `guard_name`, `created_at`, `updated_at`) VALUES
	(111, 'delete_galeri', 'web', '2026-01-09 00:36:58', '2026-01-09 00:36:58');
INSERT INTO `permissions` (`id`, `name`, `guard_name`, `created_at`, `updated_at`) VALUES
	(112, 'delete_any_galeri', 'web', '2026-01-09 00:36:58', '2026-01-09 00:36:58');
INSERT INTO `permissions` (`id`, `name`, `guard_name`, `created_at`, `updated_at`) VALUES
	(113, 'force_delete_galeri', 'web', '2026-01-09 00:36:58', '2026-01-09 00:36:58');
INSERT INTO `permissions` (`id`, `name`, `guard_name`, `created_at`, `updated_at`) VALUES
	(114, 'force_delete_any_galeri', 'web', '2026-01-09 00:36:58', '2026-01-09 00:36:58');
INSERT INTO `permissions` (`id`, `name`, `guard_name`, `created_at`, `updated_at`) VALUES
	(115, 'view_gol', 'web', '2026-01-09 00:36:58', '2026-01-09 00:36:58');
INSERT INTO `permissions` (`id`, `name`, `guard_name`, `created_at`, `updated_at`) VALUES
	(116, 'view_any_gol', 'web', '2026-01-09 00:36:58', '2026-01-09 00:36:58');
INSERT INTO `permissions` (`id`, `name`, `guard_name`, `created_at`, `updated_at`) VALUES
	(117, 'create_gol', 'web', '2026-01-09 00:36:58', '2026-01-09 00:36:58');
INSERT INTO `permissions` (`id`, `name`, `guard_name`, `created_at`, `updated_at`) VALUES
	(118, 'update_gol', 'web', '2026-01-09 00:36:58', '2026-01-09 00:36:58');
INSERT INTO `permissions` (`id`, `name`, `guard_name`, `created_at`, `updated_at`) VALUES
	(119, 'restore_gol', 'web', '2026-01-09 00:36:58', '2026-01-09 00:36:58');
INSERT INTO `permissions` (`id`, `name`, `guard_name`, `created_at`, `updated_at`) VALUES
	(120, 'restore_any_gol', 'web', '2026-01-09 00:36:58', '2026-01-09 00:36:58');
INSERT INTO `permissions` (`id`, `name`, `guard_name`, `created_at`, `updated_at`) VALUES
	(121, 'replicate_gol', 'web', '2026-01-09 00:36:58', '2026-01-09 00:36:58');
INSERT INTO `permissions` (`id`, `name`, `guard_name`, `created_at`, `updated_at`) VALUES
	(122, 'reorder_gol', 'web', '2026-01-09 00:36:58', '2026-01-09 00:36:58');
INSERT INTO `permissions` (`id`, `name`, `guard_name`, `created_at`, `updated_at`) VALUES
	(123, 'delete_gol', 'web', '2026-01-09 00:36:58', '2026-01-09 00:36:58');
INSERT INTO `permissions` (`id`, `name`, `guard_name`, `created_at`, `updated_at`) VALUES
	(124, 'delete_any_gol', 'web', '2026-01-09 00:36:58', '2026-01-09 00:36:58');
INSERT INTO `permissions` (`id`, `name`, `guard_name`, `created_at`, `updated_at`) VALUES
	(125, 'force_delete_gol', 'web', '2026-01-09 00:36:58', '2026-01-09 00:36:58');
INSERT INTO `permissions` (`id`, `name`, `guard_name`, `created_at`, `updated_at`) VALUES
	(126, 'force_delete_any_gol', 'web', '2026-01-09 00:36:58', '2026-01-09 00:36:58');
INSERT INTO `permissions` (`id`, `name`, `guard_name`, `created_at`, `updated_at`) VALUES
	(127, 'view_instagram::feed', 'web', '2026-01-09 00:36:58', '2026-01-09 00:36:58');
INSERT INTO `permissions` (`id`, `name`, `guard_name`, `created_at`, `updated_at`) VALUES
	(128, 'view_any_instagram::feed', 'web', '2026-01-09 00:36:58', '2026-01-09 00:36:58');
INSERT INTO `permissions` (`id`, `name`, `guard_name`, `created_at`, `updated_at`) VALUES
	(129, 'create_instagram::feed', 'web', '2026-01-09 00:36:58', '2026-01-09 00:36:58');
INSERT INTO `permissions` (`id`, `name`, `guard_name`, `created_at`, `updated_at`) VALUES
	(130, 'update_instagram::feed', 'web', '2026-01-09 00:36:58', '2026-01-09 00:36:58');
INSERT INTO `permissions` (`id`, `name`, `guard_name`, `created_at`, `updated_at`) VALUES
	(131, 'restore_instagram::feed', 'web', '2026-01-09 00:36:58', '2026-01-09 00:36:58');
INSERT INTO `permissions` (`id`, `name`, `guard_name`, `created_at`, `updated_at`) VALUES
	(132, 'restore_any_instagram::feed', 'web', '2026-01-09 00:36:58', '2026-01-09 00:36:58');
INSERT INTO `permissions` (`id`, `name`, `guard_name`, `created_at`, `updated_at`) VALUES
	(133, 'replicate_instagram::feed', 'web', '2026-01-09 00:36:58', '2026-01-09 00:36:58');
INSERT INTO `permissions` (`id`, `name`, `guard_name`, `created_at`, `updated_at`) VALUES
	(134, 'reorder_instagram::feed', 'web', '2026-01-09 00:36:58', '2026-01-09 00:36:58');
INSERT INTO `permissions` (`id`, `name`, `guard_name`, `created_at`, `updated_at`) VALUES
	(135, 'delete_instagram::feed', 'web', '2026-01-09 00:36:58', '2026-01-09 00:36:58');
INSERT INTO `permissions` (`id`, `name`, `guard_name`, `created_at`, `updated_at`) VALUES
	(136, 'delete_any_instagram::feed', 'web', '2026-01-09 00:36:58', '2026-01-09 00:36:58');
INSERT INTO `permissions` (`id`, `name`, `guard_name`, `created_at`, `updated_at`) VALUES
	(137, 'force_delete_instagram::feed', 'web', '2026-01-09 00:36:58', '2026-01-09 00:36:58');
INSERT INTO `permissions` (`id`, `name`, `guard_name`, `created_at`, `updated_at`) VALUES
	(138, 'force_delete_any_instagram::feed', 'web', '2026-01-09 00:36:58', '2026-01-09 00:36:58');
INSERT INTO `permissions` (`id`, `name`, `guard_name`, `created_at`, `updated_at`) VALUES
	(139, 'view_organization', 'web', '2026-01-09 00:36:58', '2026-01-09 00:36:58');
INSERT INTO `permissions` (`id`, `name`, `guard_name`, `created_at`, `updated_at`) VALUES
	(140, 'view_any_organization', 'web', '2026-01-09 00:36:58', '2026-01-09 00:36:58');
INSERT INTO `permissions` (`id`, `name`, `guard_name`, `created_at`, `updated_at`) VALUES
	(141, 'create_organization', 'web', '2026-01-09 00:36:58', '2026-01-09 00:36:58');
INSERT INTO `permissions` (`id`, `name`, `guard_name`, `created_at`, `updated_at`) VALUES
	(142, 'update_organization', 'web', '2026-01-09 00:36:58', '2026-01-09 00:36:58');
INSERT INTO `permissions` (`id`, `name`, `guard_name`, `created_at`, `updated_at`) VALUES
	(143, 'restore_organization', 'web', '2026-01-09 00:36:58', '2026-01-09 00:36:58');
INSERT INTO `permissions` (`id`, `name`, `guard_name`, `created_at`, `updated_at`) VALUES
	(144, 'restore_any_organization', 'web', '2026-01-09 00:36:58', '2026-01-09 00:36:58');
INSERT INTO `permissions` (`id`, `name`, `guard_name`, `created_at`, `updated_at`) VALUES
	(145, 'replicate_organization', 'web', '2026-01-09 00:36:58', '2026-01-09 00:36:58');
INSERT INTO `permissions` (`id`, `name`, `guard_name`, `created_at`, `updated_at`) VALUES
	(146, 'reorder_organization', 'web', '2026-01-09 00:36:58', '2026-01-09 00:36:58');
INSERT INTO `permissions` (`id`, `name`, `guard_name`, `created_at`, `updated_at`) VALUES
	(147, 'delete_organization', 'web', '2026-01-09 00:36:58', '2026-01-09 00:36:58');
INSERT INTO `permissions` (`id`, `name`, `guard_name`, `created_at`, `updated_at`) VALUES
	(148, 'delete_any_organization', 'web', '2026-01-09 00:36:58', '2026-01-09 00:36:58');
INSERT INTO `permissions` (`id`, `name`, `guard_name`, `created_at`, `updated_at`) VALUES
	(149, 'force_delete_organization', 'web', '2026-01-09 00:36:58', '2026-01-09 00:36:58');
INSERT INTO `permissions` (`id`, `name`, `guard_name`, `created_at`, `updated_at`) VALUES
	(150, 'force_delete_any_organization', 'web', '2026-01-09 00:36:58', '2026-01-09 00:36:58');
INSERT INTO `permissions` (`id`, `name`, `guard_name`, `created_at`, `updated_at`) VALUES
	(151, 'view_selogan', 'web', '2026-01-09 00:36:58', '2026-01-09 00:36:58');
INSERT INTO `permissions` (`id`, `name`, `guard_name`, `created_at`, `updated_at`) VALUES
	(152, 'view_any_selogan', 'web', '2026-01-09 00:36:58', '2026-01-09 00:36:58');
INSERT INTO `permissions` (`id`, `name`, `guard_name`, `created_at`, `updated_at`) VALUES
	(153, 'create_selogan', 'web', '2026-01-09 00:36:58', '2026-01-09 00:36:58');
INSERT INTO `permissions` (`id`, `name`, `guard_name`, `created_at`, `updated_at`) VALUES
	(154, 'update_selogan', 'web', '2026-01-09 00:36:58', '2026-01-09 00:36:58');
INSERT INTO `permissions` (`id`, `name`, `guard_name`, `created_at`, `updated_at`) VALUES
	(155, 'restore_selogan', 'web', '2026-01-09 00:36:58', '2026-01-09 00:36:58');
INSERT INTO `permissions` (`id`, `name`, `guard_name`, `created_at`, `updated_at`) VALUES
	(156, 'restore_any_selogan', 'web', '2026-01-09 00:36:58', '2026-01-09 00:36:58');
INSERT INTO `permissions` (`id`, `name`, `guard_name`, `created_at`, `updated_at`) VALUES
	(157, 'replicate_selogan', 'web', '2026-01-09 00:36:58', '2026-01-09 00:36:58');
INSERT INTO `permissions` (`id`, `name`, `guard_name`, `created_at`, `updated_at`) VALUES
	(158, 'reorder_selogan', 'web', '2026-01-09 00:36:58', '2026-01-09 00:36:58');
INSERT INTO `permissions` (`id`, `name`, `guard_name`, `created_at`, `updated_at`) VALUES
	(159, 'delete_selogan', 'web', '2026-01-09 00:36:58', '2026-01-09 00:36:58');
INSERT INTO `permissions` (`id`, `name`, `guard_name`, `created_at`, `updated_at`) VALUES
	(160, 'delete_any_selogan', 'web', '2026-01-09 00:36:58', '2026-01-09 00:36:58');
INSERT INTO `permissions` (`id`, `name`, `guard_name`, `created_at`, `updated_at`) VALUES
	(161, 'force_delete_selogan', 'web', '2026-01-09 00:36:58', '2026-01-09 00:36:58');
INSERT INTO `permissions` (`id`, `name`, `guard_name`, `created_at`, `updated_at`) VALUES
	(162, 'force_delete_any_selogan', 'web', '2026-01-09 00:36:58', '2026-01-09 00:36:58');
INSERT INTO `permissions` (`id`, `name`, `guard_name`, `created_at`, `updated_at`) VALUES
	(163, 'view_service', 'web', '2026-01-09 00:36:58', '2026-01-09 00:36:58');
INSERT INTO `permissions` (`id`, `name`, `guard_name`, `created_at`, `updated_at`) VALUES
	(164, 'view_any_service', 'web', '2026-01-09 00:36:58', '2026-01-09 00:36:58');
INSERT INTO `permissions` (`id`, `name`, `guard_name`, `created_at`, `updated_at`) VALUES
	(165, 'create_service', 'web', '2026-01-09 00:36:58', '2026-01-09 00:36:58');
INSERT INTO `permissions` (`id`, `name`, `guard_name`, `created_at`, `updated_at`) VALUES
	(166, 'update_service', 'web', '2026-01-09 00:36:58', '2026-01-09 00:36:58');
INSERT INTO `permissions` (`id`, `name`, `guard_name`, `created_at`, `updated_at`) VALUES
	(167, 'restore_service', 'web', '2026-01-09 00:36:58', '2026-01-09 00:36:58');
INSERT INTO `permissions` (`id`, `name`, `guard_name`, `created_at`, `updated_at`) VALUES
	(168, 'restore_any_service', 'web', '2026-01-09 00:36:58', '2026-01-09 00:36:58');
INSERT INTO `permissions` (`id`, `name`, `guard_name`, `created_at`, `updated_at`) VALUES
	(169, 'replicate_service', 'web', '2026-01-09 00:36:58', '2026-01-09 00:36:58');
INSERT INTO `permissions` (`id`, `name`, `guard_name`, `created_at`, `updated_at`) VALUES
	(170, 'reorder_service', 'web', '2026-01-09 00:36:58', '2026-01-09 00:36:58');
INSERT INTO `permissions` (`id`, `name`, `guard_name`, `created_at`, `updated_at`) VALUES
	(171, 'delete_service', 'web', '2026-01-09 00:36:58', '2026-01-09 00:36:58');
INSERT INTO `permissions` (`id`, `name`, `guard_name`, `created_at`, `updated_at`) VALUES
	(172, 'delete_any_service', 'web', '2026-01-09 00:36:58', '2026-01-09 00:36:58');
INSERT INTO `permissions` (`id`, `name`, `guard_name`, `created_at`, `updated_at`) VALUES
	(173, 'force_delete_service', 'web', '2026-01-09 00:36:58', '2026-01-09 00:36:58');
INSERT INTO `permissions` (`id`, `name`, `guard_name`, `created_at`, `updated_at`) VALUES
	(174, 'force_delete_any_service', 'web', '2026-01-09 00:36:58', '2026-01-09 00:36:58');
INSERT INTO `permissions` (`id`, `name`, `guard_name`, `created_at`, `updated_at`) VALUES
	(175, 'view_setting::web', 'web', '2026-01-09 00:36:58', '2026-01-09 00:36:58');
INSERT INTO `permissions` (`id`, `name`, `guard_name`, `created_at`, `updated_at`) VALUES
	(176, 'view_any_setting::web', 'web', '2026-01-09 00:36:58', '2026-01-09 00:36:58');
INSERT INTO `permissions` (`id`, `name`, `guard_name`, `created_at`, `updated_at`) VALUES
	(177, 'create_setting::web', 'web', '2026-01-09 00:36:58', '2026-01-09 00:36:58');
INSERT INTO `permissions` (`id`, `name`, `guard_name`, `created_at`, `updated_at`) VALUES
	(178, 'update_setting::web', 'web', '2026-01-09 00:36:58', '2026-01-09 00:36:58');
INSERT INTO `permissions` (`id`, `name`, `guard_name`, `created_at`, `updated_at`) VALUES
	(179, 'restore_setting::web', 'web', '2026-01-09 00:36:58', '2026-01-09 00:36:58');
INSERT INTO `permissions` (`id`, `name`, `guard_name`, `created_at`, `updated_at`) VALUES
	(180, 'restore_any_setting::web', 'web', '2026-01-09 00:36:58', '2026-01-09 00:36:58');
INSERT INTO `permissions` (`id`, `name`, `guard_name`, `created_at`, `updated_at`) VALUES
	(181, 'replicate_setting::web', 'web', '2026-01-09 00:36:58', '2026-01-09 00:36:58');
INSERT INTO `permissions` (`id`, `name`, `guard_name`, `created_at`, `updated_at`) VALUES
	(182, 'reorder_setting::web', 'web', '2026-01-09 00:36:58', '2026-01-09 00:36:58');
INSERT INTO `permissions` (`id`, `name`, `guard_name`, `created_at`, `updated_at`) VALUES
	(183, 'delete_setting::web', 'web', '2026-01-09 00:36:58', '2026-01-09 00:36:58');
INSERT INTO `permissions` (`id`, `name`, `guard_name`, `created_at`, `updated_at`) VALUES
	(184, 'delete_any_setting::web', 'web', '2026-01-09 00:36:58', '2026-01-09 00:36:58');
INSERT INTO `permissions` (`id`, `name`, `guard_name`, `created_at`, `updated_at`) VALUES
	(185, 'force_delete_setting::web', 'web', '2026-01-09 00:36:58', '2026-01-09 00:36:58');
INSERT INTO `permissions` (`id`, `name`, `guard_name`, `created_at`, `updated_at`) VALUES
	(186, 'force_delete_any_setting::web', 'web', '2026-01-09 00:36:58', '2026-01-09 00:36:58');
INSERT INTO `permissions` (`id`, `name`, `guard_name`, `created_at`, `updated_at`) VALUES
	(187, 'view_sosial::media', 'web', '2026-01-09 00:36:58', '2026-01-09 00:36:58');
INSERT INTO `permissions` (`id`, `name`, `guard_name`, `created_at`, `updated_at`) VALUES
	(188, 'view_any_sosial::media', 'web', '2026-01-09 00:36:58', '2026-01-09 00:36:58');
INSERT INTO `permissions` (`id`, `name`, `guard_name`, `created_at`, `updated_at`) VALUES
	(189, 'create_sosial::media', 'web', '2026-01-09 00:36:58', '2026-01-09 00:36:58');
INSERT INTO `permissions` (`id`, `name`, `guard_name`, `created_at`, `updated_at`) VALUES
	(190, 'update_sosial::media', 'web', '2026-01-09 00:36:58', '2026-01-09 00:36:58');
INSERT INTO `permissions` (`id`, `name`, `guard_name`, `created_at`, `updated_at`) VALUES
	(191, 'restore_sosial::media', 'web', '2026-01-09 00:36:58', '2026-01-09 00:36:58');
INSERT INTO `permissions` (`id`, `name`, `guard_name`, `created_at`, `updated_at`) VALUES
	(192, 'restore_any_sosial::media', 'web', '2026-01-09 00:36:58', '2026-01-09 00:36:58');
INSERT INTO `permissions` (`id`, `name`, `guard_name`, `created_at`, `updated_at`) VALUES
	(193, 'replicate_sosial::media', 'web', '2026-01-09 00:36:58', '2026-01-09 00:36:58');
INSERT INTO `permissions` (`id`, `name`, `guard_name`, `created_at`, `updated_at`) VALUES
	(194, 'reorder_sosial::media', 'web', '2026-01-09 00:36:58', '2026-01-09 00:36:58');
INSERT INTO `permissions` (`id`, `name`, `guard_name`, `created_at`, `updated_at`) VALUES
	(195, 'delete_sosial::media', 'web', '2026-01-09 00:36:58', '2026-01-09 00:36:58');
INSERT INTO `permissions` (`id`, `name`, `guard_name`, `created_at`, `updated_at`) VALUES
	(196, 'delete_any_sosial::media', 'web', '2026-01-09 00:36:58', '2026-01-09 00:36:58');
INSERT INTO `permissions` (`id`, `name`, `guard_name`, `created_at`, `updated_at`) VALUES
	(197, 'force_delete_sosial::media', 'web', '2026-01-09 00:36:58', '2026-01-09 00:36:58');
INSERT INTO `permissions` (`id`, `name`, `guard_name`, `created_at`, `updated_at`) VALUES
	(198, 'force_delete_any_sosial::media', 'web', '2026-01-09 00:36:58', '2026-01-09 00:36:58');
INSERT INTO `permissions` (`id`, `name`, `guard_name`, `created_at`, `updated_at`) VALUES
	(199, 'view_user', 'web', '2026-01-09 00:36:58', '2026-01-09 00:36:58');
INSERT INTO `permissions` (`id`, `name`, `guard_name`, `created_at`, `updated_at`) VALUES
	(200, 'view_any_user', 'web', '2026-01-09 00:36:58', '2026-01-09 00:36:58');
INSERT INTO `permissions` (`id`, `name`, `guard_name`, `created_at`, `updated_at`) VALUES
	(201, 'create_user', 'web', '2026-01-09 00:36:58', '2026-01-09 00:36:58');
INSERT INTO `permissions` (`id`, `name`, `guard_name`, `created_at`, `updated_at`) VALUES
	(202, 'update_user', 'web', '2026-01-09 00:36:58', '2026-01-09 00:36:58');
INSERT INTO `permissions` (`id`, `name`, `guard_name`, `created_at`, `updated_at`) VALUES
	(203, 'restore_user', 'web', '2026-01-09 00:36:58', '2026-01-09 00:36:58');
INSERT INTO `permissions` (`id`, `name`, `guard_name`, `created_at`, `updated_at`) VALUES
	(204, 'restore_any_user', 'web', '2026-01-09 00:36:58', '2026-01-09 00:36:58');
INSERT INTO `permissions` (`id`, `name`, `guard_name`, `created_at`, `updated_at`) VALUES
	(205, 'replicate_user', 'web', '2026-01-09 00:36:58', '2026-01-09 00:36:58');
INSERT INTO `permissions` (`id`, `name`, `guard_name`, `created_at`, `updated_at`) VALUES
	(206, 'reorder_user', 'web', '2026-01-09 00:36:58', '2026-01-09 00:36:58');
INSERT INTO `permissions` (`id`, `name`, `guard_name`, `created_at`, `updated_at`) VALUES
	(207, 'delete_user', 'web', '2026-01-09 00:36:58', '2026-01-09 00:36:58');
INSERT INTO `permissions` (`id`, `name`, `guard_name`, `created_at`, `updated_at`) VALUES
	(208, 'delete_any_user', 'web', '2026-01-09 00:36:58', '2026-01-09 00:36:58');
INSERT INTO `permissions` (`id`, `name`, `guard_name`, `created_at`, `updated_at`) VALUES
	(209, 'force_delete_user', 'web', '2026-01-09 00:36:58', '2026-01-09 00:36:58');
INSERT INTO `permissions` (`id`, `name`, `guard_name`, `created_at`, `updated_at`) VALUES
	(210, 'force_delete_any_user', 'web', '2026-01-09 00:36:58', '2026-01-09 00:36:58');
INSERT INTO `permissions` (`id`, `name`, `guard_name`, `created_at`, `updated_at`) VALUES
	(211, 'page_MyProfilePage', 'web', '2026-01-09 00:36:58', '2026-01-09 00:36:58');

-- Dumping structure for table compro-logistic-laravel.roles
CREATE TABLE IF NOT EXISTS `roles` (
  `id` bigint(20) unsigned NOT NULL AUTO_INCREMENT,
  `name` varchar(255) COLLATE utf8mb4_unicode_ci NOT NULL,
  `guard_name` varchar(255) COLLATE utf8mb4_unicode_ci NOT NULL,
  `created_at` timestamp NULL DEFAULT NULL,
  `updated_at` timestamp NULL DEFAULT NULL,
  PRIMARY KEY (`id`),
  UNIQUE KEY `roles_name_guard_name_unique` (`name`,`guard_name`)
) ENGINE=InnoDB AUTO_INCREMENT=2 DEFAULT CHARSET=utf8mb4 COLLATE=utf8mb4_unicode_ci;

-- Dumping data for table compro-logistic-laravel.roles: ~0 rows (approximately)
INSERT INTO `roles` (`id`, `name`, `guard_name`, `created_at`, `updated_at`) VALUES
	(1, 'super_admin', 'web', '2026-01-09 00:25:28', '2026-01-09 00:25:28');

-- Dumping structure for table compro-logistic-laravel.role_has_permissions
CREATE TABLE IF NOT EXISTS `role_has_permissions` (
  `permission_id` bigint(20) unsigned NOT NULL,
  `role_id` bigint(20) unsigned NOT NULL,
  PRIMARY KEY (`permission_id`,`role_id`),
  KEY `role_has_permissions_role_id_foreign` (`role_id`),
  CONSTRAINT `role_has_permissions_permission_id_foreign` FOREIGN KEY (`permission_id`) REFERENCES `permissions` (`id`) ON DELETE CASCADE,
  CONSTRAINT `role_has_permissions_role_id_foreign` FOREIGN KEY (`role_id`) REFERENCES `roles` (`id`) ON DELETE CASCADE
) ENGINE=InnoDB DEFAULT CHARSET=utf8mb4 COLLATE=utf8mb4_unicode_ci;

-- Dumping data for table compro-logistic-laravel.role_has_permissions: ~211 rows (approximately)
INSERT INTO `role_has_permissions` (`permission_id`, `role_id`) VALUES
	(1, 1);
INSERT INTO `role_has_permissions` (`permission_id`, `role_id`) VALUES
	(2, 1);
INSERT INTO `role_has_permissions` (`permission_id`, `role_id`) VALUES
	(3, 1);
INSERT INTO `role_has_permissions` (`permission_id`, `role_id`) VALUES
	(4, 1);
INSERT INTO `role_has_permissions` (`permission_id`, `role_id`) VALUES
	(5, 1);
INSERT INTO `role_has_permissions` (`permission_id`, `role_id`) VALUES
	(6, 1);
INSERT INTO `role_has_permissions` (`permission_id`, `role_id`) VALUES
	(7, 1);
INSERT INTO `role_has_permissions` (`permission_id`, `role_id`) VALUES
	(8, 1);
INSERT INTO `role_has_permissions` (`permission_id`, `role_id`) VALUES
	(9, 1);
INSERT INTO `role_has_permissions` (`permission_id`, `role_id`) VALUES
	(10, 1);
INSERT INTO `role_has_permissions` (`permission_id`, `role_id`) VALUES
	(11, 1);
INSERT INTO `role_has_permissions` (`permission_id`, `role_id`) VALUES
	(12, 1);
INSERT INTO `role_has_permissions` (`permission_id`, `role_id`) VALUES
	(13, 1);
INSERT INTO `role_has_permissions` (`permission_id`, `role_id`) VALUES
	(14, 1);
INSERT INTO `role_has_permissions` (`permission_id`, `role_id`) VALUES
	(15, 1);
INSERT INTO `role_has_permissions` (`permission_id`, `role_id`) VALUES
	(16, 1);
INSERT INTO `role_has_permissions` (`permission_id`, `role_id`) VALUES
	(17, 1);
INSERT INTO `role_has_permissions` (`permission_id`, `role_id`) VALUES
	(18, 1);
INSERT INTO `role_has_permissions` (`permission_id`, `role_id`) VALUES
	(19, 1);
INSERT INTO `role_has_permissions` (`permission_id`, `role_id`) VALUES
	(20, 1);
INSERT INTO `role_has_permissions` (`permission_id`, `role_id`) VALUES
	(21, 1);
INSERT INTO `role_has_permissions` (`permission_id`, `role_id`) VALUES
	(22, 1);
INSERT INTO `role_has_permissions` (`permission_id`, `role_id`) VALUES
	(23, 1);
INSERT INTO `role_has_permissions` (`permission_id`, `role_id`) VALUES
	(24, 1);
INSERT INTO `role_has_permissions` (`permission_id`, `role_id`) VALUES
	(25, 1);
INSERT INTO `role_has_permissions` (`permission_id`, `role_id`) VALUES
	(26, 1);
INSERT INTO `role_has_permissions` (`permission_id`, `role_id`) VALUES
	(27, 1);
INSERT INTO `role_has_permissions` (`permission_id`, `role_id`) VALUES
	(28, 1);
INSERT INTO `role_has_permissions` (`permission_id`, `role_id`) VALUES
	(29, 1);
INSERT INTO `role_has_permissions` (`permission_id`, `role_id`) VALUES
	(30, 1);
INSERT INTO `role_has_permissions` (`permission_id`, `role_id`) VALUES
	(31, 1);
INSERT INTO `role_has_permissions` (`permission_id`, `role_id`) VALUES
	(32, 1);
INSERT INTO `role_has_permissions` (`permission_id`, `role_id`) VALUES
	(33, 1);
INSERT INTO `role_has_permissions` (`permission_id`, `role_id`) VALUES
	(34, 1);
INSERT INTO `role_has_permissions` (`permission_id`, `role_id`) VALUES
	(35, 1);
INSERT INTO `role_has_permissions` (`permission_id`, `role_id`) VALUES
	(36, 1);
INSERT INTO `role_has_permissions` (`permission_id`, `role_id`) VALUES
	(37, 1);
INSERT INTO `role_has_permissions` (`permission_id`, `role_id`) VALUES
	(38, 1);
INSERT INTO `role_has_permissions` (`permission_id`, `role_id`) VALUES
	(39, 1);
INSERT INTO `role_has_permissions` (`permission_id`, `role_id`) VALUES
	(40, 1);
INSERT INTO `role_has_permissions` (`permission_id`, `role_id`) VALUES
	(41, 1);
INSERT INTO `role_has_permissions` (`permission_id`, `role_id`) VALUES
	(42, 1);
INSERT INTO `role_has_permissions` (`permission_id`, `role_id`) VALUES
	(43, 1);
INSERT INTO `role_has_permissions` (`permission_id`, `role_id`) VALUES
	(44, 1);
INSERT INTO `role_has_permissions` (`permission_id`, `role_id`) VALUES
	(45, 1);
INSERT INTO `role_has_permissions` (`permission_id`, `role_id`) VALUES
	(46, 1);
INSERT INTO `role_has_permissions` (`permission_id`, `role_id`) VALUES
	(47, 1);
INSERT INTO `role_has_permissions` (`permission_id`, `role_id`) VALUES
	(48, 1);
INSERT INTO `role_has_permissions` (`permission_id`, `role_id`) VALUES
	(49, 1);
INSERT INTO `role_has_permissions` (`permission_id`, `role_id`) VALUES
	(50, 1);
INSERT INTO `role_has_permissions` (`permission_id`, `role_id`) VALUES
	(51, 1);
INSERT INTO `role_has_permissions` (`permission_id`, `role_id`) VALUES
	(52, 1);
INSERT INTO `role_has_permissions` (`permission_id`, `role_id`) VALUES
	(53, 1);
INSERT INTO `role_has_permissions` (`permission_id`, `role_id`) VALUES
	(54, 1);
INSERT INTO `role_has_permissions` (`permission_id`, `role_id`) VALUES
	(55, 1);
INSERT INTO `role_has_permissions` (`permission_id`, `role_id`) VALUES
	(56, 1);
INSERT INTO `role_has_permissions` (`permission_id`, `role_id`) VALUES
	(57, 1);
INSERT INTO `role_has_permissions` (`permission_id`, `role_id`) VALUES
	(58, 1);
INSERT INTO `role_has_permissions` (`permission_id`, `role_id`) VALUES
	(59, 1);
INSERT INTO `role_has_permissions` (`permission_id`, `role_id`) VALUES
	(60, 1);
INSERT INTO `role_has_permissions` (`permission_id`, `role_id`) VALUES
	(61, 1);
INSERT INTO `role_has_permissions` (`permission_id`, `role_id`) VALUES
	(62, 1);
INSERT INTO `role_has_permissions` (`permission_id`, `role_id`) VALUES
	(63, 1);
INSERT INTO `role_has_permissions` (`permission_id`, `role_id`) VALUES
	(64, 1);
INSERT INTO `role_has_permissions` (`permission_id`, `role_id`) VALUES
	(65, 1);
INSERT INTO `role_has_permissions` (`permission_id`, `role_id`) VALUES
	(66, 1);
INSERT INTO `role_has_permissions` (`permission_id`, `role_id`) VALUES
	(67, 1);
INSERT INTO `role_has_permissions` (`permission_id`, `role_id`) VALUES
	(68, 1);
INSERT INTO `role_has_permissions` (`permission_id`, `role_id`) VALUES
	(69, 1);
INSERT INTO `role_has_permissions` (`permission_id`, `role_id`) VALUES
	(70, 1);
INSERT INTO `role_has_permissions` (`permission_id`, `role_id`) VALUES
	(71, 1);
INSERT INTO `role_has_permissions` (`permission_id`, `role_id`) VALUES
	(72, 1);
INSERT INTO `role_has_permissions` (`permission_id`, `role_id`) VALUES
	(73, 1);
INSERT INTO `role_has_permissions` (`permission_id`, `role_id`) VALUES
	(74, 1);
INSERT INTO `role_has_permissions` (`permission_id`, `role_id`) VALUES
	(75, 1);
INSERT INTO `role_has_permissions` (`permission_id`, `role_id`) VALUES
	(76, 1);
INSERT INTO `role_has_permissions` (`permission_id`, `role_id`) VALUES
	(77, 1);
INSERT INTO `role_has_permissions` (`permission_id`, `role_id`) VALUES
	(78, 1);
INSERT INTO `role_has_permissions` (`permission_id`, `role_id`) VALUES
	(79, 1);
INSERT INTO `role_has_permissions` (`permission_id`, `role_id`) VALUES
	(80, 1);
INSERT INTO `role_has_permissions` (`permission_id`, `role_id`) VALUES
	(81, 1);
INSERT INTO `role_has_permissions` (`permission_id`, `role_id`) VALUES
	(82, 1);
INSERT INTO `role_has_permissions` (`permission_id`, `role_id`) VALUES
	(83, 1);
INSERT INTO `role_has_permissions` (`permission_id`, `role_id`) VALUES
	(84, 1);
INSERT INTO `role_has_permissions` (`permission_id`, `role_id`) VALUES
	(85, 1);
INSERT INTO `role_has_permissions` (`permission_id`, `role_id`) VALUES
	(86, 1);
INSERT INTO `role_has_permissions` (`permission_id`, `role_id`) VALUES
	(87, 1);
INSERT INTO `role_has_permissions` (`permission_id`, `role_id`) VALUES
	(88, 1);
INSERT INTO `role_has_permissions` (`permission_id`, `role_id`) VALUES
	(89, 1);
INSERT INTO `role_has_permissions` (`permission_id`, `role_id`) VALUES
	(90, 1);
INSERT INTO `role_has_permissions` (`permission_id`, `role_id`) VALUES
	(91, 1);
INSERT INTO `role_has_permissions` (`permission_id`, `role_id`) VALUES
	(92, 1);
INSERT INTO `role_has_permissions` (`permission_id`, `role_id`) VALUES
	(93, 1);
INSERT INTO `role_has_permissions` (`permission_id`, `role_id`) VALUES
	(94, 1);
INSERT INTO `role_has_permissions` (`permission_id`, `role_id`) VALUES
	(95, 1);
INSERT INTO `role_has_permissions` (`permission_id`, `role_id`) VALUES
	(96, 1);
INSERT INTO `role_has_permissions` (`permission_id`, `role_id`) VALUES
	(97, 1);
INSERT INTO `role_has_permissions` (`permission_id`, `role_id`) VALUES
	(98, 1);
INSERT INTO `role_has_permissions` (`permission_id`, `role_id`) VALUES
	(99, 1);
INSERT INTO `role_has_permissions` (`permission_id`, `role_id`) VALUES
	(100, 1);
INSERT INTO `role_has_permissions` (`permission_id`, `role_id`) VALUES
	(101, 1);
INSERT INTO `role_has_permissions` (`permission_id`, `role_id`) VALUES
	(102, 1);
INSERT INTO `role_has_permissions` (`permission_id`, `role_id`) VALUES
	(103, 1);
INSERT INTO `role_has_permissions` (`permission_id`, `role_id`) VALUES
	(104, 1);
INSERT INTO `role_has_permissions` (`permission_id`, `role_id`) VALUES
	(105, 1);
INSERT INTO `role_has_permissions` (`permission_id`, `role_id`) VALUES
	(106, 1);
INSERT INTO `role_has_permissions` (`permission_id`, `role_id`) VALUES
	(107, 1);
INSERT INTO `role_has_permissions` (`permission_id`, `role_id`) VALUES
	(108, 1);
INSERT INTO `role_has_permissions` (`permission_id`, `role_id`) VALUES
	(109, 1);
INSERT INTO `role_has_permissions` (`permission_id`, `role_id`) VALUES
	(110, 1);
INSERT INTO `role_has_permissions` (`permission_id`, `role_id`) VALUES
	(111, 1);
INSERT INTO `role_has_permissions` (`permission_id`, `role_id`) VALUES
	(112, 1);
INSERT INTO `role_has_permissions` (`permission_id`, `role_id`) VALUES
	(113, 1);
INSERT INTO `role_has_permissions` (`permission_id`, `role_id`) VALUES
	(114, 1);
INSERT INTO `role_has_permissions` (`permission_id`, `role_id`) VALUES
	(115, 1);
INSERT INTO `role_has_permissions` (`permission_id`, `role_id`) VALUES
	(116, 1);
INSERT INTO `role_has_permissions` (`permission_id`, `role_id`) VALUES
	(117, 1);
INSERT INTO `role_has_permissions` (`permission_id`, `role_id`) VALUES
	(118, 1);
INSERT INTO `role_has_permissions` (`permission_id`, `role_id`) VALUES
	(119, 1);
INSERT INTO `role_has_permissions` (`permission_id`, `role_id`) VALUES
	(120, 1);
INSERT INTO `role_has_permissions` (`permission_id`, `role_id`) VALUES
	(121, 1);
INSERT INTO `role_has_permissions` (`permission_id`, `role_id`) VALUES
	(122, 1);
INSERT INTO `role_has_permissions` (`permission_id`, `role_id`) VALUES
	(123, 1);
INSERT INTO `role_has_permissions` (`permission_id`, `role_id`) VALUES
	(124, 1);
INSERT INTO `role_has_permissions` (`permission_id`, `role_id`) VALUES
	(125, 1);
INSERT INTO `role_has_permissions` (`permission_id`, `role_id`) VALUES
	(126, 1);
INSERT INTO `role_has_permissions` (`permission_id`, `role_id`) VALUES
	(127, 1);
INSERT INTO `role_has_permissions` (`permission_id`, `role_id`) VALUES
	(128, 1);
INSERT INTO `role_has_permissions` (`permission_id`, `role_id`) VALUES
	(129, 1);
INSERT INTO `role_has_permissions` (`permission_id`, `role_id`) VALUES
	(130, 1);
INSERT INTO `role_has_permissions` (`permission_id`, `role_id`) VALUES
	(131, 1);
INSERT INTO `role_has_permissions` (`permission_id`, `role_id`) VALUES
	(132, 1);
INSERT INTO `role_has_permissions` (`permission_id`, `role_id`) VALUES
	(133, 1);
INSERT INTO `role_has_permissions` (`permission_id`, `role_id`) VALUES
	(134, 1);
INSERT INTO `role_has_permissions` (`permission_id`, `role_id`) VALUES
	(135, 1);
INSERT INTO `role_has_permissions` (`permission_id`, `role_id`) VALUES
	(136, 1);
INSERT INTO `role_has_permissions` (`permission_id`, `role_id`) VALUES
	(137, 1);
INSERT INTO `role_has_permissions` (`permission_id`, `role_id`) VALUES
	(138, 1);
INSERT INTO `role_has_permissions` (`permission_id`, `role_id`) VALUES
	(139, 1);
INSERT INTO `role_has_permissions` (`permission_id`, `role_id`) VALUES
	(140, 1);
INSERT INTO `role_has_permissions` (`permission_id`, `role_id`) VALUES
	(141, 1);
INSERT INTO `role_has_permissions` (`permission_id`, `role_id`) VALUES
	(142, 1);
INSERT INTO `role_has_permissions` (`permission_id`, `role_id`) VALUES
	(143, 1);
INSERT INTO `role_has_permissions` (`permission_id`, `role_id`) VALUES
	(144, 1);
INSERT INTO `role_has_permissions` (`permission_id`, `role_id`) VALUES
	(145, 1);
INSERT INTO `role_has_permissions` (`permission_id`, `role_id`) VALUES
	(146, 1);
INSERT INTO `role_has_permissions` (`permission_id`, `role_id`) VALUES
	(147, 1);
INSERT INTO `role_has_permissions` (`permission_id`, `role_id`) VALUES
	(148, 1);
INSERT INTO `role_has_permissions` (`permission_id`, `role_id`) VALUES
	(149, 1);
INSERT INTO `role_has_permissions` (`permission_id`, `role_id`) VALUES
	(150, 1);
INSERT INTO `role_has_permissions` (`permission_id`, `role_id`) VALUES
	(151, 1);
INSERT INTO `role_has_permissions` (`permission_id`, `role_id`) VALUES
	(152, 1);
INSERT INTO `role_has_permissions` (`permission_id`, `role_id`) VALUES
	(153, 1);
INSERT INTO `role_has_permissions` (`permission_id`, `role_id`) VALUES
	(154, 1);
INSERT INTO `role_has_permissions` (`permission_id`, `role_id`) VALUES
	(155, 1);
INSERT INTO `role_has_permissions` (`permission_id`, `role_id`) VALUES
	(156, 1);
INSERT INTO `role_has_permissions` (`permission_id`, `role_id`) VALUES
	(157, 1);
INSERT INTO `role_has_permissions` (`permission_id`, `role_id`) VALUES
	(158, 1);
INSERT INTO `role_has_permissions` (`permission_id`, `role_id`) VALUES
	(159, 1);
INSERT INTO `role_has_permissions` (`permission_id`, `role_id`) VALUES
	(160, 1);
INSERT INTO `role_has_permissions` (`permission_id`, `role_id`) VALUES
	(161, 1);
INSERT INTO `role_has_permissions` (`permission_id`, `role_id`) VALUES
	(162, 1);
INSERT INTO `role_has_permissions` (`permission_id`, `role_id`) VALUES
	(163, 1);
INSERT INTO `role_has_permissions` (`permission_id`, `role_id`) VALUES
	(164, 1);
INSERT INTO `role_has_permissions` (`permission_id`, `role_id`) VALUES
	(165, 1);
INSERT INTO `role_has_permissions` (`permission_id`, `role_id`) VALUES
	(166, 1);
INSERT INTO `role_has_permissions` (`permission_id`, `role_id`) VALUES
	(167, 1);
INSERT INTO `role_has_permissions` (`permission_id`, `role_id`) VALUES
	(168, 1);
INSERT INTO `role_has_permissions` (`permission_id`, `role_id`) VALUES
	(169, 1);
INSERT INTO `role_has_permissions` (`permission_id`, `role_id`) VALUES
	(170, 1);
INSERT INTO `role_has_permissions` (`permission_id`, `role_id`) VALUES
	(171, 1);
INSERT INTO `role_has_permissions` (`permission_id`, `role_id`) VALUES
	(172, 1);
INSERT INTO `role_has_permissions` (`permission_id`, `role_id`) VALUES
	(173, 1);
INSERT INTO `role_has_permissions` (`permission_id`, `role_id`) VALUES
	(174, 1);
INSERT INTO `role_has_permissions` (`permission_id`, `role_id`) VALUES
	(175, 1);
INSERT INTO `role_has_permissions` (`permission_id`, `role_id`) VALUES
	(176, 1);
INSERT INTO `role_has_permissions` (`permission_id`, `role_id`) VALUES
	(177, 1);
INSERT INTO `role_has_permissions` (`permission_id`, `role_id`) VALUES
	(178, 1);
INSERT INTO `role_has_permissions` (`permission_id`, `role_id`) VALUES
	(179, 1);
INSERT INTO `role_has_permissions` (`permission_id`, `role_id`) VALUES
	(180, 1);
INSERT INTO `role_has_permissions` (`permission_id`, `role_id`) VALUES
	(181, 1);
INSERT INTO `role_has_permissions` (`permission_id`, `role_id`) VALUES
	(182, 1);
INSERT INTO `role_has_permissions` (`permission_id`, `role_id`) VALUES
	(183, 1);
INSERT INTO `role_has_permissions` (`permission_id`, `role_id`) VALUES
	(184, 1);
INSERT INTO `role_has_permissions` (`permission_id`, `role_id`) VALUES
	(185, 1);
INSERT INTO `role_has_permissions` (`permission_id`, `role_id`) VALUES
	(186, 1);
INSERT INTO `role_has_permissions` (`permission_id`, `role_id`) VALUES
	(187, 1);
INSERT INTO `role_has_permissions` (`permission_id`, `role_id`) VALUES
	(188, 1);
INSERT INTO `role_has_permissions` (`permission_id`, `role_id`) VALUES
	(189, 1);
INSERT INTO `role_has_permissions` (`permission_id`, `role_id`) VALUES
	(190, 1);
INSERT INTO `role_has_permissions` (`permission_id`, `role_id`) VALUES
	(191, 1);
INSERT INTO `role_has_permissions` (`permission_id`, `role_id`) VALUES
	(192, 1);
INSERT INTO `role_has_permissions` (`permission_id`, `role_id`) VALUES
	(193, 1);
INSERT INTO `role_has_permissions` (`permission_id`, `role_id`) VALUES
	(194, 1);
INSERT INTO `role_has_permissions` (`permission_id`, `role_id`) VALUES
	(195, 1);
INSERT INTO `role_has_permissions` (`permission_id`, `role_id`) VALUES
	(196, 1);
INSERT INTO `role_has_permissions` (`permission_id`, `role_id`) VALUES
	(197, 1);
INSERT INTO `role_has_permissions` (`permission_id`, `role_id`) VALUES
	(198, 1);
INSERT INTO `role_has_permissions` (`permission_id`, `role_id`) VALUES
	(199, 1);
INSERT INTO `role_has_permissions` (`permission_id`, `role_id`) VALUES
	(200, 1);
INSERT INTO `role_has_permissions` (`permission_id`, `role_id`) VALUES
	(201, 1);
INSERT INTO `role_has_permissions` (`permission_id`, `role_id`) VALUES
	(202, 1);
INSERT INTO `role_has_permissions` (`permission_id`, `role_id`) VALUES
	(203, 1);
INSERT INTO `role_has_permissions` (`permission_id`, `role_id`) VALUES
	(204, 1);
INSERT INTO `role_has_permissions` (`permission_id`, `role_id`) VALUES
	(205, 1);
INSERT INTO `role_has_permissions` (`permission_id`, `role_id`) VALUES
	(206, 1);
INSERT INTO `role_has_permissions` (`permission_id`, `role_id`) VALUES
	(207, 1);
INSERT INTO `role_has_permissions` (`permission_id`, `role_id`) VALUES
	(208, 1);
INSERT INTO `role_has_permissions` (`permission_id`, `role_id`) VALUES
	(209, 1);
INSERT INTO `role_has_permissions` (`permission_id`, `role_id`) VALUES
	(210, 1);
INSERT INTO `role_has_permissions` (`permission_id`, `role_id`) VALUES
	(211, 1);

-- Dumping structure for table compro-logistic-laravel.selogans
CREATE TABLE IF NOT EXISTS `selogans` (
  `id` bigint(20) unsigned NOT NULL AUTO_INCREMENT,
  `name` varchar(255) COLLATE utf8mb4_unicode_ci NOT NULL,
  `description` text COLLATE utf8mb4_unicode_ci,
  `icon` varchar(255) COLLATE utf8mb4_unicode_ci DEFAULT NULL,
  `created_at` timestamp NULL DEFAULT NULL,
  `updated_at` timestamp NULL DEFAULT NULL,
  PRIMARY KEY (`id`)
) ENGINE=InnoDB AUTO_INCREMENT=4 DEFAULT CHARSET=utf8mb4 COLLATE=utf8mb4_unicode_ci;

-- Dumping data for table compro-logistic-laravel.selogans: ~3 rows (approximately)
INSERT INTO `selogans` (`id`, `name`, `description`, `icon`, `created_at`, `updated_at`) VALUES
	(1, 'Worldwide Service', 'On-time delivery with extensive domestic reach', 'selogan/01KEGTKC9Z94PETPG9GNG08XKH.png', '2026-01-09 00:03:57', '2026-01-10 00:30:03');
INSERT INTO `selogans` (`id`, `name`, `description`, `icon`, `created_at`, `updated_at`) VALUES
	(2, 'Live Monitoring', 'End-to-end shipment monitoring for maximum security', 'selogan/01KEGTJZYV46WFHJB95M1TSW6X.png', '2026-01-09 00:03:57', '2026-01-10 00:29:50');
INSERT INTO `selogans` (`id`, `name`, `description`, `icon`, `created_at`, `updated_at`) VALUES
	(3, 'Transportation', 'Reliable logistics solutions trusted by businesses nationwide', 'selogan/01KEGTJMN6608FSPAQXTQQ4K0P.png', '2026-01-09 00:03:57', '2026-01-10 00:29:08');

-- Dumping structure for table compro-logistic-laravel.services
CREATE TABLE IF NOT EXISTS `services` (
  `id` bigint(20) unsigned NOT NULL AUTO_INCREMENT,
  `name` varchar(255) COLLATE utf8mb4_unicode_ci NOT NULL,
  `slug` varchar(255) COLLATE utf8mb4_unicode_ci NOT NULL,
  `description` text COLLATE utf8mb4_unicode_ci,
  `cover` varchar(255) COLLATE utf8mb4_unicode_ci DEFAULT NULL,
  `image` json DEFAULT NULL,
  `created_at` timestamp NULL DEFAULT NULL,
  `updated_at` timestamp NULL DEFAULT NULL,
  PRIMARY KEY (`id`),
  UNIQUE KEY `services_slug_unique` (`slug`)
) ENGINE=InnoDB AUTO_INCREMENT=4 DEFAULT CHARSET=utf8mb4 COLLATE=utf8mb4_unicode_ci;

-- Dumping data for table compro-logistic-laravel.services: ~3 rows (approximately)
INSERT INTO `services` (`id`, `name`, `slug`, `description`, `cover`, `image`, `created_at`, `updated_at`) VALUES
	(1, 'Ground Shipping', 'ground-shipping', 'Land freight services throughout Indonesia.', 'services/01KEHWJ4FRSXH5MP0GWVSSS1SK.jpg', '[]', '2026-01-09 00:03:57', '2026-01-10 00:23:42');
INSERT INTO `services` (`id`, `name`, `slug`, `description`, `cover`, `image`, `created_at`, `updated_at`) VALUES
	(2, 'Sea Shipping', 'sea-shipping', 'Shipping services via sea with a fleet of ships.', 'services/01KEHWHAMWC950B1AYG7HSQZ0M.jpg', '[]', '2026-01-09 00:03:57', '2026-01-10 00:23:15');
INSERT INTO `services` (`id`, `name`, `slug`, `description`, `cover`, `image`, `created_at`, `updated_at`) VALUES
	(3, 'Air Freight', 'air-freight', 'Fast delivery by air for urgent needs.', 'services/01KEHWDQEVKEMV5ARVGVMBY93C.jpg', '[{"judul": "Contoh 1", "galeri": "service/01KEGP14QEQJEED0D0FDNRYEPZ.jpg"}, {"judul": "Contoh", "galeri": "service/01KEKPW3EVY6EQN7JHF70ASFDW.png"}]', '2026-01-09 00:03:57', '2026-01-10 17:22:46');

-- Dumping structure for table compro-logistic-laravel.sessions
CREATE TABLE IF NOT EXISTS `sessions` (
  `id` varchar(255) COLLATE utf8mb4_unicode_ci NOT NULL,
  `user_id` bigint(20) unsigned DEFAULT NULL,
  `ip_address` varchar(45) COLLATE utf8mb4_unicode_ci DEFAULT NULL,
  `user_agent` text COLLATE utf8mb4_unicode_ci,
  `payload` longtext COLLATE utf8mb4_unicode_ci NOT NULL,
  `last_activity` int(11) NOT NULL,
  PRIMARY KEY (`id`),
  KEY `sessions_user_id_index` (`user_id`),
  KEY `sessions_last_activity_index` (`last_activity`)
) ENGINE=InnoDB DEFAULT CHARSET=utf8mb4 COLLATE=utf8mb4_unicode_ci;

-- Dumping data for table compro-logistic-laravel.sessions: ~2 rows (approximately)
INSERT INTO `sessions` (`id`, `user_id`, `ip_address`, `user_agent`, `payload`, `last_activity`) VALUES
	('LhGew4kHOmfJte7xT3xbvYp0iGs52ARjNcMfu1Vo', NULL, '127.0.0.1', 'Mozilla/5.0 (Windows NT 10.0; Win64; x64) AppleWebKit/537.36 (KHTML, like Gecko) Chrome/143.0.0.0 Safari/537.36', 'YTo0OntzOjY6Il90b2tlbiI7czo0MDoicDFnOTU4c1lHcUJDMjd2TEFEczBpVUdITDM2bHI2YnZqbW1ZaVhGaiI7czozOiJ1cmwiO2E6MTp7czo4OiJpbnRlbmRlZCI7czo0MjoiaHR0cHM6Ly9jb21wcm8tbG9naXN0aWMtbGFyYXZlbC50ZXN0L2FkbWluIjt9czo5OiJfcHJldmlvdXMiO2E6Mjp7czozOiJ1cmwiO3M6MzY6Imh0dHBzOi8vY29tcHJvLWxvZ2lzdGljLWxhcmF2ZWwudGVzdCI7czo1OiJyb3V0ZSI7Tjt9czo2OiJfZmxhc2giO2E6Mjp7czozOiJvbGQiO2E6MDp7fXM6MzoibmV3IjthOjA6e319fQ==', 1768148800);
INSERT INTO `sessions` (`id`, `user_id`, `ip_address`, `user_agent`, `payload`, `last_activity`) VALUES
	('zUpnbkqvWCB45rU8zxlcIFSCadmAeRpHuikFu8xc', 1, '127.0.0.1', 'Mozilla/5.0 (Windows NT 10.0; Win64; x64) AppleWebKit/537.36 (KHTML, like Gecko) Chrome/143.0.0.0 Safari/537.36', 'YTo1OntzOjY6Il90b2tlbiI7czo0MDoiVzd6UnJNMTFTRzdPOFUxNUtSaENMWkpNT1MzZUZhN2dRVkhEem5ZZSI7czo2OiJfZmxhc2giO2E6Mjp7czozOiJvbGQiO2E6MDp7fXM6MzoibmV3IjthOjA6e319czo5OiJfcHJldmlvdXMiO2E6Mjp7czozOiJ1cmwiO3M6MzY6Imh0dHBzOi8vY29tcHJvLWxvZ2lzdGljLWxhcmF2ZWwudGVzdCI7czo1OiJyb3V0ZSI7Tjt9czo1MDoibG9naW5fd2ViXzNkYzdhOTEzZWY1ZmQ0Yjg5MGVjYWJlMzQ4NzA4NTU3M2UxNmNmODIiO2k6MTtzOjE3OiJwYXNzd29yZF9oYXNoX3dlYiI7czo2NDoiMTJmMWU2N2JlYjdlMjliNTIwMzVhNjIyOTFmM2M0YTEyNzQ5NWU4ZWU3ZDQ0NDAyNGIyNmFlNjg5NWQyMmM1YiI7fQ==', 1768070155);

-- Dumping structure for table compro-logistic-laravel.setting_webs
CREATE TABLE IF NOT EXISTS `setting_webs` (
  `id` bigint(20) unsigned NOT NULL AUTO_INCREMENT,
  `logo` varchar(255) COLLATE utf8mb4_unicode_ci DEFAULT NULL,
  `name` varchar(255) COLLATE utf8mb4_unicode_ci NOT NULL,
  `whatsapp` varchar(255) COLLATE utf8mb4_unicode_ci DEFAULT NULL,
  `pixel_fb` varchar(255) COLLATE utf8mb4_unicode_ci DEFAULT NULL,
  `api_wa` varchar(255) COLLATE utf8mb4_unicode_ci DEFAULT NULL,
  `meta_tag` text COLLATE utf8mb4_unicode_ci,
  `created_at` timestamp NULL DEFAULT NULL,
  `updated_at` timestamp NULL DEFAULT NULL,
  PRIMARY KEY (`id`)
) ENGINE=InnoDB AUTO_INCREMENT=2 DEFAULT CHARSET=utf8mb4 COLLATE=utf8mb4_unicode_ci;

-- Dumping data for table compro-logistic-laravel.setting_webs: ~0 rows (approximately)
INSERT INTO `setting_webs` (`id`, `logo`, `name`, `whatsapp`, `pixel_fb`, `api_wa`, `meta_tag`, `created_at`, `updated_at`) VALUES
	(1, 'setting-web/01KEHPZ1E8VEY8KY6MPEZFGD70.png', 'PT Aji Jaya Logistic', '6281234567890', 'FB-PIXEL-ID', 'API-WA-KEY', '<meta name="description" content="PT Aji Jaya Logistic adalah perusahaan jasa logistik terpercaya yang melayani pengiriman darat, laut, dan udara ke seluruh Indonesia dengan layanan cepat, aman, dan profesional." />\n\n<meta name="keywords" content="aji jaya logistic, aj logistic, jasa logistik indonesia, jasa pengiriman barang, ekspedisi darat laut udara, pengiriman barang nasional, perusahaan logistik terpercaya" />\n\n<meta property="og:title" content="PT Aji Jaya Logistic | Jasa Pengiriman & Logistik Terpercaya" />\n\n<meta property="og:description" content="Percayakan kebutuhan pengiriman Anda kepada PT Aji Jaya Logistic. Layanan logistik darat, laut, dan udara dengan jangkauan nasional, harga kompetitif, dan pelayanan profesional." />\n\n<meta property="og:url" content="https://www.ajlogistic.co.id" />\n\n<meta property="og:type" content="website" />\n', '2026-01-09 00:03:57', '2026-01-09 22:45:53');

-- Dumping structure for table compro-logistic-laravel.sosial_media
CREATE TABLE IF NOT EXISTS `sosial_media` (
  `id` bigint(20) unsigned NOT NULL AUTO_INCREMENT,
  `name` varchar(255) COLLATE utf8mb4_unicode_ci NOT NULL,
  `url` varchar(255) COLLATE utf8mb4_unicode_ci NOT NULL,
  `icon` varchar(255) COLLATE utf8mb4_unicode_ci DEFAULT NULL,
  `created_at` timestamp NULL DEFAULT NULL,
  `updated_at` timestamp NULL DEFAULT NULL,
  PRIMARY KEY (`id`)
) ENGINE=InnoDB AUTO_INCREMENT=4 DEFAULT CHARSET=utf8mb4 COLLATE=utf8mb4_unicode_ci;

-- Dumping data for table compro-logistic-laravel.sosial_media: ~3 rows (approximately)
INSERT INTO `sosial_media` (`id`, `name`, `url`, `icon`, `created_at`, `updated_at`) VALUES
	(1, 'Instagram', 'https://instagram.com/logistic', 'sosial-media/01KEGPEG6BSZ5S0268DBCYV5CS.png', '2026-01-09 00:03:57', '2026-01-09 13:17:37');
INSERT INTO `sosial_media` (`id`, `name`, `url`, `icon`, `created_at`, `updated_at`) VALUES
	(2, 'Facebook', 'https://facebook.com/logistic', 'sosial-media/01KEGPE7NFFVWZWKXQSGZEH4GS.png', '2026-01-09 00:03:57', '2026-01-09 13:17:28');
INSERT INTO `sosial_media` (`id`, `name`, `url`, `icon`, `created_at`, `updated_at`) VALUES
	(3, 'WhatsApp', 'https://wa.me/6281234567890', 'sosial-media/01KEGPBCB3A79K8X8ADNHMMBJK.png', '2026-01-09 00:03:57', '2026-01-09 13:15:54');

-- Dumping structure for table compro-logistic-laravel.users
CREATE TABLE IF NOT EXISTS `users` (
  `id` bigint(20) unsigned NOT NULL AUTO_INCREMENT,
  `name` varchar(255) COLLATE utf8mb4_unicode_ci NOT NULL,
  `email` varchar(255) COLLATE utf8mb4_unicode_ci NOT NULL,
  `email_verified_at` timestamp NULL DEFAULT NULL,
  `username` varchar(255) COLLATE utf8mb4_unicode_ci NOT NULL,
  `password` varchar(255) COLLATE utf8mb4_unicode_ci NOT NULL,
  `remember_token` varchar(100) COLLATE utf8mb4_unicode_ci DEFAULT NULL,
  `created_at` timestamp NULL DEFAULT NULL,
  `updated_at` timestamp NULL DEFAULT NULL,
  PRIMARY KEY (`id`),
  UNIQUE KEY `users_email_unique` (`email`),
  UNIQUE KEY `users_username_unique` (`username`)
) ENGINE=InnoDB AUTO_INCREMENT=3 DEFAULT CHARSET=utf8mb4 COLLATE=utf8mb4_unicode_ci;

-- Dumping data for table compro-logistic-laravel.users: ~2 rows (approximately)
INSERT INTO `users` (`id`, `name`, `email`, `email_verified_at`, `username`, `password`, `remember_token`, `created_at`, `updated_at`) VALUES
	(1, 'Administrator', 'admin@logistic.test', NULL, 'lookman', '$2y$12$EFCsz6G49ZBov2/yGaFYwe9XvhubpCDVkdSfey1Dg0WyQ9ZKlCHqu', NULL, '2026-01-09 00:03:57', '2026-01-09 00:03:57');
INSERT INTO `users` (`id`, `name`, `email`, `email_verified_at`, `username`, `password`, `remember_token`, `created_at`, `updated_at`) VALUES
	(2, 'asdasd', 'asd@sad.asd', '2026-01-09 00:31:13', 'asd', '$2y$12$Q.8e4H9Ru.lTsQVcf5BFi.99kAwis25ux1pZQylJd9gRujOqc0Ogi', NULL, '2026-01-09 00:31:18', '2026-01-09 01:20:02');

-- Dumping structure for table compro-logistic-laravel.web_visits
CREATE TABLE IF NOT EXISTS `web_visits` (
  `id` bigint(20) unsigned NOT NULL AUTO_INCREMENT,
  `ip_address` varchar(255) COLLATE utf8mb4_unicode_ci DEFAULT NULL,
  `user_agent` varchar(255) COLLATE utf8mb4_unicode_ci DEFAULT NULL,
  `url` varchar(255) COLLATE utf8mb4_unicode_ci DEFAULT NULL,
  `referrer` varchar(255) COLLATE utf8mb4_unicode_ci DEFAULT NULL,
  `created_at` timestamp NULL DEFAULT NULL,
  `updated_at` timestamp NULL DEFAULT NULL,
  PRIMARY KEY (`id`)
) ENGINE=InnoDB AUTO_INCREMENT=81 DEFAULT CHARSET=utf8mb4 COLLATE=utf8mb4_unicode_ci;

-- Dumping data for table compro-logistic-laravel.web_visits: ~55 rows (approximately)
INSERT INTO `web_visits` (`id`, `ip_address`, `user_agent`, `url`, `referrer`, `created_at`, `updated_at`) VALUES
	(21, '127.0.0.1', 'Mozilla/5.0 (Windows NT 10.0; Win64; x64) AppleWebKit/537.36 (KHTML, like Gecko) Chrome/143.0.0.0 Safari/537.36', 'https://compro-logistic-laravel.test/livewire/update', 'https://compro-logistic-laravel.test/admin', '2026-01-09 15:12:23', '2026-01-09 15:12:23');
INSERT INTO `web_visits` (`id`, `ip_address`, `user_agent`, `url`, `referrer`, `created_at`, `updated_at`) VALUES
	(22, '127.0.0.1', 'Mozilla/5.0 (Windows NT 10.0; Win64; x64) AppleWebKit/537.36 (KHTML, like Gecko) Chrome/143.0.0.0 Safari/537.36', 'https://compro-logistic-laravel.test/livewire/update', 'https://compro-logistic-laravel.test/admin', '2026-01-09 15:12:28', '2026-01-09 15:12:28');
INSERT INTO `web_visits` (`id`, `ip_address`, `user_agent`, `url`, `referrer`, `created_at`, `updated_at`) VALUES
	(23, '127.0.0.1', 'Mozilla/5.0 (Windows NT 10.0; Win64; x64) AppleWebKit/537.36 (KHTML, like Gecko) Chrome/143.0.0.0 Safari/537.36', 'https://compro-logistic-laravel.test/livewire/update', 'https://compro-logistic-laravel.test/admin', '2026-01-09 15:12:28', '2026-01-09 15:12:28');
INSERT INTO `web_visits` (`id`, `ip_address`, `user_agent`, `url`, `referrer`, `created_at`, `updated_at`) VALUES
	(24, '127.0.0.1', 'Mozilla/5.0 (Windows NT 10.0; Win64; x64) AppleWebKit/537.36 (KHTML, like Gecko) Chrome/143.0.0.0 Safari/537.36', 'https://compro-logistic-laravel.test/livewire/update', 'https://compro-logistic-laravel.test/admin', '2026-01-09 15:12:28', '2026-01-09 15:12:28');
INSERT INTO `web_visits` (`id`, `ip_address`, `user_agent`, `url`, `referrer`, `created_at`, `updated_at`) VALUES
	(25, '127.0.0.1', 'Mozilla/5.0 (Windows NT 10.0; Win64; x64) AppleWebKit/537.36 (KHTML, like Gecko) Chrome/143.0.0.0 Safari/537.36', 'https://compro-logistic-laravel.test/livewire/update', 'https://compro-logistic-laravel.test/admin', '2026-01-09 15:12:33', '2026-01-09 15:12:33');
INSERT INTO `web_visits` (`id`, `ip_address`, `user_agent`, `url`, `referrer`, `created_at`, `updated_at`) VALUES
	(26, '127.0.0.1', 'Mozilla/5.0 (Windows NT 10.0; Win64; x64) AppleWebKit/537.36 (KHTML, like Gecko) Chrome/143.0.0.0 Safari/537.36', 'https://compro-logistic-laravel.test/livewire/update', 'https://compro-logistic-laravel.test/admin', '2026-01-09 15:12:38', '2026-01-09 15:12:38');
INSERT INTO `web_visits` (`id`, `ip_address`, `user_agent`, `url`, `referrer`, `created_at`, `updated_at`) VALUES
	(27, '127.0.0.1', 'Mozilla/5.0 (Windows NT 10.0; Win64; x64) AppleWebKit/537.36 (KHTML, like Gecko) Chrome/143.0.0.0 Safari/537.36', 'https://compro-logistic-laravel.test/livewire/update', 'https://compro-logistic-laravel.test/admin', '2026-01-09 15:17:09', '2026-01-09 15:17:09');
INSERT INTO `web_visits` (`id`, `ip_address`, `user_agent`, `url`, `referrer`, `created_at`, `updated_at`) VALUES
	(28, '127.0.0.1', 'Mozilla/5.0 (Windows NT 10.0; Win64; x64) AppleWebKit/537.36 (KHTML, like Gecko) Chrome/143.0.0.0 Safari/537.36', 'https://compro-logistic-laravel.test/livewire/update', 'https://compro-logistic-laravel.test/admin', '2026-01-09 15:27:41', '2026-01-09 15:27:41');
INSERT INTO `web_visits` (`id`, `ip_address`, `user_agent`, `url`, `referrer`, `created_at`, `updated_at`) VALUES
	(29, '127.0.0.1', 'Mozilla/5.0 (Windows NT 10.0; Win64; x64) AppleWebKit/537.36 (KHTML, like Gecko) Chrome/143.0.0.0 Safari/537.36', 'https://compro-logistic-laravel.test/livewire/update', 'https://compro-logistic-laravel.test/admin', '2026-01-09 15:39:58', '2026-01-09 15:39:58');
INSERT INTO `web_visits` (`id`, `ip_address`, `user_agent`, `url`, `referrer`, `created_at`, `updated_at`) VALUES
	(30, '127.0.0.1', 'Mozilla/5.0 (Windows NT 10.0; Win64; x64) AppleWebKit/537.36 (KHTML, like Gecko) Chrome/143.0.0.0 Safari/537.36', 'https://compro-logistic-laravel.test/livewire/update', 'https://compro-logistic-laravel.test/admin', '2026-01-09 15:57:16', '2026-01-09 15:57:16');
INSERT INTO `web_visits` (`id`, `ip_address`, `user_agent`, `url`, `referrer`, `created_at`, `updated_at`) VALUES
	(31, '127.0.0.1', 'Mozilla/5.0 (Windows NT 10.0; Win64; x64) AppleWebKit/537.36 (KHTML, like Gecko) Chrome/143.0.0.0 Safari/537.36', 'https://compro-logistic-laravel.test', NULL, '2026-01-09 22:05:46', '2026-01-09 22:05:46');
INSERT INTO `web_visits` (`id`, `ip_address`, `user_agent`, `url`, `referrer`, `created_at`, `updated_at`) VALUES
	(32, '127.0.0.1', 'Mozilla/5.0 (Windows NT 10.0; Win64; x64) AppleWebKit/537.36 (KHTML, like Gecko) Chrome/143.0.0.0 Safari/537.36', 'https://compro-logistic-laravel.test', NULL, '2026-01-09 22:16:26', '2026-01-09 22:16:26');
INSERT INTO `web_visits` (`id`, `ip_address`, `user_agent`, `url`, `referrer`, `created_at`, `updated_at`) VALUES
	(33, '127.0.0.1', 'Mozilla/5.0 (Windows NT 10.0; Win64; x64) AppleWebKit/537.36 (KHTML, like Gecko) Chrome/143.0.0.0 Safari/537.36', 'https://compro-logistic-laravel.test', NULL, '2026-01-09 22:29:36', '2026-01-09 22:29:36');
INSERT INTO `web_visits` (`id`, `ip_address`, `user_agent`, `url`, `referrer`, `created_at`, `updated_at`) VALUES
	(34, '127.0.0.1', 'Mozilla/5.0 (Windows NT 10.0; Win64; x64) AppleWebKit/537.36 (KHTML, like Gecko) Chrome/143.0.0.0 Safari/537.36', 'https://compro-logistic-laravel.test', NULL, '2026-01-09 22:40:52', '2026-01-09 22:40:52');
INSERT INTO `web_visits` (`id`, `ip_address`, `user_agent`, `url`, `referrer`, `created_at`, `updated_at`) VALUES
	(35, '127.0.0.1', 'Mozilla/5.0 (Windows NT 10.0; Win64; x64) AppleWebKit/537.36 (KHTML, like Gecko) Chrome/143.0.0.0 Safari/537.36', 'https://compro-logistic-laravel.test', 'https://compro-logistic-laravel.test/', '2026-01-09 22:51:01', '2026-01-09 22:51:01');
INSERT INTO `web_visits` (`id`, `ip_address`, `user_agent`, `url`, `referrer`, `created_at`, `updated_at`) VALUES
	(36, '127.0.0.1', 'Mozilla/5.0 (Windows NT 10.0; Win64; x64) AppleWebKit/537.36 (KHTML, like Gecko) Chrome/143.0.0.0 Safari/537.36', 'https://compro-logistic-laravel.test/livewire/update', 'https://compro-logistic-laravel.test/admin', '2026-01-09 23:04:14', '2026-01-09 23:04:14');
INSERT INTO `web_visits` (`id`, `ip_address`, `user_agent`, `url`, `referrer`, `created_at`, `updated_at`) VALUES
	(37, '127.0.0.1', 'Mozilla/5.0 (Windows NT 10.0; Win64; x64) AppleWebKit/537.36 (KHTML, like Gecko) Chrome/143.0.0.0 Safari/537.36', 'https://compro-logistic-laravel.test/estimate', 'https://compro-logistic-laravel.test/', '2026-01-09 23:14:51', '2026-01-09 23:14:51');
INSERT INTO `web_visits` (`id`, `ip_address`, `user_agent`, `url`, `referrer`, `created_at`, `updated_at`) VALUES
	(38, '127.0.0.1', 'Mozilla/5.0 (iPhone; CPU iPhone OS 15_0 like Mac OS X) AppleWebKit/603.1.30 (KHTML, like Gecko) Version/17.5 Mobile/15A5370a Safari/602.1', 'https://compro-logistic-laravel.test', 'https://compro-logistic-laravel.test/', '2026-01-09 23:24:51', '2026-01-09 23:24:51');
INSERT INTO `web_visits` (`id`, `ip_address`, `user_agent`, `url`, `referrer`, `created_at`, `updated_at`) VALUES
	(39, '127.0.0.1', 'Mozilla/5.0 (Windows NT 10.0; Win64; x64) AppleWebKit/537.36 (KHTML, like Gecko) Chrome/143.0.0.0 Safari/537.36', 'https://compro-logistic-laravel.test/livewire/update', 'https://compro-logistic-laravel.test/admin/contacts', '2026-01-09 23:34:53', '2026-01-09 23:34:53');
INSERT INTO `web_visits` (`id`, `ip_address`, `user_agent`, `url`, `referrer`, `created_at`, `updated_at`) VALUES
	(40, '127.0.0.1', 'Mozilla/5.0 (Windows NT 10.0; Win64; x64) AppleWebKit/537.36 (KHTML, like Gecko) Chrome/143.0.0.0 Safari/537.36', 'https://compro-logistic-laravel.test', NULL, '2026-01-09 23:45:15', '2026-01-09 23:45:15');
INSERT INTO `web_visits` (`id`, `ip_address`, `user_agent`, `url`, `referrer`, `created_at`, `updated_at`) VALUES
	(41, '127.0.0.1', 'Mozilla/5.0 (Windows NT 10.0; Win64; x64) AppleWebKit/537.36 (KHTML, like Gecko) Chrome/143.0.0.0 Safari/537.36', 'https://compro-logistic-laravel.test/livewire/update', 'https://compro-logistic-laravel.test/admin', '2026-01-09 23:57:14', '2026-01-09 23:57:14');
INSERT INTO `web_visits` (`id`, `ip_address`, `user_agent`, `url`, `referrer`, `created_at`, `updated_at`) VALUES
	(42, '127.0.0.1', 'Mozilla/5.0 (Windows NT 10.0; Win64; x64) AppleWebKit/537.36 (KHTML, like Gecko) Chrome/143.0.0.0 Safari/537.36', 'https://compro-logistic-laravel.test', 'https://compro-logistic-laravel.test/', '2026-01-10 00:07:19', '2026-01-10 00:07:19');
INSERT INTO `web_visits` (`id`, `ip_address`, `user_agent`, `url`, `referrer`, `created_at`, `updated_at`) VALUES
	(43, '127.0.0.1', 'Mozilla/5.0 (Windows NT 10.0; Win64; x64) AppleWebKit/537.36 (KHTML, like Gecko) Chrome/143.0.0.0 Safari/537.36', 'https://compro-logistic-laravel.test', 'https://compro-logistic-laravel.test/', '2026-01-10 00:18:10', '2026-01-10 00:18:10');
INSERT INTO `web_visits` (`id`, `ip_address`, `user_agent`, `url`, `referrer`, `created_at`, `updated_at`) VALUES
	(44, '127.0.0.1', 'Mozilla/5.0 (Windows NT 10.0; Win64; x64) AppleWebKit/537.36 (KHTML, like Gecko) Chrome/143.0.0.0 Safari/537.36', 'https://compro-logistic-laravel.test', 'https://compro-logistic-laravel.test/', '2026-01-10 00:28:22', '2026-01-10 00:28:22');
INSERT INTO `web_visits` (`id`, `ip_address`, `user_agent`, `url`, `referrer`, `created_at`, `updated_at`) VALUES
	(45, '127.0.0.1', 'Mozilla/5.0 (Windows NT 10.0; Win64; x64) AppleWebKit/537.36 (KHTML, like Gecko) Chrome/143.0.0.0 Safari/537.36', 'https://compro-logistic-laravel.test', 'https://compro-logistic-laravel.test/', '2026-01-10 00:38:27', '2026-01-10 00:38:27');
INSERT INTO `web_visits` (`id`, `ip_address`, `user_agent`, `url`, `referrer`, `created_at`, `updated_at`) VALUES
	(46, '127.0.0.1', 'Mozilla/5.0 (Windows NT 10.0; Win64; x64) AppleWebKit/537.36 (KHTML, like Gecko) Chrome/143.0.0.0 Safari/537.36', 'https://compro-logistic-laravel.test/livewire/update', 'https://compro-logistic-laravel.test/admin/gols', '2026-01-10 00:48:27', '2026-01-10 00:48:27');
INSERT INTO `web_visits` (`id`, `ip_address`, `user_agent`, `url`, `referrer`, `created_at`, `updated_at`) VALUES
	(47, '127.0.0.1', 'Mozilla/5.0 (Windows NT 10.0; Win64; x64) AppleWebKit/537.36 (KHTML, like Gecko) Chrome/143.0.0.0 Safari/537.36', 'https://compro-logistic-laravel.test/livewire/update', 'https://compro-logistic-laravel.test/admin/organizations', '2026-01-10 00:58:37', '2026-01-10 00:58:37');
INSERT INTO `web_visits` (`id`, `ip_address`, `user_agent`, `url`, `referrer`, `created_at`, `updated_at`) VALUES
	(48, '127.0.0.1', 'Mozilla/5.0 (Windows NT 10.0; Win64; x64) AppleWebKit/537.36 (KHTML, like Gecko) Chrome/143.0.0.0 Safari/537.36', 'https://compro-logistic-laravel.test', 'https://compro-logistic-laravel.test/', '2026-01-10 01:11:28', '2026-01-10 01:11:28');
INSERT INTO `web_visits` (`id`, `ip_address`, `user_agent`, `url`, `referrer`, `created_at`, `updated_at`) VALUES
	(49, '127.0.0.1', 'Mozilla/5.0 (Windows NT 10.0; Win64; x64) AppleWebKit/537.36 (KHTML, like Gecko) Chrome/143.0.0.0 Safari/537.36', 'https://compro-logistic-laravel.test', 'https://compro-logistic-laravel.test/', '2026-01-10 01:22:14', '2026-01-10 01:22:14');
INSERT INTO `web_visits` (`id`, `ip_address`, `user_agent`, `url`, `referrer`, `created_at`, `updated_at`) VALUES
	(50, '127.0.0.1', 'Mozilla/5.0 (Windows NT 10.0; Win64; x64) AppleWebKit/537.36 (KHTML, like Gecko) Chrome/143.0.0.0 Safari/537.36', 'https://compro-logistic-laravel.test', NULL, '2026-01-10 01:31:01', '2026-01-10 01:31:01');
INSERT INTO `web_visits` (`id`, `ip_address`, `user_agent`, `url`, `referrer`, `created_at`, `updated_at`) VALUES
	(51, '127.0.0.1', 'Mozilla/5.0 (Windows NT 10.0; Win64; x64) AppleWebKit/537.36 (KHTML, like Gecko) Chrome/143.0.0.0 Safari/537.36', 'https://compro-logistic-laravel.test/livewire/update', 'https://compro-logistic-laravel.test/admin/login', '2026-01-10 01:46:31', '2026-01-10 01:46:31');
INSERT INTO `web_visits` (`id`, `ip_address`, `user_agent`, `url`, `referrer`, `created_at`, `updated_at`) VALUES
	(52, '127.0.0.1', 'Mozilla/5.0 (Windows NT 10.0; Win64; x64) AppleWebKit/537.36 (KHTML, like Gecko) Chrome/143.0.0.0 Safari/537.36', 'https://compro-logistic-laravel.test/livewire/update', 'https://compro-logistic-laravel.test/admin', '2026-01-10 01:56:41', '2026-01-10 01:56:41');
INSERT INTO `web_visits` (`id`, `ip_address`, `user_agent`, `url`, `referrer`, `created_at`, `updated_at`) VALUES
	(53, '127.0.0.1', 'Mozilla/5.0 (Windows NT 10.0; Win64; x64) AppleWebKit/537.36 (KHTML, like Gecko) Chrome/143.0.0.0 Safari/537.36', 'https://compro-logistic-laravel.test', 'https://compro-logistic-laravel.test/', '2026-01-10 15:52:14', '2026-01-10 15:52:14');
INSERT INTO `web_visits` (`id`, `ip_address`, `user_agent`, `url`, `referrer`, `created_at`, `updated_at`) VALUES
	(54, '127.0.0.1', 'Mozilla/5.0 (Windows NT 10.0; Win64; x64) AppleWebKit/537.36 (KHTML, like Gecko) Chrome/143.0.0.0 Safari/537.36', 'https://compro-logistic-laravel.test', 'https://compro-logistic-laravel.test/', '2026-01-10 16:02:22', '2026-01-10 16:02:22');
INSERT INTO `web_visits` (`id`, `ip_address`, `user_agent`, `url`, `referrer`, `created_at`, `updated_at`) VALUES
	(55, '127.0.0.1', 'Mozilla/5.0 (Windows NT 10.0; Win64; x64) AppleWebKit/537.36 (KHTML, like Gecko) Chrome/143.0.0.0 Safari/537.36', 'https://compro-logistic-laravel.test', 'https://compro-logistic-laravel.test/', '2026-01-10 16:12:29', '2026-01-10 16:12:29');
INSERT INTO `web_visits` (`id`, `ip_address`, `user_agent`, `url`, `referrer`, `created_at`, `updated_at`) VALUES
	(56, '127.0.0.1', 'Mozilla/5.0 (Windows NT 10.0; Win64; x64) AppleWebKit/537.36 (KHTML, like Gecko) Chrome/143.0.0.0 Safari/537.36', 'https://compro-logistic-laravel.test', 'https://compro-logistic-laravel.test/', '2026-01-10 16:40:42', '2026-01-10 16:40:42');
INSERT INTO `web_visits` (`id`, `ip_address`, `user_agent`, `url`, `referrer`, `created_at`, `updated_at`) VALUES
	(57, '127.0.0.1', 'Mozilla/5.0 (Windows NT 10.0; Win64; x64) AppleWebKit/537.36 (KHTML, like Gecko) Chrome/143.0.0.0 Safari/537.36', 'https://compro-logistic-laravel.test/service/detail/sea-shipping', 'https://compro-logistic-laravel.test/service', '2026-01-10 17:00:03', '2026-01-10 17:00:03');
INSERT INTO `web_visits` (`id`, `ip_address`, `user_agent`, `url`, `referrer`, `created_at`, `updated_at`) VALUES
	(58, '127.0.0.1', 'Mozilla/5.0 (Windows NT 10.0; Win64; x64) AppleWebKit/537.36 (KHTML, like Gecko) Chrome/143.0.0.0 Safari/537.36', 'https://compro-logistic-laravel.test/service/detail/sea-shipping', 'https://compro-logistic-laravel.test/service', '2026-01-10 17:11:33', '2026-01-10 17:11:33');
INSERT INTO `web_visits` (`id`, `ip_address`, `user_agent`, `url`, `referrer`, `created_at`, `updated_at`) VALUES
	(59, '127.0.0.1', 'Mozilla/5.0 (Windows NT 10.0; Win64; x64) AppleWebKit/537.36 (KHTML, like Gecko) Chrome/143.0.0.0 Safari/537.36', 'https://compro-logistic-laravel.test/livewire/update', 'https://compro-logistic-laravel.test/admin/login', '2026-01-10 17:21:36', '2026-01-10 17:21:36');
INSERT INTO `web_visits` (`id`, `ip_address`, `user_agent`, `url`, `referrer`, `created_at`, `updated_at`) VALUES
	(60, '127.0.0.1', 'Mozilla/5.0 (Windows NT 10.0; Win64; x64) AppleWebKit/537.36 (KHTML, like Gecko) Chrome/143.0.0.0 Safari/537.36', 'https://compro-logistic-laravel.test/about', 'https://compro-logistic-laravel.test/', '2026-01-10 17:33:17', '2026-01-10 17:33:17');
INSERT INTO `web_visits` (`id`, `ip_address`, `user_agent`, `url`, `referrer`, `created_at`, `updated_at`) VALUES
	(61, '127.0.0.1', 'Mozilla/5.0 (Windows NT 10.0; Win64; x64) AppleWebKit/537.36 (KHTML, like Gecko) Chrome/143.0.0.0 Safari/537.36', 'https://compro-logistic-laravel.test/contact', 'https://compro-logistic-laravel.test/about', '2026-01-10 17:44:54', '2026-01-10 17:44:54');
INSERT INTO `web_visits` (`id`, `ip_address`, `user_agent`, `url`, `referrer`, `created_at`, `updated_at`) VALUES
	(62, '127.0.0.1', 'Mozilla/5.0 (Windows NT 10.0; Win64; x64) AppleWebKit/537.36 (KHTML, like Gecko) Chrome/143.0.0.0 Safari/537.36', 'https://compro-logistic-laravel.test/about', 'https://compro-logistic-laravel.test/service/detail/air-freight', '2026-01-10 17:55:45', '2026-01-10 17:55:45');
INSERT INTO `web_visits` (`id`, `ip_address`, `user_agent`, `url`, `referrer`, `created_at`, `updated_at`) VALUES
	(63, '127.0.0.1', 'Mozilla/5.0 (Windows NT 10.0; Win64; x64) AppleWebKit/537.36 (KHTML, like Gecko) Chrome/143.0.0.0 Safari/537.36', 'https://compro-logistic-laravel.test/blog', 'https://compro-logistic-laravel.test/', '2026-01-10 22:02:37', '2026-01-10 22:02:37');
INSERT INTO `web_visits` (`id`, `ip_address`, `user_agent`, `url`, `referrer`, `created_at`, `updated_at`) VALUES
	(64, '127.0.0.1', 'Mozilla/5.0 (Windows NT 10.0; Win64; x64) AppleWebKit/537.36 (KHTML, like Gecko) Chrome/143.0.0.0 Safari/537.36', 'https://compro-logistic-laravel.test/blog', 'https://compro-logistic-laravel.test/contact', '2026-01-10 22:16:24', '2026-01-10 22:16:24');
INSERT INTO `web_visits` (`id`, `ip_address`, `user_agent`, `url`, `referrer`, `created_at`, `updated_at`) VALUES
	(65, '127.0.0.1', 'Mozilla/5.0 (Windows NT 10.0; Win64; x64) AppleWebKit/537.36 (KHTML, like Gecko) Chrome/143.0.0.0 Safari/537.36', 'https://compro-logistic-laravel.test/blog', 'https://compro-logistic-laravel.test/contact', '2026-01-10 22:27:29', '2026-01-10 22:27:29');
INSERT INTO `web_visits` (`id`, `ip_address`, `user_agent`, `url`, `referrer`, `created_at`, `updated_at`) VALUES
	(66, '127.0.0.1', 'Mozilla/5.0 (Windows NT 10.0; Win64; x64) AppleWebKit/537.36 (KHTML, like Gecko) Chrome/143.0.0.0 Safari/537.36', 'https://compro-logistic-laravel.test/livewire/update', 'https://compro-logistic-laravel.test/admin/blogs', '2026-01-10 22:37:33', '2026-01-10 22:37:33');
INSERT INTO `web_visits` (`id`, `ip_address`, `user_agent`, `url`, `referrer`, `created_at`, `updated_at`) VALUES
	(67, '127.0.0.1', 'Mozilla/5.0 (Windows NT 10.0; Win64; x64) AppleWebKit/537.36 (KHTML, like Gecko) Chrome/143.0.0.0 Safari/537.36', 'https://compro-logistic-laravel.test/blog/detail/asdasd', 'https://compro-logistic-laravel.test/blog', '2026-01-10 22:56:59', '2026-01-10 22:56:59');
INSERT INTO `web_visits` (`id`, `ip_address`, `user_agent`, `url`, `referrer`, `created_at`, `updated_at`) VALUES
	(68, '127.0.0.1', 'Mozilla/5.0 (Windows NT 10.0; Win64; x64) AppleWebKit/537.36 (KHTML, like Gecko) Chrome/143.0.0.0 Safari/537.36', 'https://compro-logistic-laravel.test/blog/detail/tips-pengiriman-barang-aman', 'https://compro-logistic-laravel.test/blog', '2026-01-10 23:08:40', '2026-01-10 23:08:40');
INSERT INTO `web_visits` (`id`, `ip_address`, `user_agent`, `url`, `referrer`, `created_at`, `updated_at`) VALUES
	(69, '127.0.0.1', 'Mozilla/5.0 (Windows NT 10.0; Win64; x64) AppleWebKit/537.36 (KHTML, like Gecko) Chrome/143.0.0.0 Safari/537.36', 'https://compro-logistic-laravel.test/blog/detail/tips-pengiriman-barang-aman', 'https://compro-logistic-laravel.test/blog/detail/asdasd', '2026-01-10 23:18:41', '2026-01-10 23:18:41');
INSERT INTO `web_visits` (`id`, `ip_address`, `user_agent`, `url`, `referrer`, `created_at`, `updated_at`) VALUES
	(70, '127.0.0.1', 'Mozilla/5.0 (iPhone; CPU iPhone OS 15_0 like Mac OS X) AppleWebKit/603.1.30 (KHTML, like Gecko) Version/17.5 Mobile/15A5370a Safari/602.1', 'https://compro-logistic-laravel.test/blog/detail/tips-pengiriman-barang-aman', 'https://compro-logistic-laravel.test/blog/detail/tips-pengiriman-barang-aman', '2026-01-10 23:33:43', '2026-01-10 23:33:43');
INSERT INTO `web_visits` (`id`, `ip_address`, `user_agent`, `url`, `referrer`, `created_at`, `updated_at`) VALUES
	(71, '127.0.0.1', 'Mozilla/5.0 (Windows NT 10.0; Win64; x64) AppleWebKit/537.36 (KHTML, like Gecko) Chrome/143.0.0.0 Safari/537.36', 'https://compro-logistic-laravel.test/galery', 'https://compro-logistic-laravel.test/blog?q=barang', '2026-01-10 23:43:51', '2026-01-10 23:43:51');
INSERT INTO `web_visits` (`id`, `ip_address`, `user_agent`, `url`, `referrer`, `created_at`, `updated_at`) VALUES
	(72, '127.0.0.1', 'Mozilla/5.0 (Windows NT 10.0; Win64; x64) AppleWebKit/537.36 (KHTML, like Gecko) Chrome/143.0.0.0 Safari/537.36', 'https://compro-logistic-laravel.test/galery', 'https://compro-logistic-laravel.test/blog?q=barang', '2026-01-11 00:01:23', '2026-01-11 00:01:23');
INSERT INTO `web_visits` (`id`, `ip_address`, `user_agent`, `url`, `referrer`, `created_at`, `updated_at`) VALUES
	(73, '127.0.0.1', 'Mozilla/5.0 (Windows NT 10.0; Win64; x64) AppleWebKit/537.36 (KHTML, like Gecko) Chrome/143.0.0.0 Safari/537.36', 'https://compro-logistic-laravel.test/service', 'https://compro-logistic-laravel.test/about', '2026-01-11 00:11:28', '2026-01-11 00:11:28');
INSERT INTO `web_visits` (`id`, `ip_address`, `user_agent`, `url`, `referrer`, `created_at`, `updated_at`) VALUES
	(74, '127.0.0.1', 'Mozilla/5.0 (Windows NT 10.0; Win64; x64) AppleWebKit/537.36 (KHTML, like Gecko) Chrome/143.0.0.0 Safari/537.36', 'https://compro-logistic-laravel.test/livewire/update', 'https://compro-logistic-laravel.test/admin', '2026-01-11 00:34:13', '2026-01-11 00:34:13');
INSERT INTO `web_visits` (`id`, `ip_address`, `user_agent`, `url`, `referrer`, `created_at`, `updated_at`) VALUES
	(75, '127.0.0.1', 'Mozilla/5.0 (Windows NT 10.0; Win64; x64) AppleWebKit/537.36 (KHTML, like Gecko) Chrome/143.0.0.0 Safari/537.36', 'https://compro-logistic-laravel.test/livewire/update', 'https://compro-logistic-laravel.test/admin', '2026-01-11 00:47:13', '2026-01-11 00:47:13');
INSERT INTO `web_visits` (`id`, `ip_address`, `user_agent`, `url`, `referrer`, `created_at`, `updated_at`) VALUES
	(76, '127.0.0.1', 'Mozilla/5.0 (Windows NT 10.0; Win64; x64) AppleWebKit/537.36 (KHTML, like Gecko) Chrome/143.0.0.0 Safari/537.36', 'https://compro-logistic-laravel.test/livewire/update', 'https://compro-logistic-laravel.test/admin', '2026-01-11 00:57:13', '2026-01-11 00:57:13');
INSERT INTO `web_visits` (`id`, `ip_address`, `user_agent`, `url`, `referrer`, `created_at`, `updated_at`) VALUES
	(77, '127.0.0.1', 'Mozilla/5.0 (Windows NT 10.0; Win64; x64) AppleWebKit/537.36 (KHTML, like Gecko) Chrome/143.0.0.0 Safari/537.36', 'https://compro-logistic-laravel.test/livewire/update', 'https://compro-logistic-laravel.test/admin', '2026-01-11 01:07:13', '2026-01-11 01:07:13');
INSERT INTO `web_visits` (`id`, `ip_address`, `user_agent`, `url`, `referrer`, `created_at`, `updated_at`) VALUES
	(78, '127.0.0.1', 'Mozilla/5.0 (Windows NT 10.0; Win64; x64) AppleWebKit/537.36 (KHTML, like Gecko) Chrome/143.0.0.0 Safari/537.36', 'https://compro-logistic-laravel.test/livewire/update', 'https://compro-logistic-laravel.test/admin', '2026-01-11 01:18:13', '2026-01-11 01:18:13');
INSERT INTO `web_visits` (`id`, `ip_address`, `user_agent`, `url`, `referrer`, `created_at`, `updated_at`) VALUES
	(79, '127.0.0.1', 'Mozilla/5.0 (Windows NT 10.0; Win64; x64) AppleWebKit/537.36 (KHTML, like Gecko) Chrome/143.0.0.0 Safari/537.36', 'https://compro-logistic-laravel.test/livewire/update', 'https://compro-logistic-laravel.test/admin', '2026-01-11 01:30:13', '2026-01-11 01:30:13');
INSERT INTO `web_visits` (`id`, `ip_address`, `user_agent`, `url`, `referrer`, `created_at`, `updated_at`) VALUES
	(80, '127.0.0.1', 'Mozilla/5.0 (Windows NT 10.0; Win64; x64) AppleWebKit/537.36 (KHTML, like Gecko) Chrome/143.0.0.0 Safari/537.36', 'https://compro-logistic-laravel.test', 'https://compro-logistic-laravel.test/', '2026-01-11 23:26:39', '2026-01-11 23:26:39');

